INSERT INTO `city` (`id`, `city_name`, `distict`, `s_name`, `tehsil`, `h_city`, `pt_name`, `pt_no`, `pt_dob`) VALUES
(43915, 'Nichala Talab', '6', 'Rajasthan', 'Kherwara', '', '', '', '0000-00-00'),
(43916, 'Kanpur', '6', 'Rajasthan', 'Kherwara', '', '', '', '0000-00-00'),
(43917, 'Katarwas Khurd', '6', 'Rajasthan', 'Kherwara', '', '', '', '0000-00-00'),
(43918, 'Katvi', '6', 'Rajasthan', 'Kherwara', '', '', '', '0000-00-00'),
(43919, 'Choki', '6', 'Rajasthan', 'Kherwara', '', '', '', '0000-00-00'),
(43920, 'Katarwas Kalan', '6', 'Rajasthan', 'Kherwara', '', '', '', '0000-00-00'),
(43921, 'Gohawara', '6', 'Rajasthan', 'Kherwara', '', '', '', '0000-00-00'),
(43922, 'Gatrali', '6', 'Rajasthan', 'Kherwara', '', '', '', '0000-00-00'),
(43923, 'Leelri', '6', 'Rajasthan', 'Kherwara', '', '', '', '0000-00-00'),
(43924, 'Baroti Bheelan', '6', 'Rajasthan', 'Kherwara', '', '', '', '0000-00-00'),
(43925, 'Padra Nanki', '6', 'Rajasthan', 'Kherwara', '', '', '', '0000-00-00'),
(43926, 'Daiyawara', '6', 'Rajasthan', 'Kherwara', '', '', '', '0000-00-00'),
(43927, 'Bhairvi', '6', 'Rajasthan', 'Kherwara', '', '', '', '0000-00-00'),
(43928, 'Baroti Brahamanan', '6', 'Rajasthan', 'Kherwara', '', '', '', '0000-00-00'),
(43929, 'Ganthiya', '6', 'Rajasthan', 'Kherwara', '', '', '', '0000-00-00'),
(43930, 'Subedra', '6', 'Rajasthan', 'Kherwara', '', '', '', '0000-00-00'),
(43931, 'Kakardara', '6', 'Rajasthan', 'Kherwara', '', '', '', '0000-00-00'),
(43932, 'Bawal Wara', '6', 'Rajasthan', 'Kherwara', '', '', '', '0000-00-00'),
(43933, 'Samroon', '6', 'Rajasthan', 'Kherwara', '', '', '', '0000-00-00'),
(43934, 'Khunadari', '6', 'Rajasthan', 'Kherwara', '', '', '', '0000-00-00'),
(43935, 'Mokarwara', '6', 'Rajasthan', 'Kherwara', '', '', '', '0000-00-00'),
(43936, 'Kelawara Jageer', '6', 'Rajasthan', 'Kherwara', '', '', '', '0000-00-00'),
(43937, 'Khera Jageer', '6', 'Rajasthan', 'Kherwara', '', '', '', '0000-00-00'),
(43938, 'Bhunwal', '6', 'Rajasthan', 'Kherwara', '', '', '', '0000-00-00'),
(43939, 'Bhandara', '6', 'Rajasthan', 'Kherwara', '', '', '', '0000-00-00'),
(43940, 'Jhadol', '6', 'Rajasthan', 'Kherwara', '', '', '', '0000-00-00'),
(43941, 'Heeka', '6', 'Rajasthan', 'Kherwara', '', '', '', '0000-00-00'),
(43942, 'Kelawara (A)', '6', 'Rajasthan', 'Kherwara', '', '', '', '0000-00-00'),
(43943, 'Saroli', '6', 'Rajasthan', 'Kherwara', '', '', '', '0000-00-00'),
(43944, 'Prem Nagar', '6', 'Rajasthan', 'Kherwara', '', '', '', '0000-00-00'),
(43945, 'Vikas Nagar', '6', 'Rajasthan', 'Kherwara', '', '', '', '0000-00-00'),
(43946, 'Banibor', '6', 'Rajasthan', 'Kherwara', '', '', '', '0000-00-00'),
(43947, 'Jawas', '6', 'Rajasthan', 'Kherwara', '', '', '', '0000-00-00'),
(43948, 'Samiter', '6', 'Rajasthan', 'Kherwara', '', '', '', '0000-00-00'),
(43949, 'Suberi', '6', 'Rajasthan', 'Kherwara', '', '', '', '0000-00-00'),
(43950, 'Larathi', '6', 'Rajasthan', 'Kherwara', '', '', '', '0000-00-00'),
(43951, 'Amarpura', '6', 'Rajasthan', 'Kherwara', '', '', '', '0000-00-00'),
(43952, 'Palia', '6', 'Rajasthan', 'Kherwara', '', '', '', '0000-00-00'),
(43953, 'Laxmipura', '6', 'Rajasthan', 'Kherwara', '', '', '', '0000-00-00'),
(43954, 'Wadila', '6', 'Rajasthan', 'Kherwara', '', '', '', '0000-00-00'),
(43955, 'Mundwara (B)', '6', 'Rajasthan', 'Kherwara', '', '', '', '0000-00-00'),
(43956, 'Mundwara', '6', 'Rajasthan', 'Kherwara', '', '', '', '0000-00-00'),
(43957, 'Dharpur', '6', 'Rajasthan', 'Kherwara', '', '', '', '0000-00-00'),
(43958, 'Khaniyalimbhri', '6', 'Rajasthan', 'Kherwara', '', '', '', '0000-00-00'),
(43959, 'Lamba Panwa', '6', 'Rajasthan', 'Kherwara', '', '', '', '0000-00-00'),
(43960, 'Karchha Khurd', '6', 'Rajasthan', 'Kherwara', '', '', '', '0000-00-00'),
(43961, 'Kherwara Khalsa', '6', 'Rajasthan', 'Kherwara', '', '', '', '0000-00-00'),
(43962, 'Bagpur', '6', 'Rajasthan', 'Kherwara', '', '', '', '0000-00-00'),
(43963, 'Thobawara', '6', 'Rajasthan', 'Kherwara', '', '', '', '0000-00-00'),
(43964, 'Khokhadara', '6', 'Rajasthan', 'Kherwara', '', '', '', '0000-00-00'),
(43965, 'Parbeela', '6', 'Rajasthan', 'Kherwara', '', '', '', '0000-00-00'),
(43966, 'Khandiovri Uplaphala', '6', 'Rajasthan', 'Kherwara', '', '', '', '0000-00-00'),
(43967, 'Banjariya', '6', 'Rajasthan', 'Kherwara', '', '', '', '0000-00-00'),
(43968, 'Jhusawara', '6', 'Rajasthan', 'Kherwara', '', '', '', '0000-00-00'),
(43969, 'Palsiya', '6', 'Rajasthan', 'Kherwara', '', '', '', '0000-00-00'),
(43970, 'Mahudara', '6', 'Rajasthan', 'Kherwara', '', '', '', '0000-00-00'),
(43971, 'Karchha Kalan', '6', 'Rajasthan', 'Kherwara', '', '', '', '0000-00-00'),
(43972, 'Khetiyala', '6', 'Rajasthan', 'Kherwara', '', '', '', '0000-00-00'),
(43973, 'Jhunthri', '6', 'Rajasthan', 'Kherwara', '', '', '', '0000-00-00'),
(43974, 'Sareri', '6', 'Rajasthan', 'Kherwara', '', '', '', '0000-00-00'),
(43975, 'Kelawara (B)', '6', 'Rajasthan', 'Kherwara', '', '', '', '0000-00-00'),
(43976, 'Sulai', '6', 'Rajasthan', 'Kherwara', '', '', '', '0000-00-00'),
(43977, 'Nichlathooriya', '6', 'Rajasthan', 'Kherwara', '', '', '', '0000-00-00'),
(43978, 'Deonal Khurd', '6', 'Rajasthan', 'Kherwara', '', '', '', '0000-00-00'),
(43979, 'Deonal Kalan', '6', 'Rajasthan', 'Kherwara', '', '', '', '0000-00-00'),
(43980, 'Uplathooriya', '6', 'Rajasthan', 'Kherwara', '', '', '', '0000-00-00'),
(43981, 'Bhilwara', '6', 'Rajasthan', 'Kherwara', '', '', '', '0000-00-00'),
(43982, 'Rehta', '6', 'Rajasthan', 'Kherwara', '', '', '', '0000-00-00'),
(43983, 'Karmala', '6', 'Rajasthan', 'Kherwara', '', '', '', '0000-00-00'),
(43984, 'Chatol', '6', 'Rajasthan', 'Kherwara', '', '', '', '0000-00-00'),
(43985, 'Deri', '6', 'Rajasthan', 'Kherwara', '', '', '', '0000-00-00'),
(43986, 'Harsawara', '6', 'Rajasthan', 'Kherwara', '', '', '', '0000-00-00'),
(43987, 'Satsagra', '6', 'Rajasthan', 'Kherwara', '', '', '', '0000-00-00'),
(43988, 'Rani', '6', 'Rajasthan', 'Kherwara', '', '', '', '0000-00-00'),
(43989, 'Parmarwara', '6', 'Rajasthan', 'Kherwara', '', '', '', '0000-00-00'),
(43990, 'Kharadiwara', '6', 'Rajasthan', 'Kherwara', '', '', '', '0000-00-00'),
(43991, 'Pahara', '6', 'Rajasthan', 'Kherwara', '', '', '', '0000-00-00'),
(43992, 'Banjarwara', '6', 'Rajasthan', 'Kherwara', '', '', '', '0000-00-00'),
(43993, 'Karawara', '6', 'Rajasthan', 'Kherwara', '', '', '', '0000-00-00'),
(43994, 'Dechara', '6', 'Rajasthan', 'Kherwara', '', '', '', '0000-00-00'),
(43995, 'Bambala', '6', 'Rajasthan', 'Kherwara', '', '', '', '0000-00-00'),
(43996, 'Karawara Chak No. 1', '6', 'Rajasthan', 'Kherwara', '', '', '', '0000-00-00'),
(43997, 'Karawara Chak No. 5', '6', 'Rajasthan', 'Kherwara', '', '', '', '0000-00-00'),
(43998, 'Karawara Chak No. 3', '6', 'Rajasthan', 'Kherwara', '', '', '', '0000-00-00'),
(43999, 'Karawara Chak No. 4', '6', 'Rajasthan', 'Kherwara', '', '', '', '0000-00-00'),
(44000, 'Karawara Chak No. 2', '6', 'Rajasthan', 'Kherwara', '', '', '', '0000-00-00'),
(44001, 'Lachhmanpura', '6', 'Rajasthan', 'Kherwara', '', '', '', '0000-00-00'),
(44002, 'Bao', '6', 'Rajasthan', 'Kherwara', '', '', '', '0000-00-00'),
(44003, 'Dabaycha', '6', 'Rajasthan', 'Kherwara', '', '', '', '0000-00-00'),
(44004, 'Kharkaya', '6', 'Rajasthan', 'Kherwara', '', '', '', '0000-00-00'),
(44005, 'Boslathi', '6', 'Rajasthan', 'Kherwara', '', '', '', '0000-00-00'),
(44006, 'Bhomatawara', '6', 'Rajasthan', 'Kherwara', '', '', '', '0000-00-00'),
(44007, 'Juwarwa', '6', 'Rajasthan', 'Kherwara', '', '', '', '0000-00-00'),
(44008, 'Bhagorwara', '6', 'Rajasthan', 'Kherwara', '', '', '', '0000-00-00'),
(44009, 'Bhagorpara', '6', 'Rajasthan', 'Kherwara', '', '', '', '0000-00-00'),
(44010, 'Cheekli', '6', 'Rajasthan', 'Kherwara', '', '', '', '0000-00-00'),
(44011, 'Gurha', '6', 'Rajasthan', 'Kherwara', '', '', '', '0000-00-00'),
(44012, 'Jhajhri', '6', 'Rajasthan', 'Kherwara', '', '', '', '0000-00-00'),
(44013, 'Kadiya Nala', '6', 'Rajasthan', 'Kherwara', '', '', '', '0000-00-00'),
(44014, 'Demat', '6', 'Rajasthan', 'Kherwara', '', '', '', '0000-00-00'),
(44015, 'Adaghar', '6', 'Rajasthan', 'Kherwara', '', '', '', '0000-00-00'),
(44016, 'Babari', '6', 'Rajasthan', 'Kherwara', '', '', '', '0000-00-00'),
(44017, 'Gaduniya', '6', 'Rajasthan', 'Kherwara', '', '', '', '0000-00-00'),
(44018, 'Bhanwa', '6', 'Rajasthan', 'Kherwara', '', '', '', '0000-00-00'),
(44019, 'Patiya', '6', 'Rajasthan', 'Kherwara', '', '', '', '0000-00-00'),
(44020, 'Kanpur', '6', 'Rajasthan', 'Kherwara', '', '', '', '0000-00-00'),
(44021, 'Rethda', '6', 'Rajasthan', 'Kherwara', '', '', '', '0000-00-00'),
(44022, 'Rajnagar', '6', 'Rajasthan', 'Kherwara', '', '', '', '0000-00-00'),
(44023, 'Baleecha', '6', 'Rajasthan', 'Kherwara', '', '', '', '0000-00-00'),
(44024, 'Ganganagar', '6', 'Rajasthan', 'Kherwara', '', '', '', '0000-00-00'),
(44025, 'Kheraghati', '6', 'Rajasthan', 'Kherwara', '', '', '', '0000-00-00'),
(44026, 'Maliphala', '6', 'Rajasthan', 'Kherwara', '', '', '', '0000-00-00'),
(44027, 'Kakra Doongra', '6', 'Rajasthan', 'Kherwara', '', '', '', '0000-00-00'),
(44028, 'Kuvediya', '6', 'Rajasthan', 'Kherwara', '', '', '', '0000-00-00'),
(44029, 'Jayra', '6', 'Rajasthan', 'Kherwara', '', '', '', '0000-00-00'),
(44030, 'Sukhbaori', '6', 'Rajasthan', 'Kherwara', '', '', '', '0000-00-00'),
(44031, 'Kanbai Chak No. 2', '6', 'Rajasthan', 'Kherwara', '', '', '', '0000-00-00'),
(44032, 'Kanbai Chak No. 1', '6', 'Rajasthan', 'Kherwara', '', '', '', '0000-00-00'),
(44033, 'Kanbai', '6', 'Rajasthan', 'Kherwara', '', '', '', '0000-00-00'),
(44034, 'Sukhapara', '6', 'Rajasthan', 'Kherwara', '', '', '', '0000-00-00'),
(44035, 'Maliphala', '6', 'Rajasthan', 'Kherwara', '', '', '', '0000-00-00'),
(44036, 'Mahuwal', '6', 'Rajasthan', 'Kherwara', '', '', '', '0000-00-00'),
(44037, 'Sarera', '6', 'Rajasthan', 'Kherwara', '', '', '', '0000-00-00'),
(44038, 'Chandpura Narana', '6', 'Rajasthan', 'Kherwara', '', '', '', '0000-00-00'),
(44039, 'Bhagorphala', '6', 'Rajasthan', 'Kherwara', '', '', '', '0000-00-00'),
(44040, 'Bichala Phala', '6', 'Rajasthan', 'Kherwara', '', '', '', '0000-00-00'),
(44041, 'Mahuwal (B)', '6', 'Rajasthan', 'Kherwara', '', '', '', '0000-00-00'),
(44042, 'Bhatariya', '6', 'Rajasthan', 'Kherwara', '', '', '', '0000-00-00'),
(44043, 'Anela', '6', 'Rajasthan', 'Kherwara', '', '', '', '0000-00-00'),
(44044, 'Sukhlal', '6', 'Rajasthan', 'Kherwara', '', '', '', '0000-00-00'),
(44045, 'Peepola', '6', 'Rajasthan', 'Kherwara', '', '', '', '0000-00-00'),
(44046, 'Hathiya', '6', 'Rajasthan', 'Kherwara', '', '', '', '0000-00-00'),
(44047, 'Itwa', '6', 'Rajasthan', 'Kherwara', '', '', '', '0000-00-00'),
(44048, 'Ghati', '6', 'Rajasthan', 'Kherwara', '', '', '', '0000-00-00'),
(44049, 'Belwa', '6', 'Rajasthan', 'Kherwara', '', '', '', '0000-00-00'),
(44050, 'Govinddeo', '6', 'Rajasthan', 'Kherwara', '', '', '', '0000-00-00'),
(44051, 'Nagar', '6', 'Rajasthan', 'Kherwara', '', '', '', '0000-00-00'),
(44052, 'Ranawara', '6', 'Rajasthan', 'Kherwara', '', '', '', '0000-00-00'),
(44053, 'Kharadiwara', '6', 'Rajasthan', 'Kherwara', '', '', '', '0000-00-00'),
(44054, 'Katar', '6', 'Rajasthan', 'Kherwara', '', '', '', '0000-00-00'),
(44055, 'Thana', '6', 'Rajasthan', 'Kherwara', '', '', '', '0000-00-00'),
(44056, 'Asariwara', '6', 'Rajasthan', 'Kherwara', '', '', '', '0000-00-00'),
(44057, 'Damorwara', '6', 'Rajasthan', 'Kherwara', '', '', '', '0000-00-00'),
(44058, 'Nayagaon', '6', 'Rajasthan', 'Kherwara', '', '', '', '0000-00-00'),
(44059, 'Maheeda', '6', 'Rajasthan', 'Kherwara', '', '', '', '0000-00-00'),
(44060, 'Asariwara', '6', 'Rajasthan', 'Kherwara', '', '', '', '0000-00-00'),
(44061, 'Chitaura', '6', 'Rajasthan', 'Kherwara', '', '', '', '0000-00-00'),
(44062, 'Kala Bhata', '6', 'Rajasthan', 'Kherwara', '', '', '', '0000-00-00'),
(44063, 'Dhanol', '6', 'Rajasthan', 'Kherwara', '', '', '', '0000-00-00'),
(44064, 'Chhani', '6', 'Rajasthan', 'Kherwara', '', '', '', '0000-00-00'),
(44065, 'Meethimahuri', '6', 'Rajasthan', 'Kherwara', '', '', '', '0000-00-00'),
(44066, 'Pograkhurd', '6', 'Rajasthan', 'Kherwara', '', '', '', '0000-00-00'),
(44067, 'Robiya', '6', 'Rajasthan', 'Kherwara', '', '', '', '0000-00-00'),
(44068, 'Arsorawara', '6', 'Rajasthan', 'Kherwara', '', '', '', '0000-00-00'),
(44069, 'Modiwasa', '6', 'Rajasthan', 'Kherwara', '', '', '', '0000-00-00'),
(44070, 'Salala', '6', 'Rajasthan', 'Kherwara', '', '', '', '0000-00-00'),
(44071, 'Jaowali', '6', 'Rajasthan', 'Kherwara', '', '', '', '0000-00-00'),
(44072, 'Bhanda', '6', 'Rajasthan', 'Kherwara', '', '', '', '0000-00-00'),
(44073, 'Khutwara', '6', 'Rajasthan', 'Kherwara', '', '', '', '0000-00-00'),
(44074, 'Ghogharwara', '6', 'Rajasthan', 'Kherwara', '', '', '', '0000-00-00'),
(44075, 'Bhatki', '6', 'Rajasthan', 'Kherwara', '', '', '', '0000-00-00'),
(44076, 'Phutala', '6', 'Rajasthan', 'Kherwara', '', '', '', '0000-00-00'),
(44077, 'Bayri', '6', 'Rajasthan', 'Kherwara', '', '', '', '0000-00-00'),
(44078, 'Sundara', '6', 'Rajasthan', 'Kherwara', '', '', '', '0000-00-00'),
(44079, 'Lakora', '6', 'Rajasthan', 'Kherwara', '', '', '', '0000-00-00'),
(44080, 'Katewari', '6', 'Rajasthan', 'Kherwara', '', '', '', '0000-00-00'),
(44081, 'Pograkalan', '6', 'Rajasthan', 'Kherwara', '', '', '', '0000-00-00'),
(44082, 'Mothli', '6', 'Rajasthan', 'Kherwara', '', '', '', '0000-00-00'),
(44083, 'Badla', '6', 'Rajasthan', 'Kherwara', '', '', '', '0000-00-00'),
(44084, 'Kandal', '6', 'Rajasthan', 'Kherwara', '', '', '', '0000-00-00'),
(44085, 'Karnauwa', '6', 'Rajasthan', 'Kherwara', '', '', '', '0000-00-00'),
(44086, 'Khanmeen', '6', 'Rajasthan', 'Kherwara', '', '', '', '0000-00-00'),
(44087, 'Rojari Phala', '6', 'Rajasthan', 'Kherwara', '', '', '', '0000-00-00'),
(44088, 'Khandiovri Nichla Phala', '6', 'Rajasthan', 'Kherwara', '', '', '', '0000-00-00'),
(44089, 'Kalakhet', '6', 'Rajasthan', 'Kherwara', '', '', '', '0000-00-00'),
(44090, 'Kharadi Phala', '6', 'Rajasthan', 'Kherwara', '', '', '', '0000-00-00'),
(44091, 'Kherwara Chhaoni (CT)', '6', 'Rajasthan', 'Kherwara', '', '', '', '0000-00-00'),
(44092, 'Pratapgarh', '36', 'Rajasthan', 'Pratapgarh', '', '', '', '0000-00-00'),
(44093, 'Dhariawad', '36', 'Rajasthan', 'Dhariawad', '', '', '', '0000-00-00'),
(44094, 'Ambareti', '36', 'Rajasthan', 'Dhariawad', '', '', '', '0000-00-00'),
(44095, 'Rati Kankar', '36', 'Rajasthan', 'Dhariawad', '', '', '', '0000-00-00'),
(44096, 'Gagri', '36', 'Rajasthan', 'Dhariawad', '', '', '', '0000-00-00'),
(44097, 'Jharna', '36', 'Rajasthan', 'Dhariawad', '', '', '', '0000-00-00'),
(44098, 'Velvi', '36', 'Rajasthan', 'Dhariawad', '', '', '', '0000-00-00'),
(44099, 'Nal', '36', 'Rajasthan', 'Dhariawad', '', '', '', '0000-00-00'),
(44100, 'Bildiya', '36', 'Rajasthan', 'Dhariawad', '', '', '', '0000-00-00'),
(44101, 'Dataliya', '36', 'Rajasthan', 'Dhariawad', '', '', '', '0000-00-00'),
(44102, 'Keli', '36', 'Rajasthan', 'Dhariawad', '', '', '', '0000-00-00'),
(44103, 'Pahara', '36', 'Rajasthan', 'Dhariawad', '', '', '', '0000-00-00'),
(44104, 'Narwali', '36', 'Rajasthan', 'Dhariawad', '', '', '', '0000-00-00'),
(44105, 'Chari', '36', 'Rajasthan', 'Dhariawad', '', '', '', '0000-00-00'),
(44106, 'Khokhri Khurd', '36', 'Rajasthan', 'Dhariawad', '', '', '', '0000-00-00'),
(44107, 'Khokhri Kalan', '36', 'Rajasthan', 'Dhariawad', '', '', '', '0000-00-00'),
(44108, 'Parvariya Sag', '36', 'Rajasthan', 'Dhariawad', '', '', '', '0000-00-00'),
(44109, 'Boraj', '36', 'Rajasthan', 'Dhariawad', '', '', '', '0000-00-00'),
(44110, 'Jeewatalab', '36', 'Rajasthan', 'Dhariawad', '', '', '', '0000-00-00'),
(44111, 'Soldeo', '36', 'Rajasthan', 'Dhariawad', '', '', '', '0000-00-00'),
(44112, 'Bhanawata', '36', 'Rajasthan', 'Dhariawad', '', '', '', '0000-00-00'),
(44113, 'Sata Kui', '36', 'Rajasthan', 'Dhariawad', '', '', '', '0000-00-00'),
(44114, 'Bhojpur', '36', 'Rajasthan', 'Dhariawad', '', '', '', '0000-00-00'),
(44115, 'Jaya Khera', '36', 'Rajasthan', 'Dhariawad', '', '', '', '0000-00-00'),
(44116, 'Bheema Gaon', '36', 'Rajasthan', 'Dhariawad', '', '', '', '0000-00-00'),
(44117, 'Arampura', '36', 'Rajasthan', 'Dhariawad', '', '', '', '0000-00-00'),
(44118, 'Pancha Gurha', '36', 'Rajasthan', 'Dhariawad', '', '', '', '0000-00-00'),
(44119, 'Mundla', '36', 'Rajasthan', 'Dhariawad', '', '', '', '0000-00-00'),
(44120, 'Chari (Gadwas)', '36', 'Rajasthan', 'Dhariawad', '', '', '', '0000-00-00'),
(44121, 'Amba A""', '36', 'Rajasthan', 'Dhariawad', '', '', '', '0000-00-00'),
(44122, 'Amba B""', '36', 'Rajasthan', 'Dhariawad', '', '', '', '0000-00-00'),
(44123, 'Sathpur', '36', 'Rajasthan', 'Dhariawad', '', '', '', '0000-00-00'),
(44124, 'Chitoriya Kalan', '36', 'Rajasthan', 'Dhariawad', '', '', '', '0000-00-00'),
(44125, 'Dholiya', '36', 'Rajasthan', 'Dhariawad', '', '', '', '0000-00-00'),
(44126, 'Dabi Khera', '36', 'Rajasthan', 'Dhariawad', '', '', '', '0000-00-00'),
(44127, 'Das Ka Guda', '36', 'Rajasthan', 'Dhariawad', '', '', '', '0000-00-00'),
(44128, 'Kalyanpura', '36', 'Rajasthan', 'Dhariawad', '', '', '', '0000-00-00'),
(44129, 'Muniya', '36', 'Rajasthan', 'Dhariawad', '', '', '', '0000-00-00'),
(44130, 'Udaibhanpura', '36', 'Rajasthan', 'Dhariawad', '', '', '', '0000-00-00'),
(44131, 'Payra', '36', 'Rajasthan', 'Dhariawad', '', '', '', '0000-00-00'),
(44132, 'Vela', '36', 'Rajasthan', 'Dhariawad', '', '', '', '0000-00-00'),
(44133, 'Keshariyawad', '36', 'Rajasthan', 'Dhariawad', '', '', '', '0000-00-00'),
(44134, 'Shivpuri', '36', 'Rajasthan', 'Dhariawad', '', '', '', '0000-00-00'),
(44135, 'Ramnagar', '36', 'Rajasthan', 'Dhariawad', '', '', '', '0000-00-00'),
(44136, 'Garda', '36', 'Rajasthan', 'Dhariawad', '', '', '', '0000-00-00'),
(44137, 'Raipur', '36', 'Rajasthan', 'Dhariawad', '', '', '', '0000-00-00'),
(44138, 'Bikroon', '36', 'Rajasthan', 'Dhariawad', '', '', '', '0000-00-00'),
(44139, 'Suyakhera', '36', 'Rajasthan', 'Dhariawad', '', '', '', '0000-00-00'),
(44140, 'Nathiya Khera', '36', 'Rajasthan', 'Dhariawad', '', '', '', '0000-00-00'),
(44141, 'Chandana Gaon', '36', 'Rajasthan', 'Dhariawad', '', '', '', '0000-00-00'),
(44142, 'Nalwa', '36', 'Rajasthan', 'Dhariawad', '', '', '', '0000-00-00'),
(44143, 'Chauhanon Ka Khera', '36', 'Rajasthan', 'Dhariawad', '', '', '', '0000-00-00'),
(44144, 'Bhagton Ka Gurha', '36', 'Rajasthan', 'Dhariawad', '', '', '', '0000-00-00'),
(44145, 'Gadriya Was', '36', 'Rajasthan', 'Dhariawad', '', '', '', '0000-00-00'),
(44146, 'Jawahar Nagar', '36', 'Rajasthan', 'Dhariawad', '', '', '', '0000-00-00'),
(44147, 'Gadwas', '36', 'Rajasthan', 'Dhariawad', '', '', '', '0000-00-00'),
(44148, 'Damami Khera', '36', 'Rajasthan', 'Dhariawad', '', '', '', '0000-00-00'),
(44149, 'Ganga Gurha', '36', 'Rajasthan', 'Dhariawad', '', '', '', '0000-00-00'),
(44150, 'Mundkosiya', '36', 'Rajasthan', 'Dhariawad', '', '', '', '0000-00-00'),
(44151, 'Bilka Bas', '36', 'Rajasthan', 'Dhariawad', '', '', '', '0000-00-00'),
(44152, 'Shri Gurha', '36', 'Rajasthan', 'Dhariawad', '', '', '', '0000-00-00'),
(44153, 'Nagaliya Khurd', '36', 'Rajasthan', 'Dhariawad', '', '', '', '0000-00-00'),
(44154, 'Nagaliya Kalan', '36', 'Rajasthan', 'Dhariawad', '', '', '', '0000-00-00'),
(44155, 'Mand Kala', '36', 'Rajasthan', 'Dhariawad', '', '', '', '0000-00-00'),
(44156, 'Karmal Kalan', '36', 'Rajasthan', 'Dhariawad', '', '', '', '0000-00-00'),
(44157, 'Bhoomniya', '36', 'Rajasthan', 'Dhariawad', '', '', '', '0000-00-00'),
(44158, 'Bhandla', '36', 'Rajasthan', 'Dhariawad', '', '', '', '0000-00-00'),
(44159, 'Deoliya', '36', 'Rajasthan', 'Dhariawad', '', '', '', '0000-00-00'),
(44160, 'Shehpura', '36', 'Rajasthan', 'Dhariawad', '', '', '', '0000-00-00'),
(44161, 'Hirawas', '36', 'Rajasthan', 'Dhariawad', '', '', '', '0000-00-00'),
(44162, 'Reenchhri', '36', 'Rajasthan', 'Dhariawad', '', '', '', '0000-00-00'),
(44163, 'Kesharpura', '36', 'Rajasthan', 'Dhariawad', '', '', '', '0000-00-00'),
(44164, 'Sakhi Khera', '36', 'Rajasthan', 'Dhariawad', '', '', '', '0000-00-00'),
(44165, 'Mau', '36', 'Rajasthan', 'Dhariawad', '', '', '', '0000-00-00'),
(44166, 'Waliseema', '36', 'Rajasthan', 'Dhariawad', '', '', '', '0000-00-00'),
(44167, 'Bamangamra', '36', 'Rajasthan', 'Dhariawad', '', '', '', '0000-00-00'),
(44168, 'Bhatwara', '36', 'Rajasthan', 'Dhariawad', '', '', '', '0000-00-00'),
(44169, 'Sawala', '36', 'Rajasthan', 'Dhariawad', '', '', '', '0000-00-00'),
(44170, 'Parel', '36', 'Rajasthan', 'Dhariawad', '', '', '', '0000-00-00'),
(44171, 'Mana Gaon', '36', 'Rajasthan', 'Dhariawad', '', '', '', '0000-00-00'),
(44172, 'Charniya Kalikankar', '36', 'Rajasthan', 'Dhariawad', '', '', '', '0000-00-00'),
(44173, 'Talaya Limri', '36', 'Rajasthan', 'Dhariawad', '', '', '', '0000-00-00'),
(44174, 'Jhadoli', '36', 'Rajasthan', 'Dhariawad', '', '', '', '0000-00-00'),
(44175, 'Dara Gaon', '36', 'Rajasthan', 'Dhariawad', '', '', '', '0000-00-00'),
(44176, 'Padla Burjon Ka', '36', 'Rajasthan', 'Dhariawad', '', '', '', '0000-00-00'),
(44177, 'Padla Baori', '36', 'Rajasthan', 'Dhariawad', '', '', '', '0000-00-00'),
(44178, 'Talapur', '36', 'Rajasthan', 'Dhariawad', '', '', '', '0000-00-00'),
(44179, 'Lohagarh', '36', 'Rajasthan', 'Dhariawad', '', '', '', '0000-00-00'),
(44180, 'Umarwaniya', '36', 'Rajasthan', 'Dhariawad', '', '', '', '0000-00-00'),
(44181, 'Mahuri Khera', '36', 'Rajasthan', 'Dhariawad', '', '', '', '0000-00-00'),
(44182, 'Deola', '36', 'Rajasthan', 'Dhariawad', '', '', '', '0000-00-00'),
(44183, 'Ambao', '36', 'Rajasthan', 'Dhariawad', '', '', '', '0000-00-00'),
(44184, 'Kaparwas', '36', 'Rajasthan', 'Dhariawad', '', '', '', '0000-00-00'),
(44185, 'Hada Khera', '36', 'Rajasthan', 'Dhariawad', '', '', '', '0000-00-00'),
(44186, 'Limba Khera', '36', 'Rajasthan', 'Dhariawad', '', '', '', '0000-00-00'),
(44187, 'Nada Phala', '36', 'Rajasthan', 'Dhariawad', '', '', '', '0000-00-00'),
(44188, 'Gopal Pura', '36', 'Rajasthan', 'Dhariawad', '', '', '', '0000-00-00'),
(44189, 'Karseliya', '36', 'Rajasthan', 'Dhariawad', '', '', '', '0000-00-00'),
(44190, 'Sagwariya', '36', 'Rajasthan', 'Dhariawad', '', '', '', '0000-00-00'),
(44191, 'Rathoron Ka Semaliya', '36', 'Rajasthan', 'Dhariawad', '', '', '', '0000-00-00'),
(44192, 'Eklingji Ka Semaliya', '36', 'Rajasthan', 'Dhariawad', '', '', '', '0000-00-00'),
(44193, 'Undavela', '36', 'Rajasthan', 'Dhariawad', '', '', '', '0000-00-00'),
(44194, 'Chinttauriya Khurd', '36', 'Rajasthan', 'Dhariawad', '', '', '', '0000-00-00'),
(44195, 'Bajpura', '36', 'Rajasthan', 'Dhariawad', '', '', '', '0000-00-00'),
(44196, 'Karmal Khurd', '36', 'Rajasthan', 'Dhariawad', '', '', '', '0000-00-00'),
(44197, 'Vijaniya', '36', 'Rajasthan', 'Dhariawad', '', '', '', '0000-00-00'),
(44198, 'Khoonta', '36', 'Rajasthan', 'Dhariawad', '', '', '', '0000-00-00'),
(44199, 'Natela', '36', 'Rajasthan', 'Dhariawad', '', '', '', '0000-00-00'),
(44200, 'Rathoron Ka Khera', '36', 'Rajasthan', 'Dhariawad', '', '', '', '0000-00-00'),
(44201, 'Arbara', '36', 'Rajasthan', 'Dhariawad', '', '', '', '0000-00-00'),
(44202, 'Mandvi', '36', 'Rajasthan', 'Dhariawad', '', '', '', '0000-00-00'),
(44203, 'Narsinghpura', '36', 'Rajasthan', 'Dhariawad', '', '', '', '0000-00-00'),
(44204, 'Lodi Mandvi', '36', 'Rajasthan', 'Dhariawad', '', '', '', '0000-00-00'),
(44205, 'Billikhera', '36', 'Rajasthan', 'Dhariawad', '', '', '', '0000-00-00'),
(44206, 'Akya Khera', '36', 'Rajasthan', 'Dhariawad', '', '', '', '0000-00-00'),
(44207, 'Hirawaton Ka Akya', '36', 'Rajasthan', 'Dhariawad', '', '', '', '0000-00-00'),
(44208, 'Manpur', '36', 'Rajasthan', 'Dhariawad', '', '', '', '0000-00-00'),
(44209, 'Antrol', '36', 'Rajasthan', 'Dhariawad', '', '', '', '0000-00-00'),
(44210, 'Ultan', '36', 'Rajasthan', 'Dhariawad', '', '', '', '0000-00-00'),
(44211, 'Bharkhundi', '36', 'Rajasthan', 'Dhariawad', '', '', '', '0000-00-00'),
(44212, 'Khora Vela', '36', 'Rajasthan', 'Dhariawad', '', '', '', '0000-00-00'),
(44213, 'Bhunga Bhat', '36', 'Rajasthan', 'Dhariawad', '', '', '', '0000-00-00'),
(44214, 'Dholi Magri', '36', 'Rajasthan', 'Dhariawad', '', '', '', '0000-00-00'),
(44215, 'Parsola', '36', 'Rajasthan', 'Dhariawad', '', '', '', '0000-00-00'),
(44216, 'Mokhampura', '36', 'Rajasthan', 'Dhariawad', '', '', '', '0000-00-00'),
(44217, 'Chayni', '36', 'Rajasthan', 'Dhariawad', '', '', '', '0000-00-00'),
(44218, 'Charpotiya', '36', 'Rajasthan', 'Dhariawad', '', '', '', '0000-00-00'),
(44219, 'Ghanera', '36', 'Rajasthan', 'Dhariawad', '', '', '', '0000-00-00'),
(44220, 'Gurha', '36', 'Rajasthan', 'Dhariawad', '', '', '', '0000-00-00'),
(44221, 'Limberwara', '36', 'Rajasthan', 'Dhariawad', '', '', '', '0000-00-00'),
(44222, 'Ant', '36', 'Rajasthan', 'Dhariawad', '', '', '', '0000-00-00'),
(44223, 'Sewanagar', '36', 'Rajasthan', 'Dhariawad', '', '', '', '0000-00-00'),
(44224, 'Miyala', '36', 'Rajasthan', 'Dhariawad', '', '', '', '0000-00-00'),
(44225, 'Vagatpura', '36', 'Rajasthan', 'Dhariawad', '', '', '', '0000-00-00'),
(44226, 'Mugana', '36', 'Rajasthan', 'Dhariawad', '', '', '', '0000-00-00'),
(44227, 'Ghatela', '36', 'Rajasthan', 'Dhariawad', '', '', '', '0000-00-00'),
(44228, 'Samaota', '36', 'Rajasthan', 'Dhariawad', '', '', '', '0000-00-00'),
(44229, 'Aad', '36', 'Rajasthan', 'Dhariawad', '', '', '', '0000-00-00'),
(44230, 'Borda', '36', 'Rajasthan', 'Dhariawad', '', '', '', '0000-00-00'),
(44231, 'Jaglawada', '36', 'Rajasthan', 'Dhariawad', '', '', '', '0000-00-00'),
(44232, 'Nar', '36', 'Rajasthan', 'Dhariawad', '', '', '', '0000-00-00'),
(44233, 'Amlikhera', '36', 'Rajasthan', 'Dhariawad', '', '', '', '0000-00-00'),
(44234, 'Lodiya', '36', 'Rajasthan', 'Dhariawad', '', '', '', '0000-00-00'),
(44235, 'Bhagadera', '36', 'Rajasthan', 'Dhariawad', '', '', '', '0000-00-00'),
(44236, 'Dolpura', '36', 'Rajasthan', 'Dhariawad', '', '', '', '0000-00-00'),
(44237, 'Kheri', '36', 'Rajasthan', 'Dhariawad', '', '', '', '0000-00-00'),
(44238, 'Mangrol', '36', 'Rajasthan', 'Dhariawad', '', '', '', '0000-00-00'),
(44239, 'Kotri', '36', 'Rajasthan', 'Dhariawad', '', '', '', '0000-00-00'),
(44240, 'Suraji Ka Khera', '36', 'Rajasthan', 'Dhariawad', '', '', '', '0000-00-00'),
(44241, 'Juna Boriya', '36', 'Rajasthan', 'Dhariawad', '', '', '', '0000-00-00'),
(44242, 'Naya Boriya', '36', 'Rajasthan', 'Dhariawad', '', '', '', '0000-00-00'),
(44243, 'Kumari', '36', 'Rajasthan', 'Dhariawad', '', '', '', '0000-00-00'),
(44244, 'Hajari Gurha', '36', 'Rajasthan', 'Dhariawad', '', '', '', '0000-00-00'),
(44245, 'Gothra', '36', 'Rajasthan', 'Dhariawad', '', '', '', '0000-00-00'),
(44246, 'Bawrikhera', '36', 'Rajasthan', 'Dhariawad', '', '', '', '0000-00-00'),
(44247, 'Leekniya', '36', 'Rajasthan', 'Dhariawad', '', '', '', '0000-00-00'),
(44248, 'Shakarkand', '36', 'Rajasthan', 'Dhariawad', '', '', '', '0000-00-00'),
(44249, 'Chunpa', '36', 'Rajasthan', 'Dhariawad', '', '', '', '0000-00-00'),
(44250, 'Deeppura', '36', 'Rajasthan', 'Dhariawad', '', '', '', '0000-00-00'),
(44251, 'Vajon Ka Deeppura', '36', 'Rajasthan', 'Dhariawad', '', '', '', '0000-00-00'),
(44252, 'Ujar Khera', '36', 'Rajasthan', 'Dhariawad', '', '', '', '0000-00-00'),
(44253, 'Sihar', '36', 'Rajasthan', 'Dhariawad', '', '', '', '0000-00-00'),
(44254, 'Mahuri Khera', '36', 'Rajasthan', 'Dhariawad', '', '', '', '0000-00-00'),
(44255, 'Nala', '36', 'Rajasthan', 'Dhariawad', '', '', '', '0000-00-00'),
(44256, 'Jelda', '36', 'Rajasthan', 'Dhariawad', '', '', '', '0000-00-00'),
(44257, 'Bhaga Gaon', '36', 'Rajasthan', 'Dhariawad', '', '', '', '0000-00-00'),
(44258, 'Tihawalon Ka Phala', '36', 'Rajasthan', 'Dhariawad', '', '', '', '0000-00-00'),
(44259, 'Peepliya', '36', 'Rajasthan', 'Dhariawad', '', '', '', '0000-00-00'),
(44260, 'Raniya', '36', 'Rajasthan', 'Dhariawad', '', '', '', '0000-00-00'),
(44261, 'Dhariawad (CT)', '36', 'Rajasthan', 'Dhariawad', '', '', '', '0000-00-00'),
(44262, 'Peepalkhoont', '36', 'Rajasthan', 'Peepalkhoont', '', '', '', '0000-00-00'),
(44263, 'Sobaniya', '36', 'Rajasthan', 'Peepalkhoont', '', '', '', '0000-00-00'),
(44264, 'Jethliya', '36', 'Rajasthan', 'Peepalkhoont', '', '', '', '0000-00-00'),
(44265, 'Lamba Dabra', '36', 'Rajasthan', 'Peepalkhoont', '', '', '', '0000-00-00'),
(44266, 'Peepal Khoont', '36', 'Rajasthan', 'Peepalkhoont', '', '', '', '0000-00-00'),
(44267, 'Danta', '36', 'Rajasthan', 'Peepalkhoont', '', '', '', '0000-00-00'),
(44268, 'Bori', '36', 'Rajasthan', 'Peepalkhoont', '', '', '', '0000-00-00'),
(44269, 'Dharna', '36', 'Rajasthan', 'Peepalkhoont', '', '', '', '0000-00-00'),
(44270, 'Morwaniya', '36', 'Rajasthan', 'Peepalkhoont', '', '', '', '0000-00-00'),
(44271, 'Bakhtor', '36', 'Rajasthan', 'Peepalkhoont', '', '', '', '0000-00-00'),
(44272, 'Naroo Ka Khera', '36', 'Rajasthan', 'Peepalkhoont', '', '', '', '0000-00-00'),
(44273, 'Ghantali', '36', 'Rajasthan', 'Peepalkhoont', '', '', '', '0000-00-00'),
(44274, 'Chhari', '36', 'Rajasthan', 'Peepalkhoont', '', '', '', '0000-00-00'),
(44275, 'Panthol', '36', 'Rajasthan', 'Peepalkhoont', '', '', '', '0000-00-00'),
(44276, 'Bor Khera', '36', 'Rajasthan', 'Peepalkhoont', '', '', '', '0000-00-00'),
(44277, 'Sodalpur', '36', 'Rajasthan', 'Peepalkhoont', '', '', '', '0000-00-00'),
(44278, 'Mundi Khera', '36', 'Rajasthan', 'Peepalkhoont', '', '', '', '0000-00-00'),
(44279, 'Himoton Ki Bhan', '36', 'Rajasthan', 'Peepalkhoont', '', '', '', '0000-00-00'),
(44280, 'Kaliya Kund', '36', 'Rajasthan', 'Peepalkhoont', '', '', '', '0000-00-00'),
(44281, 'Renda', '36', 'Rajasthan', 'Peepalkhoont', '', '', '', '0000-00-00'),
(44282, 'Kataron Ka Khera - B', '36', 'Rajasthan', 'Peepalkhoont', '', '', '', '0000-00-00'),
(44283, 'Kataron Ka Khera - A', '36', 'Rajasthan', 'Peepalkhoont', '', '', '', '0000-00-00'),
(44284, 'Surajpura', '36', 'Rajasthan', 'Peepalkhoont', '', '', '', '0000-00-00'),
(44285, 'Semaliya', '36', 'Rajasthan', 'Peepalkhoont', '', '', '', '0000-00-00'),
(44286, 'Relan', '36', 'Rajasthan', 'Peepalkhoont', '', '', '', '0000-00-00'),
(44287, 'Kalyanpura', '36', 'Rajasthan', 'Peepalkhoont', '', '', '', '0000-00-00'),
(44288, 'Bakhatpura', '36', 'Rajasthan', 'Peepalkhoont', '', '', '', '0000-00-00'),
(44289, 'Mata Ka Bara', '36', 'Rajasthan', 'Peepalkhoont', '', '', '', '0000-00-00'),
(44290, 'Kundal Ganawa', '36', 'Rajasthan', 'Peepalkhoont', '', '', '', '0000-00-00'),
(44291, 'Bala Khera', '36', 'Rajasthan', 'Peepalkhoont', '', '', '', '0000-00-00'),
(44292, 'Gota Magri', '36', 'Rajasthan', 'Peepalkhoont', '', '', '', '0000-00-00'),
(44293, 'Kundal Himota', '36', 'Rajasthan', 'Peepalkhoont', '', '', '', '0000-00-00'),
(44294, 'Kataro Ki Bhain', '36', 'Rajasthan', 'Peepalkhoont', '', '', '', '0000-00-00'),
(44295, 'Kushalpura', '36', 'Rajasthan', 'Peepalkhoont', '', '', '', '0000-00-00'),
(44296, 'Khankhari Khera', '36', 'Rajasthan', 'Peepalkhoont', '', '', '', '0000-00-00'),
(44297, 'Thikariya', '36', 'Rajasthan', 'Peepalkhoont', '', '', '', '0000-00-00'),
(44298, 'Chooli', '36', 'Rajasthan', 'Peepalkhoont', '', '', '', '0000-00-00'),
(44299, 'Kesharpura', '36', 'Rajasthan', 'Peepalkhoont', '', '', '', '0000-00-00'),
(44300, 'Surpur', '36', 'Rajasthan', 'Peepalkhoont', '', '', '', '0000-00-00'),
(44301, 'Sidri Mahoori - A', '36', 'Rajasthan', 'Peepalkhoont', '', '', '', '0000-00-00'),
(44302, 'Sidri Mahoori - B', '36', 'Rajasthan', 'Peepalkhoont', '', '', '', '0000-00-00'),
(44303, 'Bori', '36', 'Rajasthan', 'Peepalkhoont', '', '', '', '0000-00-00'),
(44304, 'Mojal', '36', 'Rajasthan', 'Peepalkhoont', '', '', '', '0000-00-00'),
(44305, 'Himoton Ki Harbar', '36', 'Rajasthan', 'Peepalkhoont', '', '', '', '0000-00-00'),
(44306, 'Rana Ki Harbar', '36', 'Rajasthan', 'Peepalkhoont', '', '', '', '0000-00-00'),
(44307, 'Jarali', '36', 'Rajasthan', 'Peepalkhoont', '', '', '', '0000-00-00'),
(44308, 'Mahuwal', '36', 'Rajasthan', 'Peepalkhoont', '', '', '', '0000-00-00'),
(44309, 'Limbodi', '36', 'Rajasthan', 'Peepalkhoont', '', '', '', '0000-00-00'),
(44310, 'Limboda', '36', 'Rajasthan', 'Peepalkhoont', '', '', '', '0000-00-00'),
(44311, 'Thechla', '36', 'Rajasthan', 'Peepalkhoont', '', '', '', '0000-00-00'),
(44312, 'Amli Ka Khera', '36', 'Rajasthan', 'Peepalkhoont', '', '', '', '0000-00-00'),
(44313, 'Gara', '36', 'Rajasthan', 'Peepalkhoont', '', '', '', '0000-00-00'),
(44314, 'Karvi', '36', 'Rajasthan', 'Peepalkhoont', '', '', '', '0000-00-00'),
(44315, 'Gothra', '36', 'Rajasthan', 'Peepalkhoont', '', '', '', '0000-00-00'),
(44316, 'Karmora', '36', 'Rajasthan', 'Peepalkhoont', '', '', '', '0000-00-00'),
(44317, 'Baori', '36', 'Rajasthan', 'Peepalkhoont', '', '', '', '0000-00-00'),
(44318, 'Reechhri', '36', 'Rajasthan', 'Peepalkhoont', '', '', '', '0000-00-00'),
(44319, 'Maliya', '36', 'Rajasthan', 'Peepalkhoont', '', '', '', '0000-00-00'),
(44320, 'Bara', '36', 'Rajasthan', 'Peepalkhoont', '', '', '', '0000-00-00'),
(44321, 'Kali Ghati', '36', 'Rajasthan', 'Peepalkhoont', '', '', '', '0000-00-00'),
(44322, 'Bilriya', '36', 'Rajasthan', 'Peepalkhoont', '', '', '', '0000-00-00'),
(44323, 'Barawada', '36', 'Rajasthan', 'Peepalkhoont', '', '', '', '0000-00-00'),
(44324, 'Mahuri Khera', '36', 'Rajasthan', 'Peepalkhoont', '', '', '', '0000-00-00'),
(44325, 'Kela Mela', '36', 'Rajasthan', 'Peepalkhoont', '', '', '', '0000-00-00'),
(44326, 'Nalda', '36', 'Rajasthan', 'Peepalkhoont', '', '', '', '0000-00-00'),
(44327, 'Bhain', '36', 'Rajasthan', 'Peepalkhoont', '', '', '', '0000-00-00'),
(44328, 'Thechla', '36', 'Rajasthan', 'Peepalkhoont', '', '', '', '0000-00-00'),
(44329, 'Roonjari', '36', 'Rajasthan', 'Peepalkhoont', '', '', '', '0000-00-00'),
(44330, 'Tamtiya', '36', 'Rajasthan', 'Peepalkhoont', '', '', '', '0000-00-00'),
(44331, 'Chauki', '36', 'Rajasthan', 'Peepalkhoont', '', '', '', '0000-00-00'),
(44332, 'Nal Chauki', '36', 'Rajasthan', 'Peepalkhoont', '', '', '', '0000-00-00'),
(44333, 'Sagwari', '36', 'Rajasthan', 'Peepalkhoont', '', '', '', '0000-00-00'),
(44334, 'Kharkhoti', '36', 'Rajasthan', 'Peepalkhoont', '', '', '', '0000-00-00'),
(44335, 'Akhapur', '36', 'Rajasthan', 'Peepalkhoont', '', '', '', '0000-00-00'),
(44336, 'Kupda', '36', 'Rajasthan', 'Peepalkhoont', '', '', '', '0000-00-00'),
(44337, 'Haro', '36', 'Rajasthan', 'Peepalkhoont', '', '', '', '0000-00-00'),
(44338, 'Saliya', '36', 'Rajasthan', 'Peepalkhoont', '', '', '', '0000-00-00'),
(44339, 'Nayan', '36', 'Rajasthan', 'Peepalkhoont', '', '', '', '0000-00-00'),
(44340, 'Mandvi', '36', 'Rajasthan', 'Peepalkhoont', '', '', '', '0000-00-00'),
(44341, 'Ranpur', '36', 'Rajasthan', 'Peepalkhoont', '', '', '', '0000-00-00'),
(44342, 'Rohaniya', '36', 'Rajasthan', 'Peepalkhoont', '', '', '', '0000-00-00'),
(44343, 'Mandli', '36', 'Rajasthan', 'Peepalkhoont', '', '', '', '0000-00-00'),
(44344, 'Bhameri', '36', 'Rajasthan', 'Peepalkhoont', '', '', '', '0000-00-00'),
(44345, 'Thakra', '36', 'Rajasthan', 'Peepalkhoont', '', '', '', '0000-00-00'),
(44346, 'Parthipura', '36', 'Rajasthan', 'Peepalkhoont', '', '', '', '0000-00-00'),
(44347, 'Khadiyawani', '36', 'Rajasthan', 'Peepalkhoont', '', '', '', '0000-00-00'),
(44348, 'Kharwara', '36', 'Rajasthan', 'Peepalkhoont', '', '', '', '0000-00-00'),
(44349, 'Badli Khera', '36', 'Rajasthan', 'Peepalkhoont', '', '', '', '0000-00-00'),
(44350, 'Peepalda', '36', 'Rajasthan', 'Peepalkhoont', '', '', '', '0000-00-00'),
(44351, 'Dunglawani', '36', 'Rajasthan', 'Peepalkhoont', '', '', '', '0000-00-00'),
(44352, 'Nalpara', '36', 'Rajasthan', 'Peepalkhoont', '', '', '', '0000-00-00'),
(44353, 'Kakarwa Para', '36', 'Rajasthan', 'Peepalkhoont', '', '', '', '0000-00-00'),
(44354, 'Lewa Para', '36', 'Rajasthan', 'Peepalkhoont', '', '', '', '0000-00-00'),
(44355, 'Kalwani', '36', 'Rajasthan', 'Peepalkhoont', '', '', '', '0000-00-00'),
(44356, 'Bhura Kund', '36', 'Rajasthan', 'Peepalkhoont', '', '', '', '0000-00-00'),
(44357, 'Umbada', '36', 'Rajasthan', 'Peepalkhoont', '', '', '', '0000-00-00'),
(44358, 'Ranpur', '36', 'Rajasthan', 'Peepalkhoont', '', '', '', '0000-00-00'),
(44359, 'Jhantiya Para', '36', 'Rajasthan', 'Peepalkhoont', '', '', '', '0000-00-00'),
(44360, 'Warda', '36', 'Rajasthan', 'Peepalkhoont', '', '', '', '0000-00-00'),
(44361, 'Kundali', '36', 'Rajasthan', 'Peepalkhoont', '', '', '', '0000-00-00'),
(44362, 'Jamli', '36', 'Rajasthan', 'Peepalkhoont', '', '', '', '0000-00-00'),
(44363, 'Banghati', '36', 'Rajasthan', 'Peepalkhoont', '', '', '', '0000-00-00'),
(44364, 'Mau', '36', 'Rajasthan', 'Peepalkhoont', '', '', '', '0000-00-00'),
(44365, 'Mehandi Kheri', '36', 'Rajasthan', 'Peepalkhoont', '', '', '', '0000-00-00'),
(44366, 'Karwa Moda', '36', 'Rajasthan', 'Peepalkhoont', '', '', '', '0000-00-00'),
(44367, 'Chittori', '36', 'Rajasthan', 'Peepalkhoont', '', '', '', '0000-00-00'),
(44368, 'Rampuriya', '36', 'Rajasthan', 'Peepalkhoont', '', '', '', '0000-00-00'),
(44369, 'Chhayan Kotra', '36', 'Rajasthan', 'Peepalkhoont', '', '', '', '0000-00-00'),
(44370, 'Madpuri', '36', 'Rajasthan', 'Peepalkhoont', '', '', '', '0000-00-00'),
(44371, 'Maheedon Ka Khera', '36', 'Rajasthan', 'Peepalkhoont', '', '', '', '0000-00-00'),
(44372, 'Dhaman Doongri', '36', 'Rajasthan', 'Peepalkhoont', '', '', '', '0000-00-00'),
(44373, 'Pipalya Abad', '36', 'Rajasthan', 'Peepalkhoont', '', '', '', '0000-00-00'),
(44374, 'Bandi Khari', '36', 'Rajasthan', 'Peepalkhoont', '', '', '', '0000-00-00'),
(44375, 'Dotar', '36', 'Rajasthan', 'Peepalkhoont', '', '', '', '0000-00-00'),
(44376, 'Kushalpura', '36', 'Rajasthan', 'Peepalkhoont', '', '', '', '0000-00-00'),
(44377, 'Padaliya', '36', 'Rajasthan', 'Peepalkhoont', '', '', '', '0000-00-00'),
(44378, 'Kachotiya', '36', 'Rajasthan', 'Peepalkhoont', '', '', '', '0000-00-00'),
(44379, 'Jhanya', '36', 'Rajasthan', 'Peepalkhoont', '', '', '', '0000-00-00'),
(44380, 'Sagthal', '36', 'Rajasthan', 'Peepalkhoont', '', '', '', '0000-00-00'),
(44381, 'Patri', '36', 'Rajasthan', 'Peepalkhoont', '', '', '', '0000-00-00'),
(44382, 'Kundla', '36', 'Rajasthan', 'Peepalkhoont', '', '', '', '0000-00-00'),
(44383, 'Nalda', '36', 'Rajasthan', 'Peepalkhoont', '', '', '', '0000-00-00'),
(44384, 'Datla Kund', '36', 'Rajasthan', 'Peepalkhoont', '', '', '', '0000-00-00'),
(44385, 'Khempuriya', '36', 'Rajasthan', 'Peepalkhoont', '', '', '', '0000-00-00'),
(44386, 'Peepli Pathar', '36', 'Rajasthan', 'Peepalkhoont', '', '', '', '0000-00-00'),
(44387, 'Dhariya Kheri', '36', 'Rajasthan', 'Peepalkhoont', '', '', '', '0000-00-00'),
(44388, 'Doli', '36', 'Rajasthan', 'Peepalkhoont', '', '', '', '0000-00-00'),
(44389, 'Sona Kothi', '36', 'Rajasthan', 'Peepalkhoont', '', '', '', '0000-00-00'),
(44390, 'Bari Ambeli', '36', 'Rajasthan', 'Peepalkhoont', '', '', '', '0000-00-00'),
(44391, 'Maliya', '36', 'Rajasthan', 'Peepalkhoont', '', '', '', '0000-00-00'),
(44392, 'Pandawa', '36', 'Rajasthan', 'Peepalkhoont', '', '', '', '0000-00-00'),
(44393, 'Gamda', '36', 'Rajasthan', 'Peepalkhoont', '', '', '', '0000-00-00'),
(44394, 'Garha', '36', 'Rajasthan', 'Peepalkhoont', '', '', '', '0000-00-00'),
(44395, 'Dateeyar', '36', 'Rajasthan', 'Peepalkhoont', '', '', '', '0000-00-00'),
(44396, 'Sandani', '36', 'Rajasthan', 'Peepalkhoont', '', '', '', '0000-00-00'),
(44397, 'Bhanej', '36', 'Rajasthan', 'Peepalkhoont', '', '', '', '0000-00-00'),
(44398, 'Ratanpuriya', '36', 'Rajasthan', 'Peepalkhoont', '', '', '', '0000-00-00'),
(44399, 'Ghoti', '36', 'Rajasthan', 'Peepalkhoont', '', '', '', '0000-00-00'),
(44400, 'Pateliya', '36', 'Rajasthan', 'Peepalkhoont', '', '', '', '0000-00-00'),
(44401, 'Ghatawali Kheri', '36', 'Rajasthan', 'Peepalkhoont', '', '', '', '0000-00-00'),
(44402, 'Bhanawaton Ka Khera', '36', 'Rajasthan', 'Peepalkhoont', '', '', '', '0000-00-00'),
(44403, 'Cheeron Ka Mal', '36', 'Rajasthan', 'Peepalkhoont', '', '', '', '0000-00-00'),
(44404, 'Kharwaniya Kamal', '36', 'Rajasthan', 'Peepalkhoont', '', '', '', '0000-00-00'),
(44405, 'Khoriya Am', '36', 'Rajasthan', 'Peepalkhoont', '', '', '', '0000-00-00'),
(44406, 'Chhoti Ambeli', '36', 'Rajasthan', 'Peepalkhoont', '', '', '', '0000-00-00'),
(44407, 'Deendor Ka Khera', '36', 'Rajasthan', 'Peepalkhoont', '', '', '', '0000-00-00'),
(44408, 'Barmadon Ka Khera', '36', 'Rajasthan', 'Peepalkhoont', '', '', '', '0000-00-00'),
(44409, 'Sonagar', '36', 'Rajasthan', 'Peepalkhoont', '', '', '', '0000-00-00'),
(44410, 'Barda', '36', 'Rajasthan', 'Peepalkhoont', '', '', '', '0000-00-00'),
(44411, 'Veerpur', '36', 'Rajasthan', 'Peepalkhoont', '', '', '', '0000-00-00'),
(44412, 'Baloriya', '36', 'Rajasthan', 'Peepalkhoont', '', '', '', '0000-00-00'),
(44413, 'Mota Manyaga', '36', 'Rajasthan', 'Peepalkhoont', '', '', '', '0000-00-00'),
(44414, 'Chhayan', '36', 'Rajasthan', 'Peepalkhoont', '', '', '', '0000-00-00'),
(44415, 'Chhota Manyaga', '36', 'Rajasthan', 'Peepalkhoont', '', '', '', '0000-00-00'),
(44416, 'Bilri', '36', 'Rajasthan', 'Peepalkhoont', '', '', '', '0000-00-00'),
(44417, 'Amliya Pathar', '36', 'Rajasthan', 'Peepalkhoont', '', '', '', '0000-00-00'),
(44418, 'Rooppura', '36', 'Rajasthan', 'Peepalkhoont', '', '', '', '0000-00-00'),
(44419, 'Lakhma Kheri', '36', 'Rajasthan', 'Peepalkhoont', '', '', '', '0000-00-00'),
(44420, 'Chain Puriya', '36', 'Rajasthan', 'Peepalkhoont', '', '', '', '0000-00-00'),
(44421, 'Pipalya Veeran', '36', 'Rajasthan', 'Peepalkhoont', '', '', '', '0000-00-00'),
(44422, 'Kanpuriya', '36', 'Rajasthan', 'Peepalkhoont', '', '', '', '0000-00-00'),
(44423, 'Panawala', '36', 'Rajasthan', 'Peepalkhoont', '', '', '', '0000-00-00'),
(44424, 'Dangpura', '36', 'Rajasthan', 'Peepalkhoont', '', '', '', '0000-00-00'),
(44425, 'Suhagpura', '36', 'Rajasthan', 'Peepalkhoont', '', '', '', '0000-00-00'),
(44426, 'Somawaton Ka Khera', '36', 'Rajasthan', 'Peepalkhoont', '', '', '', '0000-00-00'),
(44427, 'Bhacheriya', '36', 'Rajasthan', 'Peepalkhoont', '', '', '', '0000-00-00'),
(44428, 'Semaliya Khurd', '36', 'Rajasthan', 'Peepalkhoont', '', '', '', '0000-00-00'),
(44429, 'Phoolda', '36', 'Rajasthan', 'Peepalkhoont', '', '', '', '0000-00-00'),
(44430, 'Potlapara', '36', 'Rajasthan', 'Peepalkhoont', '', '', '', '0000-00-00'),
(44431, 'Gorda', '36', 'Rajasthan', 'Peepalkhoont', '', '', '', '0000-00-00'),
(44432, 'Anoppura', '36', 'Rajasthan', 'Peepalkhoont', '', '', '', '0000-00-00'),
(44433, 'Banjari', '36', 'Rajasthan', 'Peepalkhoont', '', '', '', '0000-00-00'),
(44434, 'Dojra', '36', 'Rajasthan', 'Peepalkhoont', '', '', '', '0000-00-00'),
(44435, 'Bohran Khera', '36', 'Rajasthan', 'Peepalkhoont', '', '', '', '0000-00-00'),
(44436, 'Moriyan Khera', '36', 'Rajasthan', 'Peepalkhoont', '', '', '', '0000-00-00'),
(44437, 'Sujanpura', '36', 'Rajasthan', 'Peepalkhoont', '', '', '', '0000-00-00'),
(44438, 'Okhaji Ka Mal', '36', 'Rajasthan', 'Peepalkhoont', '', '', '', '0000-00-00'),
(44439, 'Moti Photwa', '36', 'Rajasthan', 'Peepalkhoont', '', '', '', '0000-00-00'),
(44440, 'Chhoti Photwa', '36', 'Rajasthan', 'Peepalkhoont', '', '', '', '0000-00-00'),
(44441, 'Neemach', '36', 'Rajasthan', 'Peepalkhoont', '', '', '', '0000-00-00'),
(44442, 'Khaimawaton Ka Khera', '36', 'Rajasthan', 'Peepalkhoont', '', '', '', '0000-00-00'),
(44443, 'Chhoti Kheri', '36', 'Rajasthan', 'Peepalkhoont', '', '', '', '0000-00-00'),
(44444, 'Moti Kheri', '36', 'Rajasthan', 'Peepalkhoont', '', '', '', '0000-00-00'),
(44445, 'Kunee', '36', 'Rajasthan', 'Peepalkhoont', '', '', '', '0000-00-00'),
(44446, 'Pathar', '36', 'Rajasthan', 'Peepalkhoont', '', '', '', '0000-00-00'),
(44447, 'Mulya Khera', '36', 'Rajasthan', 'Peepalkhoont', '', '', '', '0000-00-00'),
(44448, 'Karadia', '36', 'Rajasthan', 'Peepalkhoont', '', '', '', '0000-00-00'),
(44449, 'Mota Dhamaniya', '36', 'Rajasthan', 'Peepalkhoont', '', '', '', '0000-00-00'),
(44450, 'Manpura', '36', 'Rajasthan', 'Peepalkhoont', '', '', '', '0000-00-00'),
(44451, 'Chhota Dhamaniya', '36', 'Rajasthan', 'Peepalkhoont', '', '', '', '0000-00-00'),
(44452, 'Jooni Bagrawad', '36', 'Rajasthan', 'Peepalkhoont', '', '', '', '0000-00-00'),
(44453, 'Bagrawad', '36', 'Rajasthan', 'Peepalkhoont', '', '', '', '0000-00-00'),
(44454, 'Akadiyon Ka Mal', '36', 'Rajasthan', 'Peepalkhoont', '', '', '', '0000-00-00'),
(44455, 'Badayala', '36', 'Rajasthan', 'Peepalkhoont', '', '', '', '0000-00-00'),
(44456, 'Talaya', '36', 'Rajasthan', 'Peepalkhoont', '', '', '', '0000-00-00'),
(44457, 'Sat Sajya', '36', 'Rajasthan', 'Peepalkhoont', '', '', '', '0000-00-00'),
(44458, 'Bhoori Ghati', '36', 'Rajasthan', 'Peepalkhoont', '', '', '', '0000-00-00'),
(44459, 'Rooppuriya', '36', 'Rajasthan', 'Peepalkhoont', '', '', '', '0000-00-00'),
(44460, 'Achalpuriya', '36', 'Rajasthan', 'Peepalkhoont', '', '', '', '0000-00-00'),
(44461, 'Kanthariya Peepaliya', '36', 'Rajasthan', 'Peepalkhoont', '', '', '', '0000-00-00'),
(44462, 'Rampuriya', '36', 'Rajasthan', 'Peepalkhoont', '', '', '', '0000-00-00'),
(44463, 'Bheema Khera', '36', 'Rajasthan', 'Peepalkhoont', '', '', '', '0000-00-00'),
(44464, 'Dhoraji Ka Pathar', '36', 'Rajasthan', 'Peepalkhoont', '', '', '', '0000-00-00'),
(44465, 'Bori', '36', 'Rajasthan', 'Peepalkhoont', '', '', '', '0000-00-00'),
(44466, 'Leeliya', '36', 'Rajasthan', 'Peepalkhoont', '', '', '', '0000-00-00'),
(44467, 'Bhooriya Holi', '36', 'Rajasthan', 'Peepalkhoont', '', '', '', '0000-00-00'),
(44468, 'Reechhri', '36', 'Rajasthan', 'Peepalkhoont', '', '', '', '0000-00-00'),
(44469, 'Beo', '36', 'Rajasthan', 'Peepalkhoont', '', '', '', '0000-00-00'),
(44470, 'Chhoti Sadri', '36', 'Rajasthan', 'Chhoti Sadri', '', '', '', '0000-00-00'),
(44471, 'Bambori', '36', 'Rajasthan', 'Chhoti Sadri', '', '', '', '0000-00-00'),
(44472, 'Kulmiya', '36', 'Rajasthan', 'Chhoti Sadri', '', '', '', '0000-00-00'),
(44473, 'Gurli', '36', 'Rajasthan', 'Chhoti Sadri', '', '', '', '0000-00-00'),
(44474, 'Nanama Ki Bhagal', '36', 'Rajasthan', 'Chhoti Sadri', '', '', '', '0000-00-00'),
(44475, 'Harmatiya Jageer', '36', 'Rajasthan', 'Chhoti Sadri', '', '', '', '0000-00-00'),
(44476, 'Raghunathpura', '36', 'Rajasthan', 'Chhoti Sadri', '', '', '', '0000-00-00'),
(44477, 'Motipura', '36', 'Rajasthan', 'Chhoti Sadri', '', '', '', '0000-00-00'),
(44478, 'Kheri Kundal', '36', 'Rajasthan', 'Chhoti Sadri', '', '', '', '0000-00-00'),
(44479, 'Rajpura', '36', 'Rajasthan', 'Chhoti Sadri', '', '', '', '0000-00-00'),
(44480, 'Pratappura', '36', 'Rajasthan', 'Chhoti Sadri', '', '', '', '0000-00-00'),
(44481, 'Gajpura', '36', 'Rajasthan', 'Chhoti Sadri', '', '', '', '0000-00-00'),
(44482, 'Basera', '36', 'Rajasthan', 'Chhoti Sadri', '', '', '', '0000-00-00'),
(44483, 'Kheri Aryanagar', '36', 'Rajasthan', 'Chhoti Sadri', '', '', '', '0000-00-00'),
(44484, 'Harmatiya Kundal', '36', 'Rajasthan', 'Chhoti Sadri', '', '', '', '0000-00-00'),
(44485, 'Karunda', '36', 'Rajasthan', 'Chhoti Sadri', '', '', '', '0000-00-00'),
(44486, 'Chah Kheri', '36', 'Rajasthan', 'Chhoti Sadri', '', '', '', '0000-00-00'),
(44487, 'Chaprol', '36', 'Rajasthan', 'Chhoti Sadri', '', '', '', '0000-00-00'),
(44488, 'Bhat Khera', '36', 'Rajasthan', 'Chhoti Sadri', '', '', '', '0000-00-00'),
(44489, 'Khera Kesunda', '36', 'Rajasthan', 'Chhoti Sadri', '', '', '', '0000-00-00'),
(44490, 'Kesunda', '36', 'Rajasthan', 'Chhoti Sadri', '', '', '', '0000-00-00'),
(44491, 'Charliya', '36', 'Rajasthan', 'Chhoti Sadri', '', '', '', '0000-00-00'),
(44492, 'Jal Bhindi', '36', 'Rajasthan', 'Chhoti Sadri', '', '', '', '0000-00-00'),
(44493, 'Gagrol', '36', 'Rajasthan', 'Chhoti Sadri', '', '', '', '0000-00-00'),
(44494, 'Gothra', '36', 'Rajasthan', 'Chhoti Sadri', '', '', '', '0000-00-00'),
(44495, 'Semarda', '36', 'Rajasthan', 'Chhoti Sadri', '', '', '', '0000-00-00'),
(44496, 'Barwara Goojar', '36', 'Rajasthan', 'Chhoti Sadri', '', '', '', '0000-00-00'),
(44497, 'Semarthali', '36', 'Rajasthan', 'Chhoti Sadri', '', '', '', '0000-00-00'),
(44498, 'Jivanpura', '36', 'Rajasthan', 'Chhoti Sadri', '', '', '', '0000-00-00'),
(44499, 'Chakar Khera', '36', 'Rajasthan', 'Chhoti Sadri', '', '', '', '0000-00-00'),
(44500, 'Chandoli', '36', 'Rajasthan', 'Chhoti Sadri', '', '', '', '0000-00-00'),
(44501, 'Hingoriya', '36', 'Rajasthan', 'Chhoti Sadri', '', '', '', '0000-00-00'),
(44502, 'Lalpura', '36', 'Rajasthan', 'Chhoti Sadri', '', '', '', '0000-00-00'),
(44503, 'Barwara Dewal', '36', 'Rajasthan', 'Chhoti Sadri', '', '', '', '0000-00-00'),
(44504, 'Peethalwari Kalan', '36', 'Rajasthan', 'Chhoti Sadri', '', '', '', '0000-00-00'),
(44505, 'Santok Puriya', '36', 'Rajasthan', 'Chhoti Sadri', '', '', '', '0000-00-00'),
(44506, 'Haripura', '36', 'Rajasthan', 'Chhoti Sadri', '', '', '', '0000-00-00'),
(44507, 'Hamerpura @ Dudhitalai', '36', 'Rajasthan', 'Chhoti Sadri', '', '', '', '0000-00-00'),
(44508, 'Jaloda Jageer', '36', 'Rajasthan', 'Chhoti Sadri', '', '', '', '0000-00-00'),
(44509, 'Bambora', '36', 'Rajasthan', 'Chhoti Sadri', '', '', '', '0000-00-00'),
(44510, 'Karjoo', '36', 'Rajasthan', 'Chhoti Sadri', '', '', '', '0000-00-00'),
(44511, 'Udpura Kalan', '36', 'Rajasthan', 'Chhoti Sadri', '', '', '', '0000-00-00'),
(44512, 'Rawatpura', '36', 'Rajasthan', 'Chhoti Sadri', '', '', '', '0000-00-00'),
(44513, 'Mali Khera', '36', 'Rajasthan', 'Chhoti Sadri', '', '', '', '0000-00-00'),
(44514, 'Fatehsingh Ji Ka Khera', '36', 'Rajasthan', 'Chhoti Sadri', '', '', '', '0000-00-00'),
(44515, 'Manpura Jageer', '36', 'Rajasthan', 'Chhoti Sadri', '', '', '', '0000-00-00'),
(44516, 'Eklingpura', '36', 'Rajasthan', 'Chhoti Sadri', '', '', '', '0000-00-00'),
(44517, 'Kishanpura', '36', 'Rajasthan', 'Chhoti Sadri', '', '', '', '0000-00-00'),
(44518, 'Undawela', '36', 'Rajasthan', 'Chhoti Sadri', '', '', '', '0000-00-00'),
(44519, 'Teekhi Magri', '36', 'Rajasthan', 'Chhoti Sadri', '', '', '', '0000-00-00'),
(44520, 'Naya Khera', '36', 'Rajasthan', 'Chhoti Sadri', '', '', '', '0000-00-00'),
(44521, 'Satola', '36', 'Rajasthan', 'Chhoti Sadri', '', '', '', '0000-00-00'),
(44522, 'Peepli Khera @ Baliya Khera', '36', 'Rajasthan', 'Chhoti Sadri', '', '', '', '0000-00-00'),
(44523, 'Harisinghji Ka Khera Kalan', '36', 'Rajasthan', 'Chhoti Sadri', '', '', '', '0000-00-00'),
(44524, 'Negadiya', '36', 'Rajasthan', 'Chhoti Sadri', '', '', '', '0000-00-00'),
(44525, 'Harisingh Ji Ka Khera Khurd', '36', 'Rajasthan', 'Chhoti Sadri', '', '', '', '0000-00-00'),
(44526, 'Bhachedi', '36', 'Rajasthan', 'Chhoti Sadri', '', '', '', '0000-00-00'),
(44527, 'Karanpur Khurd', '36', 'Rajasthan', 'Chhoti Sadri', '', '', '', '0000-00-00'),
(44528, 'Karanpur Kalan', '36', 'Rajasthan', 'Chhoti Sadri', '', '', '', '0000-00-00'),
(44529, 'Kankra', '36', 'Rajasthan', 'Chhoti Sadri', '', '', '', '0000-00-00'),
(44530, 'Peeli Khera', '36', 'Rajasthan', 'Chhoti Sadri', '', '', '', '0000-00-00'),
(44531, 'Bhairvi', '36', 'Rajasthan', 'Chhoti Sadri', '', '', '', '0000-00-00'),
(44532, 'Sompur Kamolia', '36', 'Rajasthan', 'Chhoti Sadri', '', '', '', '0000-00-00'),
(44533, 'Ramakhera', '36', 'Rajasthan', 'Chhoti Sadri', '', '', '', '0000-00-00'),
(44534, 'Akhepur', '36', 'Rajasthan', 'Chhoti Sadri', '', '', '', '0000-00-00'),
(44535, 'Deoli', '36', 'Rajasthan', 'Chhoti Sadri', '', '', '', '0000-00-00'),
(44536, 'Udpura Khurd', '36', 'Rajasthan', 'Chhoti Sadri', '', '', '', '0000-00-00'),
(44537, 'Kanwar Choki', '36', 'Rajasthan', 'Chhoti Sadri', '', '', '', '0000-00-00'),
(44538, 'Lakhiyon Ka Khera', '36', 'Rajasthan', 'Chhoti Sadri', '', '', '', '0000-00-00'),
(44539, 'Biliya', '36', 'Rajasthan', 'Chhoti Sadri', '', '', '', '0000-00-00'),
(44540, 'Jhala Ka Khera', '36', 'Rajasthan', 'Chhoti Sadri', '', '', '', '0000-00-00'),
(44541, 'Rooppura', '36', 'Rajasthan', 'Chhoti Sadri', '', '', '', '0000-00-00'),
(44542, 'Salera Kala', '36', 'Rajasthan', 'Chhoti Sadri', '', '', '', '0000-00-00'),
(44543, 'Peethalwari Khurd', '36', 'Rajasthan', 'Chhoti Sadri', '', '', '', '0000-00-00'),
(44544, 'Achalpura', '36', 'Rajasthan', 'Chhoti Sadri', '', '', '', '0000-00-00');
INSERT INTO `city` (`id`, `city_name`, `distict`, `s_name`, `tehsil`, `h_city`, `pt_name`, `pt_no`, `pt_dob`) VALUES
(44545, 'Chak Sookar', '36', 'Rajasthan', 'Chhoti Sadri', '', '', '', '0000-00-00'),
(44546, 'Raju Khera', '36', 'Rajasthan', 'Chhoti Sadri', '', '', '', '0000-00-00'),
(44547, 'Labana Khera', '36', 'Rajasthan', 'Chhoti Sadri', '', '', '', '0000-00-00'),
(44548, 'Mohanpura', '36', 'Rajasthan', 'Chhoti Sadri', '', '', '', '0000-00-00'),
(44549, 'Sarwaniya', '36', 'Rajasthan', 'Chhoti Sadri', '', '', '', '0000-00-00'),
(44550, 'Ganeshpura', '36', 'Rajasthan', 'Chhoti Sadri', '', '', '', '0000-00-00'),
(44551, 'Thanpur', '36', 'Rajasthan', 'Chhoti Sadri', '', '', '', '0000-00-00'),
(44552, 'Dawta', '36', 'Rajasthan', 'Chhoti Sadri', '', '', '', '0000-00-00'),
(44553, 'Sajjanganj', '36', 'Rajasthan', 'Chhoti Sadri', '', '', '', '0000-00-00'),
(44554, 'Mawai', '36', 'Rajasthan', 'Chhoti Sadri', '', '', '', '0000-00-00'),
(44555, 'Cheerwa', '36', 'Rajasthan', 'Chhoti Sadri', '', '', '', '0000-00-00'),
(44556, 'Manpura Khalsa', '36', 'Rajasthan', 'Chhoti Sadri', '', '', '', '0000-00-00'),
(44557, 'Rajpura Khalsa', '36', 'Rajasthan', 'Chhoti Sadri', '', '', '', '0000-00-00'),
(44558, 'Sangri Khera', '36', 'Rajasthan', 'Chhoti Sadri', '', '', '', '0000-00-00'),
(44559, 'Bhat Kheri', '36', 'Rajasthan', 'Chhoti Sadri', '', '', '', '0000-00-00'),
(44560, 'Mahida Rel', '36', 'Rajasthan', 'Chhoti Sadri', '', '', '', '0000-00-00'),
(44561, 'Kalakot', '36', 'Rajasthan', 'Chhoti Sadri', '', '', '', '0000-00-00'),
(44562, 'Bhoora', '36', 'Rajasthan', 'Chhoti Sadri', '', '', '', '0000-00-00'),
(44563, 'Harmara Ki Rel', '36', 'Rajasthan', 'Chhoti Sadri', '', '', '', '0000-00-00'),
(44564, 'Patiya', '36', 'Rajasthan', 'Chhoti Sadri', '', '', '', '0000-00-00'),
(44565, 'Inton Ka Talab', '36', 'Rajasthan', 'Chhoti Sadri', '', '', '', '0000-00-00'),
(44566, 'Charliya Amba', '36', 'Rajasthan', 'Chhoti Sadri', '', '', '', '0000-00-00'),
(44567, 'Nawan Kheri', '36', 'Rajasthan', 'Chhoti Sadri', '', '', '', '0000-00-00'),
(44568, 'Dhaula Pani', '36', 'Rajasthan', 'Chhoti Sadri', '', '', '', '0000-00-00'),
(44569, 'Barol Jagir', '36', 'Rajasthan', 'Chhoti Sadri', '', '', '', '0000-00-00'),
(44570, 'Bhalan Ka Khera', '36', 'Rajasthan', 'Chhoti Sadri', '', '', '', '0000-00-00'),
(44571, 'Shambhooganj', '36', 'Rajasthan', 'Chhoti Sadri', '', '', '', '0000-00-00'),
(44572, 'Swaroopganj', '36', 'Rajasthan', 'Chhoti Sadri', '', '', '', '0000-00-00'),
(44573, 'Chak Mohammadpura', '36', 'Rajasthan', 'Chhoti Sadri', '', '', '', '0000-00-00'),
(44574, 'Chhot Sadri(Rural)', '36', 'Rajasthan', 'Chhoti Sadri', '', '', '', '0000-00-00'),
(44575, 'Gomana', '36', 'Rajasthan', 'Chhoti Sadri', '', '', '', '0000-00-00'),
(44576, 'Bare Khan', '36', 'Rajasthan', 'Chhoti Sadri', '', '', '', '0000-00-00'),
(44577, 'Malawada', '36', 'Rajasthan', 'Chhoti Sadri', '', '', '', '0000-00-00'),
(44578, 'Bambora Khalsa', '36', 'Rajasthan', 'Chhoti Sadri', '', '', '', '0000-00-00'),
(44579, 'Choukri', '36', 'Rajasthan', 'Chhoti Sadri', '', '', '', '0000-00-00'),
(44580, 'Dhamaniya Road', '36', 'Rajasthan', 'Chhoti Sadri', '', '', '', '0000-00-00'),
(44581, 'Achari', '36', 'Rajasthan', 'Chhoti Sadri', '', '', '', '0000-00-00'),
(44582, 'Deokhera', '36', 'Rajasthan', 'Chhoti Sadri', '', '', '', '0000-00-00'),
(44583, 'Soobi', '36', 'Rajasthan', 'Chhoti Sadri', '', '', '', '0000-00-00'),
(44584, 'Jamlaoda', '36', 'Rajasthan', 'Chhoti Sadri', '', '', '', '0000-00-00'),
(44585, 'Narani', '36', 'Rajasthan', 'Chhoti Sadri', '', '', '', '0000-00-00'),
(44586, 'Jalodiya Khurd', '36', 'Rajasthan', 'Chhoti Sadri', '', '', '', '0000-00-00'),
(44587, 'Sej Kheri', '36', 'Rajasthan', 'Chhoti Sadri', '', '', '', '0000-00-00'),
(44588, 'Khermaliya', '36', 'Rajasthan', 'Chhoti Sadri', '', '', '', '0000-00-00'),
(44589, 'Jalodiya Kelookhera', '36', 'Rajasthan', 'Chhoti Sadri', '', '', '', '0000-00-00'),
(44590, 'Sandi Khera', '36', 'Rajasthan', 'Chhoti Sadri', '', '', '', '0000-00-00'),
(44591, 'Baseri Kundal', '36', 'Rajasthan', 'Chhoti Sadri', '', '', '', '0000-00-00'),
(44592, 'Mahuriya', '36', 'Rajasthan', 'Chhoti Sadri', '', '', '', '0000-00-00'),
(44593, 'Bagdari', '36', 'Rajasthan', 'Chhoti Sadri', '', '', '', '0000-00-00'),
(44594, 'Manpura Bhatiya', '36', 'Rajasthan', 'Chhoti Sadri', '', '', '', '0000-00-00'),
(44595, 'Sakriya', '36', 'Rajasthan', 'Chhoti Sadri', '', '', '', '0000-00-00'),
(44596, 'Barkati', '36', 'Rajasthan', 'Chhoti Sadri', '', '', '', '0000-00-00'),
(44597, 'Chauhan Khera', '36', 'Rajasthan', 'Chhoti Sadri', '', '', '', '0000-00-00'),
(44598, 'Rajiya', '36', 'Rajasthan', 'Chhoti Sadri', '', '', '', '0000-00-00'),
(44599, 'Dhamaniya Jageer', '36', 'Rajasthan', 'Chhoti Sadri', '', '', '', '0000-00-00'),
(44600, 'Gadariyawas', '36', 'Rajasthan', 'Chhoti Sadri', '', '', '', '0000-00-00'),
(44601, 'Barkhera', '36', 'Rajasthan', 'Chhoti Sadri', '', '', '', '0000-00-00'),
(44602, 'Narsingh Khandai Khera', '36', 'Rajasthan', 'Chhoti Sadri', '', '', '', '0000-00-00'),
(44603, 'Revra', '36', 'Rajasthan', 'Chhoti Sadri', '', '', '', '0000-00-00'),
(44604, 'Jogi Khera', '36', 'Rajasthan', 'Chhoti Sadri', '', '', '', '0000-00-00'),
(44605, 'Rambhawali', '36', 'Rajasthan', 'Chhoti Sadri', '', '', '', '0000-00-00'),
(44606, 'Narwal Khera', '36', 'Rajasthan', 'Chhoti Sadri', '', '', '', '0000-00-00'),
(44607, 'Bhairvi', '36', 'Rajasthan', 'Chhoti Sadri', '', '', '', '0000-00-00'),
(44608, 'Jakhamiya', '36', 'Rajasthan', 'Chhoti Sadri', '', '', '', '0000-00-00'),
(44609, 'Jodhpuriya', '36', 'Rajasthan', 'Chhoti Sadri', '', '', '', '0000-00-00'),
(44610, 'Kanpuriya', '36', 'Rajasthan', 'Chhoti Sadri', '', '', '', '0000-00-00'),
(44611, 'Dhoolkot', '36', 'Rajasthan', 'Chhoti Sadri', '', '', '', '0000-00-00'),
(44612, 'Ambawali', '36', 'Rajasthan', 'Chhoti Sadri', '', '', '', '0000-00-00'),
(44613, 'Kit Khera', '36', 'Rajasthan', 'Chhoti Sadri', '', '', '', '0000-00-00'),
(44614, 'Chhayan Khurd', '36', 'Rajasthan', 'Chhoti Sadri', '', '', '', '0000-00-00'),
(44615, 'Rooppura', '36', 'Rajasthan', 'Chhoti Sadri', '', '', '', '0000-00-00'),
(44616, 'Sajjanpura', '36', 'Rajasthan', 'Chhoti Sadri', '', '', '', '0000-00-00'),
(44617, 'Bhagwanpura', '36', 'Rajasthan', 'Chhoti Sadri', '', '', '', '0000-00-00'),
(44618, 'Chhayan Kalan', '36', 'Rajasthan', 'Chhoti Sadri', '', '', '', '0000-00-00'),
(44619, 'Kishanpuriya', '36', 'Rajasthan', 'Chhoti Sadri', '', '', '', '0000-00-00'),
(44620, 'Siya Kheri', '36', 'Rajasthan', 'Chhoti Sadri', '', '', '', '0000-00-00'),
(44621, 'Joda Mahuda', '36', 'Rajasthan', 'Chhoti Sadri', '', '', '', '0000-00-00'),
(44622, 'Kala Khet', '36', 'Rajasthan', 'Chhoti Sadri', '', '', '', '0000-00-00'),
(44623, 'Chhayan Jageer', '36', 'Rajasthan', 'Chhoti Sadri', '', '', '', '0000-00-00'),
(44624, 'Ratee Rundi', '36', 'Rajasthan', 'Chhoti Sadri', '', '', '', '0000-00-00'),
(44625, 'Kalyanpura', '36', 'Rajasthan', 'Chhoti Sadri', '', '', '', '0000-00-00'),
(44626, 'Pratapgarh', '36', 'Rajasthan', 'Pratapgarh', '', '', '', '0000-00-00'),
(44627, 'Rana', '36', 'Rajasthan', 'Pratapgarh', '', '', '', '0000-00-00'),
(44628, 'Talaipal', '36', 'Rajasthan', 'Pratapgarh', '', '', '', '0000-00-00'),
(44629, 'Mand Kalan', '36', 'Rajasthan', 'Pratapgarh', '', '', '', '0000-00-00'),
(44630, 'Khalel', '36', 'Rajasthan', 'Pratapgarh', '', '', '', '0000-00-00'),
(44631, 'Pal', '36', 'Rajasthan', 'Pratapgarh', '', '', '', '0000-00-00'),
(44632, 'Patiya Pal', '36', 'Rajasthan', 'Pratapgarh', '', '', '', '0000-00-00'),
(44633, 'Reecharipal', '36', 'Rajasthan', 'Pratapgarh', '', '', '', '0000-00-00'),
(44634, 'Retha', '36', 'Rajasthan', 'Pratapgarh', '', '', '', '0000-00-00'),
(44635, 'Talab', '36', 'Rajasthan', 'Pratapgarh', '', '', '', '0000-00-00'),
(44636, 'Garhvela', '36', 'Rajasthan', 'Pratapgarh', '', '', '', '0000-00-00'),
(44637, 'Billi Khera', '36', 'Rajasthan', 'Pratapgarh', '', '', '', '0000-00-00'),
(44638, 'Saree Peepli', '36', 'Rajasthan', 'Pratapgarh', '', '', '', '0000-00-00'),
(44639, 'Tamta', '36', 'Rajasthan', 'Pratapgarh', '', '', '', '0000-00-00'),
(44640, 'Kesharpura', '36', 'Rajasthan', 'Pratapgarh', '', '', '', '0000-00-00'),
(44641, 'Rughnathpura', '36', 'Rajasthan', 'Pratapgarh', '', '', '', '0000-00-00'),
(44642, 'Teekhi Magri', '36', 'Rajasthan', 'Pratapgarh', '', '', '', '0000-00-00'),
(44643, 'Unta Khera', '36', 'Rajasthan', 'Pratapgarh', '', '', '', '0000-00-00'),
(44644, 'Madhura Talab', '36', 'Rajasthan', 'Pratapgarh', '', '', '', '0000-00-00'),
(44645, 'Dhawri Phala', '36', 'Rajasthan', 'Pratapgarh', '', '', '', '0000-00-00'),
(44646, 'Chirwa', '36', 'Rajasthan', 'Pratapgarh', '', '', '', '0000-00-00'),
(44647, 'Saga Magri', '36', 'Rajasthan', 'Pratapgarh', '', '', '', '0000-00-00'),
(44648, 'Talaya', '36', 'Rajasthan', 'Pratapgarh', '', '', '', '0000-00-00'),
(44649, 'Sewra', '36', 'Rajasthan', 'Pratapgarh', '', '', '', '0000-00-00'),
(44650, 'Khera Nahar Singh Mata', '36', 'Rajasthan', 'Pratapgarh', '', '', '', '0000-00-00'),
(44651, 'Bhairooghati', '36', 'Rajasthan', 'Pratapgarh', '', '', '', '0000-00-00'),
(44652, 'Jora Mahura Kundaliya', '36', 'Rajasthan', 'Pratapgarh', '', '', '', '0000-00-00'),
(44653, 'Meriya Kheri', '36', 'Rajasthan', 'Pratapgarh', '', '', '', '0000-00-00'),
(44654, 'Rawla Phala', '36', 'Rajasthan', 'Pratapgarh', '', '', '', '0000-00-00'),
(44655, 'Shikargah', '36', 'Rajasthan', 'Pratapgarh', '', '', '', '0000-00-00'),
(44656, 'Jakhli', '36', 'Rajasthan', 'Pratapgarh', '', '', '', '0000-00-00'),
(44657, 'Pipala Pani', '36', 'Rajasthan', 'Pratapgarh', '', '', '', '0000-00-00'),
(44658, 'Charpaton Ka Pathar', '36', 'Rajasthan', 'Pratapgarh', '', '', '', '0000-00-00'),
(44659, 'Jhantla', '36', 'Rajasthan', 'Pratapgarh', '', '', '', '0000-00-00'),
(44660, 'Semalon Ka Khera', '36', 'Rajasthan', 'Pratapgarh', '', '', '', '0000-00-00'),
(44661, 'Kesharpura', '36', 'Rajasthan', 'Pratapgarh', '', '', '', '0000-00-00'),
(44662, 'Kalyanpura', '36', 'Rajasthan', 'Pratapgarh', '', '', '', '0000-00-00'),
(44663, 'Bakhatpura', '36', 'Rajasthan', 'Pratapgarh', '', '', '', '0000-00-00'),
(44664, 'Peepli Khera No.1', '36', 'Rajasthan', 'Pratapgarh', '', '', '', '0000-00-00'),
(44665, 'Haripura', '36', 'Rajasthan', 'Pratapgarh', '', '', '', '0000-00-00'),
(44666, 'Khakhri Khera No.1', '36', 'Rajasthan', 'Pratapgarh', '', '', '', '0000-00-00'),
(44667, 'Dalelpura Sangi', '36', 'Rajasthan', 'Pratapgarh', '', '', '', '0000-00-00'),
(44668, 'Ummedpura', '36', 'Rajasthan', 'Pratapgarh', '', '', '', '0000-00-00'),
(44669, 'Amba Khera', '36', 'Rajasthan', 'Pratapgarh', '', '', '', '0000-00-00'),
(44670, 'Umri Khera', '36', 'Rajasthan', 'Pratapgarh', '', '', '', '0000-00-00'),
(44671, 'Bambori', '36', 'Rajasthan', 'Pratapgarh', '', '', '', '0000-00-00'),
(44672, 'Peepli Khera No.2', '36', 'Rajasthan', 'Pratapgarh', '', '', '', '0000-00-00'),
(44673, 'Kushalpura', '36', 'Rajasthan', 'Pratapgarh', '', '', '', '0000-00-00'),
(44674, 'Ranjal', '36', 'Rajasthan', 'Pratapgarh', '', '', '', '0000-00-00'),
(44675, 'Bhameriya', '36', 'Rajasthan', 'Pratapgarh', '', '', '', '0000-00-00'),
(44676, 'Samantpura', '36', 'Rajasthan', 'Pratapgarh', '', '', '', '0000-00-00'),
(44677, 'Bardeeya', '36', 'Rajasthan', 'Pratapgarh', '', '', '', '0000-00-00'),
(44678, 'Kanakpura', '36', 'Rajasthan', 'Pratapgarh', '', '', '', '0000-00-00'),
(44679, 'Khera', '36', 'Rajasthan', 'Pratapgarh', '', '', '', '0000-00-00'),
(44680, 'Kolvi', '36', 'Rajasthan', 'Pratapgarh', '', '', '', '0000-00-00'),
(44681, 'Kajli', '36', 'Rajasthan', 'Pratapgarh', '', '', '', '0000-00-00'),
(44682, 'Bila Khera', '36', 'Rajasthan', 'Pratapgarh', '', '', '', '0000-00-00'),
(44683, 'Gopalpura', '36', 'Rajasthan', 'Pratapgarh', '', '', '', '0000-00-00'),
(44684, 'Rathoron Ka Khera', '36', 'Rajasthan', 'Pratapgarh', '', '', '', '0000-00-00'),
(44685, 'Chamalawada', '36', 'Rajasthan', 'Pratapgarh', '', '', '', '0000-00-00'),
(44686, 'Padampura', '36', 'Rajasthan', 'Pratapgarh', '', '', '', '0000-00-00'),
(44687, 'Saba Khera No.1', '36', 'Rajasthan', 'Pratapgarh', '', '', '', '0000-00-00'),
(44688, 'Saba Khera No.2', '36', 'Rajasthan', 'Pratapgarh', '', '', '', '0000-00-00'),
(44689, 'Khakhri Khera No.2', '36', 'Rajasthan', 'Pratapgarh', '', '', '', '0000-00-00'),
(44690, 'Guman Pura Chhota', '36', 'Rajasthan', 'Pratapgarh', '', '', '', '0000-00-00'),
(44691, 'Amli Phalan', '36', 'Rajasthan', 'Pratapgarh', '', '', '', '0000-00-00'),
(44692, 'Gumanpura Bara', '36', 'Rajasthan', 'Pratapgarh', '', '', '', '0000-00-00'),
(44693, 'Naya Tapra', '36', 'Rajasthan', 'Pratapgarh', '', '', '', '0000-00-00'),
(44694, 'Kheejan Khera', '36', 'Rajasthan', 'Pratapgarh', '', '', '', '0000-00-00'),
(44695, 'Dhikaniya', '36', 'Rajasthan', 'Pratapgarh', '', '', '', '0000-00-00'),
(44696, 'Pada Khora', '36', 'Rajasthan', 'Pratapgarh', '', '', '', '0000-00-00'),
(44697, 'Hanuman Chauraya', '36', 'Rajasthan', 'Pratapgarh', '', '', '', '0000-00-00'),
(44698, 'Bara Varda', '36', 'Rajasthan', 'Pratapgarh', '', '', '', '0000-00-00'),
(44699, 'Bujhon Ka Ganwa', '36', 'Rajasthan', 'Pratapgarh', '', '', '', '0000-00-00'),
(44700, 'Nalwa', '36', 'Rajasthan', 'Pratapgarh', '', '', '', '0000-00-00'),
(44701, 'Rohan Khera', '36', 'Rajasthan', 'Pratapgarh', '', '', '', '0000-00-00'),
(44702, 'Anoppura', '36', 'Rajasthan', 'Pratapgarh', '', '', '', '0000-00-00'),
(44703, 'Nakor', '36', 'Rajasthan', 'Pratapgarh', '', '', '', '0000-00-00'),
(44704, 'Kalmi', '36', 'Rajasthan', 'Pratapgarh', '', '', '', '0000-00-00'),
(44705, 'Karma Khera', '36', 'Rajasthan', 'Pratapgarh', '', '', '', '0000-00-00'),
(44706, 'Jamboo Vela', '36', 'Rajasthan', 'Pratapgarh', '', '', '', '0000-00-00'),
(44707, 'Balaliya', '36', 'Rajasthan', 'Pratapgarh', '', '', '', '0000-00-00'),
(44708, 'Gyaspur', '36', 'Rajasthan', 'Pratapgarh', '', '', '', '0000-00-00'),
(44709, 'Deopura', '36', 'Rajasthan', 'Pratapgarh', '', '', '', '0000-00-00'),
(44710, 'Bordi', '36', 'Rajasthan', 'Pratapgarh', '', '', '', '0000-00-00'),
(44711, 'Peepli Khera', '36', 'Rajasthan', 'Pratapgarh', '', '', '', '0000-00-00'),
(44712, 'Phoolda', '36', 'Rajasthan', 'Pratapgarh', '', '', '', '0000-00-00'),
(44713, 'Jamboo Khera', '36', 'Rajasthan', 'Pratapgarh', '', '', '', '0000-00-00'),
(44714, 'Bihara', '36', 'Rajasthan', 'Pratapgarh', '', '', '', '0000-00-00'),
(44715, 'Teela', '36', 'Rajasthan', 'Pratapgarh', '', '', '', '0000-00-00'),
(44716, 'Mahoori Khera', '36', 'Rajasthan', 'Pratapgarh', '', '', '', '0000-00-00'),
(44717, 'Bhagwanpura', '36', 'Rajasthan', 'Pratapgarh', '', '', '', '0000-00-00'),
(44718, 'Baori Khera', '36', 'Rajasthan', 'Pratapgarh', '', '', '', '0000-00-00'),
(44719, 'Kheriyado', '36', 'Rajasthan', 'Pratapgarh', '', '', '', '0000-00-00'),
(44720, 'Havaniya Rundi', '36', 'Rajasthan', 'Pratapgarh', '', '', '', '0000-00-00'),
(44721, 'Amli Khora', '36', 'Rajasthan', 'Pratapgarh', '', '', '', '0000-00-00'),
(44722, 'Parkhanda', '36', 'Rajasthan', 'Pratapgarh', '', '', '', '0000-00-00'),
(44723, 'Tayari', '36', 'Rajasthan', 'Pratapgarh', '', '', '', '0000-00-00'),
(44724, 'Kundwa Rundi', '36', 'Rajasthan', 'Pratapgarh', '', '', '', '0000-00-00'),
(44725, 'Dalelpura Mota', '36', 'Rajasthan', 'Pratapgarh', '', '', '', '0000-00-00'),
(44726, 'Khoriya', '36', 'Rajasthan', 'Pratapgarh', '', '', '', '0000-00-00'),
(44727, 'Nagpura', '36', 'Rajasthan', 'Pratapgarh', '', '', '', '0000-00-00'),
(44728, 'Ratniya Kheri', '36', 'Rajasthan', 'Pratapgarh', '', '', '', '0000-00-00'),
(44729, 'Rathajana', '36', 'Rajasthan', 'Pratapgarh', '', '', '', '0000-00-00'),
(44730, 'Ghorawad', '36', 'Rajasthan', 'Pratapgarh', '', '', '', '0000-00-00'),
(44731, 'Thara', '36', 'Rajasthan', 'Pratapgarh', '', '', '', '0000-00-00'),
(44732, 'Lalpura Peepal Kheri', '36', 'Rajasthan', 'Pratapgarh', '', '', '', '0000-00-00'),
(44733, 'Kanora', '36', 'Rajasthan', 'Pratapgarh', '', '', '', '0000-00-00'),
(44734, 'Peeloo', '36', 'Rajasthan', 'Pratapgarh', '', '', '', '0000-00-00'),
(44735, 'Peelu Khera', '36', 'Rajasthan', 'Pratapgarh', '', '', '', '0000-00-00'),
(44736, 'Bhatkheri', '36', 'Rajasthan', 'Pratapgarh', '', '', '', '0000-00-00'),
(44737, 'Hadiji Ka Peepaliya', '36', 'Rajasthan', 'Pratapgarh', '', '', '', '0000-00-00'),
(44738, 'Sajanpuriya', '36', 'Rajasthan', 'Pratapgarh', '', '', '', '0000-00-00'),
(44739, 'Magroda', '36', 'Rajasthan', 'Pratapgarh', '', '', '', '0000-00-00'),
(44740, 'Tofakhera', '36', 'Rajasthan', 'Pratapgarh', '', '', '', '0000-00-00'),
(44741, 'Deri', '36', 'Rajasthan', 'Pratapgarh', '', '', '', '0000-00-00'),
(44742, 'Chamanaji Ka Peepaliya', '36', 'Rajasthan', 'Pratapgarh', '', '', '', '0000-00-00'),
(44743, 'Kolvi Mandir', '36', 'Rajasthan', 'Pratapgarh', '', '', '', '0000-00-00'),
(44744, 'Barkhera', '36', 'Rajasthan', 'Pratapgarh', '', '', '', '0000-00-00'),
(44745, 'Jaswant Pura', '36', 'Rajasthan', 'Pratapgarh', '', '', '', '0000-00-00'),
(44746, 'Haripura', '36', 'Rajasthan', 'Pratapgarh', '', '', '', '0000-00-00'),
(44747, 'Chhayan', '36', 'Rajasthan', 'Pratapgarh', '', '', '', '0000-00-00'),
(44748, 'Umarda', '36', 'Rajasthan', 'Pratapgarh', '', '', '', '0000-00-00'),
(44749, 'Panmodi', '36', 'Rajasthan', 'Pratapgarh', '', '', '', '0000-00-00'),
(44750, 'Semlop', '36', 'Rajasthan', 'Pratapgarh', '', '', '', '0000-00-00'),
(44751, 'Peeplitapra', '36', 'Rajasthan', 'Pratapgarh', '', '', '', '0000-00-00'),
(44752, 'Narayan Khera', '36', 'Rajasthan', 'Pratapgarh', '', '', '', '0000-00-00'),
(44753, 'Kunda Ka Tapra', '36', 'Rajasthan', 'Pratapgarh', '', '', '', '0000-00-00'),
(44754, 'Bilya Rundi', '36', 'Rajasthan', 'Pratapgarh', '', '', '', '0000-00-00'),
(44755, 'Kalsiya', '36', 'Rajasthan', 'Pratapgarh', '', '', '', '0000-00-00'),
(44756, 'Chowkri', '36', 'Rajasthan', 'Pratapgarh', '', '', '', '0000-00-00'),
(44757, 'Dhamotar', '36', 'Rajasthan', 'Pratapgarh', '', '', '', '0000-00-00'),
(44758, 'Chari Tapra', '36', 'Rajasthan', 'Pratapgarh', '', '', '', '0000-00-00'),
(44759, 'Kulmipura', '36', 'Rajasthan', 'Pratapgarh', '', '', '', '0000-00-00'),
(44760, 'Tanda', '36', 'Rajasthan', 'Pratapgarh', '', '', '', '0000-00-00'),
(44761, 'Dhalamu', '36', 'Rajasthan', 'Pratapgarh', '', '', '', '0000-00-00'),
(44762, 'Gopalpura', '36', 'Rajasthan', 'Pratapgarh', '', '', '', '0000-00-00'),
(44763, 'Hingoriya', '36', 'Rajasthan', 'Pratapgarh', '', '', '', '0000-00-00'),
(44764, 'Angora', '36', 'Rajasthan', 'Pratapgarh', '', '', '', '0000-00-00'),
(44765, 'Biyapathar', '36', 'Rajasthan', 'Pratapgarh', '', '', '', '0000-00-00'),
(44766, 'Majesariya', '36', 'Rajasthan', 'Pratapgarh', '', '', '', '0000-00-00'),
(44767, 'Hathani Kundi', '36', 'Rajasthan', 'Pratapgarh', '', '', '', '0000-00-00'),
(44768, 'Ranchhorpura', '36', 'Rajasthan', 'Pratapgarh', '', '', '', '0000-00-00'),
(44769, 'Bari', '36', 'Rajasthan', 'Pratapgarh', '', '', '', '0000-00-00'),
(44770, 'Samli Phatar', '36', 'Rajasthan', 'Pratapgarh', '', '', '', '0000-00-00'),
(44771, 'Ranpur', '36', 'Rajasthan', 'Pratapgarh', '', '', '', '0000-00-00'),
(44772, 'Chiklad', '36', 'Rajasthan', 'Pratapgarh', '', '', '', '0000-00-00'),
(44773, 'Punga Talab', '36', 'Rajasthan', 'Pratapgarh', '', '', '', '0000-00-00'),
(44774, 'Adavela', '36', 'Rajasthan', 'Pratapgarh', '', '', '', '0000-00-00'),
(44775, 'Khoontgarh', '36', 'Rajasthan', 'Pratapgarh', '', '', '', '0000-00-00'),
(44776, 'Jolar', '36', 'Rajasthan', 'Pratapgarh', '', '', '', '0000-00-00'),
(44777, 'Kalakhet', '36', 'Rajasthan', 'Pratapgarh', '', '', '', '0000-00-00'),
(44778, 'Magri', '36', 'Rajasthan', 'Pratapgarh', '', '', '', '0000-00-00'),
(44779, 'Kamla Kuri', '36', 'Rajasthan', 'Pratapgarh', '', '', '', '0000-00-00'),
(44780, 'Devgarh', '36', 'Rajasthan', 'Pratapgarh', '', '', '', '0000-00-00'),
(44781, 'Kesarpura', '36', 'Rajasthan', 'Pratapgarh', '', '', '', '0000-00-00'),
(44782, 'Lalpura', '36', 'Rajasthan', 'Pratapgarh', '', '', '', '0000-00-00'),
(44783, 'Prayag Ji Ka Pathar', '36', 'Rajasthan', 'Pratapgarh', '', '', '', '0000-00-00'),
(44784, 'Kher Magri', '36', 'Rajasthan', 'Pratapgarh', '', '', '', '0000-00-00'),
(44785, 'Luhariya', '36', 'Rajasthan', 'Pratapgarh', '', '', '', '0000-00-00'),
(44786, 'Manawala', '36', 'Rajasthan', 'Pratapgarh', '', '', '', '0000-00-00'),
(44787, 'Bamotar', '36', 'Rajasthan', 'Pratapgarh', '', '', '', '0000-00-00'),
(44788, 'Ambamata', '36', 'Rajasthan', 'Pratapgarh', '', '', '', '0000-00-00'),
(44789, 'Sidhpura', '36', 'Rajasthan', 'Pratapgarh', '', '', '', '0000-00-00'),
(44790, 'Maje Sariya Chhota', '36', 'Rajasthan', 'Pratapgarh', '', '', '', '0000-00-00'),
(44791, 'Bori', '36', 'Rajasthan', 'Pratapgarh', '', '', '', '0000-00-00'),
(44792, 'Kariyawad', '36', 'Rajasthan', 'Pratapgarh', '', '', '', '0000-00-00'),
(44793, 'Bajni', '36', 'Rajasthan', 'Pratapgarh', '', '', '', '0000-00-00'),
(44794, 'Gadola', '36', 'Rajasthan', 'Pratapgarh', '', '', '', '0000-00-00'),
(44795, 'Teriya Kheri', '36', 'Rajasthan', 'Pratapgarh', '', '', '', '0000-00-00'),
(44796, 'Palthan', '36', 'Rajasthan', 'Pratapgarh', '', '', '', '0000-00-00'),
(44797, 'Sakariya', '36', 'Rajasthan', 'Pratapgarh', '', '', '', '0000-00-00'),
(44798, 'Dama Kheri', '36', 'Rajasthan', 'Pratapgarh', '', '', '', '0000-00-00'),
(44799, 'Bhunwasiya', '36', 'Rajasthan', 'Pratapgarh', '', '', '', '0000-00-00'),
(44800, 'Dhamliya', '36', 'Rajasthan', 'Pratapgarh', '', '', '', '0000-00-00'),
(44801, 'Kamliya', '36', 'Rajasthan', 'Pratapgarh', '', '', '', '0000-00-00'),
(44802, 'Amlawad', '36', 'Rajasthan', 'Pratapgarh', '', '', '', '0000-00-00'),
(44803, 'Khadiya Kheri', '36', 'Rajasthan', 'Pratapgarh', '', '', '', '0000-00-00'),
(44804, 'Cheniya Kheri', '36', 'Rajasthan', 'Pratapgarh', '', '', '', '0000-00-00'),
(44805, 'Varmandal', '36', 'Rajasthan', 'Pratapgarh', '', '', '', '0000-00-00'),
(44806, 'Dabra', '36', 'Rajasthan', 'Pratapgarh', '', '', '', '0000-00-00'),
(44807, 'Achalpuriya', '36', 'Rajasthan', 'Pratapgarh', '', '', '', '0000-00-00'),
(44808, 'Gardora', '36', 'Rajasthan', 'Pratapgarh', '', '', '', '0000-00-00'),
(44809, 'Gardori', '36', 'Rajasthan', 'Pratapgarh', '', '', '', '0000-00-00'),
(44810, 'Kalyanpura', '36', 'Rajasthan', 'Pratapgarh', '', '', '', '0000-00-00'),
(44811, 'Nathu Kheri', '36', 'Rajasthan', 'Pratapgarh', '', '', '', '0000-00-00'),
(44812, 'Kachnara', '36', 'Rajasthan', 'Pratapgarh', '', '', '', '0000-00-00'),
(44813, 'Richhawara', '36', 'Rajasthan', 'Pratapgarh', '', '', '', '0000-00-00'),
(44814, 'Morjhar', '36', 'Rajasthan', 'Pratapgarh', '', '', '', '0000-00-00'),
(44815, 'Katkari', '36', 'Rajasthan', 'Pratapgarh', '', '', '', '0000-00-00'),
(44816, 'Machlani', '36', 'Rajasthan', 'Pratapgarh', '', '', '', '0000-00-00'),
(44817, 'Machlana', '36', 'Rajasthan', 'Pratapgarh', '', '', '', '0000-00-00'),
(44818, 'Hatuniya', '36', 'Rajasthan', 'Pratapgarh', '', '', '', '0000-00-00'),
(44819, 'Pratappura', '36', 'Rajasthan', 'Pratapgarh', '', '', '', '0000-00-00'),
(44820, 'Seengpuriya', '36', 'Rajasthan', 'Pratapgarh', '', '', '', '0000-00-00'),
(44821, 'Ghotarsi', '36', 'Rajasthan', 'Pratapgarh', '', '', '', '0000-00-00'),
(44822, 'Mokhampura', '36', 'Rajasthan', 'Pratapgarh', '', '', '', '0000-00-00'),
(44823, 'Awleshwar', '36', 'Rajasthan', 'Pratapgarh', '', '', '', '0000-00-00'),
(44824, 'Gordhanpura', '36', 'Rajasthan', 'Pratapgarh', '', '', '', '0000-00-00'),
(44825, 'Basad', '36', 'Rajasthan', 'Pratapgarh', '', '', '', '0000-00-00'),
(44826, 'Karmadi Khera', '36', 'Rajasthan', 'Pratapgarh', '', '', '', '0000-00-00'),
(44827, 'Salamgarh', '36', 'Rajasthan', 'Pratapgarh', '', '', '', '0000-00-00'),
(44828, 'Gopalpura', '36', 'Rajasthan', 'Pratapgarh', '', '', '', '0000-00-00'),
(44829, 'Naya Kheri', '36', 'Rajasthan', 'Pratapgarh', '', '', '', '0000-00-00'),
(44830, 'Achalpur', '36', 'Rajasthan', 'Pratapgarh', '', '', '', '0000-00-00'),
(44831, 'Dor', '36', 'Rajasthan', 'Pratapgarh', '', '', '', '0000-00-00'),
(44832, 'Chhoti Bambori', '36', 'Rajasthan', 'Pratapgarh', '', '', '', '0000-00-00'),
(44833, 'Bari Bambori', '36', 'Rajasthan', 'Pratapgarh', '', '', '', '0000-00-00'),
(44834, 'Shahji Ki Pathar', '36', 'Rajasthan', 'Pratapgarh', '', '', '', '0000-00-00'),
(44835, 'Chhotilank', '36', 'Rajasthan', 'Pratapgarh', '', '', '', '0000-00-00'),
(44836, 'Sitamagri', '36', 'Rajasthan', 'Pratapgarh', '', '', '', '0000-00-00'),
(44837, 'Khanan', '36', 'Rajasthan', 'Pratapgarh', '', '', '', '0000-00-00'),
(44838, 'Bari Lank', '36', 'Rajasthan', 'Pratapgarh', '', '', '', '0000-00-00'),
(44839, 'Gamet', '36', 'Rajasthan', 'Pratapgarh', '', '', '', '0000-00-00'),
(44840, 'Dharni', '36', 'Rajasthan', 'Pratapgarh', '', '', '', '0000-00-00'),
(44841, 'Kotwal', '36', 'Rajasthan', 'Pratapgarh', '', '', '', '0000-00-00'),
(44842, 'Odwara', '36', 'Rajasthan', 'Pratapgarh', '', '', '', '0000-00-00'),
(44843, 'Karoli', '36', 'Rajasthan', 'Pratapgarh', '', '', '', '0000-00-00'),
(44844, 'Bhanwar Semla', '36', 'Rajasthan', 'Pratapgarh', '', '', '', '0000-00-00'),
(44845, 'Raja Rundi', '36', 'Rajasthan', 'Pratapgarh', '', '', '', '0000-00-00'),
(44846, 'Chatariya Kheri', '36', 'Rajasthan', 'Pratapgarh', '', '', '', '0000-00-00'),
(44847, 'Teemarwa', '36', 'Rajasthan', 'Pratapgarh', '', '', '', '0000-00-00'),
(44848, 'Makanpura', '36', 'Rajasthan', 'Pratapgarh', '', '', '', '0000-00-00'),
(44849, 'Manohar Garh', '36', 'Rajasthan', 'Pratapgarh', '', '', '', '0000-00-00'),
(44850, 'Boma', '36', 'Rajasthan', 'Pratapgarh', '', '', '', '0000-00-00'),
(44851, 'Baneriya Khurd', '36', 'Rajasthan', 'Pratapgarh', '', '', '', '0000-00-00'),
(44852, 'Karyawad', '36', 'Rajasthan', 'Pratapgarh', '', '', '', '0000-00-00'),
(44853, 'Seengpuriya', '36', 'Rajasthan', 'Pratapgarh', '', '', '', '0000-00-00'),
(44854, 'Keet Kheri', '36', 'Rajasthan', 'Pratapgarh', '', '', '', '0000-00-00'),
(44855, 'Rajora', '36', 'Rajasthan', 'Pratapgarh', '', '', '', '0000-00-00'),
(44856, 'Semli', '36', 'Rajasthan', 'Pratapgarh', '', '', '', '0000-00-00'),
(44857, 'Dewad', '36', 'Rajasthan', 'Pratapgarh', '', '', '', '0000-00-00'),
(44858, 'Karadiya', '36', 'Rajasthan', 'Pratapgarh', '', '', '', '0000-00-00'),
(44859, 'Arniya', '36', 'Rajasthan', 'Pratapgarh', '', '', '', '0000-00-00'),
(44860, 'Sakar Kheri', '36', 'Rajasthan', 'Pratapgarh', '', '', '', '0000-00-00'),
(44861, 'Basera', '36', 'Rajasthan', 'Pratapgarh', '', '', '', '0000-00-00'),
(44862, 'Selarpura Kalan', '36', 'Rajasthan', 'Pratapgarh', '', '', '', '0000-00-00'),
(44863, 'Kuni', '36', 'Rajasthan', 'Pratapgarh', '', '', '', '0000-00-00'),
(44864, 'Rajpuriya', '36', 'Rajasthan', 'Pratapgarh', '', '', '', '0000-00-00'),
(44865, 'Kanthar', '36', 'Rajasthan', 'Pratapgarh', '', '', '', '0000-00-00'),
(44866, 'Nanana', '36', 'Rajasthan', 'Pratapgarh', '', '', '', '0000-00-00'),
(44867, 'Dhanesari', '36', 'Rajasthan', 'Pratapgarh', '', '', '', '0000-00-00'),
(44868, 'Barodiya', '36', 'Rajasthan', 'Pratapgarh', '', '', '', '0000-00-00'),
(44869, 'Patniya', '36', 'Rajasthan', 'Pratapgarh', '', '', '', '0000-00-00'),
(44870, 'Barkheri', '36', 'Rajasthan', 'Pratapgarh', '', '', '', '0000-00-00'),
(44871, 'Bagariya', '36', 'Rajasthan', 'Pratapgarh', '', '', '', '0000-00-00'),
(44872, 'Barotha', '36', 'Rajasthan', 'Pratapgarh', '', '', '', '0000-00-00'),
(44873, 'Takrawad', '36', 'Rajasthan', 'Pratapgarh', '', '', '', '0000-00-00'),
(44874, 'Sekri', '36', 'Rajasthan', 'Pratapgarh', '', '', '', '0000-00-00'),
(44875, 'Ramgarh', '36', 'Rajasthan', 'Pratapgarh', '', '', '', '0000-00-00'),
(44876, 'Jaswantpura', '36', 'Rajasthan', 'Pratapgarh', '', '', '', '0000-00-00'),
(44877, 'Theekariya', '36', 'Rajasthan', 'Pratapgarh', '', '', '', '0000-00-00'),
(44878, 'Asawata', '36', 'Rajasthan', 'Pratapgarh', '', '', '', '0000-00-00'),
(44879, 'Bajrang Garh', '36', 'Rajasthan', 'Pratapgarh', '', '', '', '0000-00-00'),
(44880, 'Bhanawada', '36', 'Rajasthan', 'Pratapgarh', '', '', '', '0000-00-00'),
(44881, 'Akhepur', '36', 'Rajasthan', 'Pratapgarh', '', '', '', '0000-00-00'),
(44882, 'Sanchai', '36', 'Rajasthan', 'Pratapgarh', '', '', '', '0000-00-00'),
(44883, 'Jhasri', '36', 'Rajasthan', 'Pratapgarh', '', '', '', '0000-00-00'),
(44884, 'Sohanpur', '36', 'Rajasthan', 'Pratapgarh', '', '', '', '0000-00-00'),
(44885, 'Talab Khera', '36', 'Rajasthan', 'Pratapgarh', '', '', '', '0000-00-00'),
(44886, 'Khatori', '36', 'Rajasthan', 'Pratapgarh', '', '', '', '0000-00-00'),
(44887, 'Jogi Khera', '36', 'Rajasthan', 'Pratapgarh', '', '', '', '0000-00-00'),
(44888, 'Amarpura', '36', 'Rajasthan', 'Pratapgarh', '', '', '', '0000-00-00'),
(44889, 'Dodiyar Khera', '36', 'Rajasthan', 'Pratapgarh', '', '', '', '0000-00-00'),
(44890, 'Panriya', '36', 'Rajasthan', 'Pratapgarh', '', '', '', '0000-00-00'),
(44891, 'Harmar Khera', '36', 'Rajasthan', 'Pratapgarh', '', '', '', '0000-00-00'),
(44892, 'Kanpuriya', '36', 'Rajasthan', 'Pratapgarh', '', '', '', '0000-00-00'),
(44893, 'Amli Khera', '36', 'Rajasthan', 'Pratapgarh', '', '', '', '0000-00-00'),
(44894, 'Dindor Khera', '36', 'Rajasthan', 'Pratapgarh', '', '', '', '0000-00-00'),
(44895, 'Dor Ka Khera', '36', 'Rajasthan', 'Pratapgarh', '', '', '', '0000-00-00'),
(44896, 'Churayta', '36', 'Rajasthan', 'Pratapgarh', '', '', '', '0000-00-00'),
(44897, 'Pathari', '36', 'Rajasthan', 'Pratapgarh', '', '', '', '0000-00-00'),
(44898, 'Nanirel', '36', 'Rajasthan', 'Pratapgarh', '', '', '', '0000-00-00'),
(44899, 'Sela Tonk', '36', 'Rajasthan', 'Pratapgarh', '', '', '', '0000-00-00'),
(44900, 'Ganwa Khera', '36', 'Rajasthan', 'Pratapgarh', '', '', '', '0000-00-00'),
(44901, 'Borwana', '36', 'Rajasthan', 'Pratapgarh', '', '', '', '0000-00-00'),
(44902, 'Nai Ka Pathar', '36', 'Rajasthan', 'Pratapgarh', '', '', '', '0000-00-00'),
(44903, 'Kerwas', '36', 'Rajasthan', 'Pratapgarh', '', '', '', '0000-00-00'),
(44904, 'Jhaunda', '36', 'Rajasthan', 'Pratapgarh', '', '', '', '0000-00-00'),
(44905, 'Kherot', '36', 'Rajasthan', 'Pratapgarh', '', '', '', '0000-00-00'),
(44906, 'Jahazpur', '36', 'Rajasthan', 'Pratapgarh', '', '', '', '0000-00-00'),
(44907, 'Gandher', '36', 'Rajasthan', 'Pratapgarh', '', '', '', '0000-00-00'),
(44908, 'Sodalpuriya', '36', 'Rajasthan', 'Pratapgarh', '', '', '', '0000-00-00'),
(44909, 'Seedheriya', '36', 'Rajasthan', 'Pratapgarh', '', '', '', '0000-00-00'),
(44910, 'Ghas Khera', '36', 'Rajasthan', 'Pratapgarh', '', '', '', '0000-00-00'),
(44911, 'Selarpura Khurd', '36', 'Rajasthan', 'Pratapgarh', '', '', '', '0000-00-00'),
(44912, 'Barkheri', '36', 'Rajasthan', 'Pratapgarh', '', '', '', '0000-00-00'),
(44913, 'Belari', '36', 'Rajasthan', 'Pratapgarh', '', '', '', '0000-00-00'),
(44914, 'Belara', '36', 'Rajasthan', 'Pratapgarh', '', '', '', '0000-00-00'),
(44915, 'Kulthana', '36', 'Rajasthan', 'Pratapgarh', '', '', '', '0000-00-00'),
(44916, 'Raipuriya', '36', 'Rajasthan', 'Pratapgarh', '', '', '', '0000-00-00'),
(44917, 'Sanoti', '36', 'Rajasthan', 'Pratapgarh', '', '', '', '0000-00-00'),
(44918, 'Bilesari', '36', 'Rajasthan', 'Pratapgarh', '', '', '', '0000-00-00'),
(44919, 'Umar Kheri', '36', 'Rajasthan', 'Pratapgarh', '', '', '', '0000-00-00'),
(44920, 'Arnod', '36', 'Rajasthan', 'Arnod', '', '', '', '0000-00-00'),
(44921, 'Dhurawato Ka Khera', '36', 'Rajasthan', 'Arnod', '', '', '', '0000-00-00'),
(44922, 'Ganga Khoh', '36', 'Rajasthan', 'Arnod', '', '', '', '0000-00-00'),
(44923, 'Achlawada', '36', 'Rajasthan', 'Arnod', '', '', '', '0000-00-00'),
(44924, 'Ratriya', '36', 'Rajasthan', 'Arnod', '', '', '', '0000-00-00'),
(44925, 'Bhatkhali', '36', 'Rajasthan', 'Arnod', '', '', '', '0000-00-00'),
(44926, 'Lalpura', '36', 'Rajasthan', 'Arnod', '', '', '', '0000-00-00'),
(44927, 'Khora', '36', 'Rajasthan', 'Arnod', '', '', '', '0000-00-00'),
(44928, 'Naya Khera', '36', 'Rajasthan', 'Arnod', '', '', '', '0000-00-00'),
(44929, 'Jhankar', '36', 'Rajasthan', 'Arnod', '', '', '', '0000-00-00'),
(44930, 'Veerawali', '36', 'Rajasthan', 'Arnod', '', '', '', '0000-00-00'),
(44931, 'Baneriya Kalan', '36', 'Rajasthan', 'Arnod', '', '', '', '0000-00-00'),
(44932, 'Chacha Kheri', '36', 'Rajasthan', 'Arnod', '', '', '', '0000-00-00'),
(44933, 'Mandawara', '36', 'Rajasthan', 'Arnod', '', '', '', '0000-00-00'),
(44934, 'Jajali', '36', 'Rajasthan', 'Arnod', '', '', '', '0000-00-00'),
(44935, 'Uchwaniyan', '36', 'Rajasthan', 'Arnod', '', '', '', '0000-00-00'),
(44936, 'Nathu Kheri', '36', 'Rajasthan', 'Arnod', '', '', '', '0000-00-00'),
(44937, 'Athinera', '36', 'Rajasthan', 'Arnod', '', '', '', '0000-00-00'),
(44938, 'Kodinera', '36', 'Rajasthan', 'Arnod', '', '', '', '0000-00-00'),
(44939, 'Seengpuriya Charanon Ka', '36', 'Rajasthan', 'Arnod', '', '', '', '0000-00-00'),
(44940, 'Reechha', '36', 'Rajasthan', 'Arnod', '', '', '', '0000-00-00'),
(44941, 'Jethiya Kheri', '36', 'Rajasthan', 'Arnod', '', '', '', '0000-00-00'),
(44942, 'Hamja Kheri', '36', 'Rajasthan', 'Arnod', '', '', '', '0000-00-00'),
(44943, 'Bedma', '36', 'Rajasthan', 'Arnod', '', '', '', '0000-00-00'),
(44944, 'Nogawan', '36', 'Rajasthan', 'Arnod', '', '', '', '0000-00-00'),
(44945, 'Nagdera', '36', 'Rajasthan', 'Arnod', '', '', '', '0000-00-00'),
(44946, 'Arnod', '36', 'Rajasthan', 'Arnod', '', '', '', '0000-00-00'),
(44947, 'Gotameshwar', '36', 'Rajasthan', 'Arnod', '', '', '', '0000-00-00'),
(44948, 'Cheekat', '36', 'Rajasthan', 'Arnod', '', '', '', '0000-00-00'),
(44949, 'Roopaghati', '36', 'Rajasthan', 'Arnod', '', '', '', '0000-00-00'),
(44950, 'Peepalya', '36', 'Rajasthan', 'Arnod', '', '', '', '0000-00-00'),
(44951, 'Oda', '36', 'Rajasthan', 'Arnod', '', '', '', '0000-00-00'),
(44952, 'Lalgarh', '36', 'Rajasthan', 'Arnod', '', '', '', '0000-00-00'),
(44953, 'Kanad', '36', 'Rajasthan', 'Arnod', '', '', '', '0000-00-00'),
(44954, 'Ummedpura', '36', 'Rajasthan', 'Arnod', '', '', '', '0000-00-00'),
(44955, 'Mahuri Khera', '36', 'Rajasthan', 'Arnod', '', '', '', '0000-00-00'),
(44956, 'Sakhthali Khurd', '36', 'Rajasthan', 'Arnod', '', '', '', '0000-00-00'),
(44957, 'Dor', '36', 'Rajasthan', 'Arnod', '', '', '', '0000-00-00'),
(44958, 'Kankariya', '36', 'Rajasthan', 'Arnod', '', '', '', '0000-00-00'),
(44959, 'Kharkhara', '36', 'Rajasthan', 'Arnod', '', '', '', '0000-00-00'),
(44960, 'Ramnagar', '36', 'Rajasthan', 'Arnod', '', '', '', '0000-00-00'),
(44961, 'Barwas Khurd', '36', 'Rajasthan', 'Arnod', '', '', '', '0000-00-00'),
(44962, 'Loopri', '36', 'Rajasthan', 'Arnod', '', '', '', '0000-00-00'),
(44963, 'Mata Ji Ka Seegpuriya', '36', 'Rajasthan', 'Arnod', '', '', '', '0000-00-00'),
(44964, 'Dewaldi', '36', 'Rajasthan', 'Arnod', '', '', '', '0000-00-00'),
(44965, 'Padooni', '36', 'Rajasthan', 'Arnod', '', '', '', '0000-00-00'),
(44966, 'Vanpura', '36', 'Rajasthan', 'Arnod', '', '', '', '0000-00-00'),
(44967, 'Ratangarh', '36', 'Rajasthan', 'Arnod', '', '', '', '0000-00-00'),
(44968, 'Tanda', '36', 'Rajasthan', 'Arnod', '', '', '', '0000-00-00'),
(44969, 'Baga Kheri', '36', 'Rajasthan', 'Arnod', '', '', '', '0000-00-00'),
(44970, 'Faredi', '36', 'Rajasthan', 'Arnod', '', '', '', '0000-00-00'),
(44971, 'Choopna', '36', 'Rajasthan', 'Arnod', '', '', '', '0000-00-00'),
(44972, 'Mowai', '36', 'Rajasthan', 'Arnod', '', '', '', '0000-00-00'),
(44973, 'Moya Khera', '36', 'Rajasthan', 'Arnod', '', '', '', '0000-00-00'),
(44974, 'Diwala', '36', 'Rajasthan', 'Arnod', '', '', '', '0000-00-00'),
(44975, 'Moheda', '36', 'Rajasthan', 'Arnod', '', '', '', '0000-00-00'),
(44976, 'Fatehgarh', '36', 'Rajasthan', 'Arnod', '', '', '', '0000-00-00'),
(44977, 'Manpura Khurd', '36', 'Rajasthan', 'Arnod', '', '', '', '0000-00-00'),
(44978, 'Mokha Ka Tonk', '36', 'Rajasthan', 'Arnod', '', '', '', '0000-00-00'),
(44979, 'Mewadi', '36', 'Rajasthan', 'Arnod', '', '', '', '0000-00-00'),
(44980, 'Bheempura', '36', 'Rajasthan', 'Arnod', '', '', '', '0000-00-00'),
(44981, 'Pratappura', '36', 'Rajasthan', 'Arnod', '', '', '', '0000-00-00'),
(44982, 'Heenglat', '36', 'Rajasthan', 'Arnod', '', '', '', '0000-00-00'),
(44983, 'Bhaisa Dabar', '36', 'Rajasthan', 'Arnod', '', '', '', '0000-00-00'),
(44984, 'Narayanpura', '36', 'Rajasthan', 'Arnod', '', '', '', '0000-00-00'),
(44985, 'Ukala', '36', 'Rajasthan', 'Arnod', '', '', '', '0000-00-00'),
(44986, 'Pingthali', '36', 'Rajasthan', 'Arnod', '', '', '', '0000-00-00'),
(44987, 'Nagdi', '36', 'Rajasthan', 'Arnod', '', '', '', '0000-00-00'),
(44988, 'Achnara', '36', 'Rajasthan', 'Arnod', '', '', '', '0000-00-00'),
(44989, 'Barkheri', '36', 'Rajasthan', 'Arnod', '', '', '', '0000-00-00'),
(44990, 'Semla Khera', '36', 'Rajasthan', 'Arnod', '', '', '', '0000-00-00'),
(44991, 'Dorana', '36', 'Rajasthan', 'Arnod', '', '', '', '0000-00-00'),
(44992, 'Narwali', '36', 'Rajasthan', 'Arnod', '', '', '', '0000-00-00'),
(44993, 'Parpatiya', '36', 'Rajasthan', 'Arnod', '', '', '', '0000-00-00'),
(44994, 'Sholi', '36', 'Rajasthan', 'Arnod', '', '', '', '0000-00-00'),
(44995, 'Kotri', '36', 'Rajasthan', 'Arnod', '', '', '', '0000-00-00'),
(44996, 'Bhairoo Khankhara', '36', 'Rajasthan', 'Arnod', '', '', '', '0000-00-00'),
(44997, 'Mandwi', '36', 'Rajasthan', 'Arnod', '', '', '', '0000-00-00'),
(44998, 'Semal Kheri', '36', 'Rajasthan', 'Arnod', '', '', '', '0000-00-00'),
(44999, 'Jeerawata', '36', 'Rajasthan', 'Arnod', '', '', '', '0000-00-00'),
(45000, 'Lalakheri', '36', 'Rajasthan', 'Arnod', '', '', '', '0000-00-00'),
(45001, 'Moba Kheri', '36', 'Rajasthan', 'Arnod', '', '', '', '0000-00-00'),
(45002, 'Kachnara', '36', 'Rajasthan', 'Arnod', '', '', '', '0000-00-00'),
(45003, 'Mal Chacha Kheri', '36', 'Rajasthan', 'Arnod', '', '', '', '0000-00-00'),
(45004, 'Barwas Kalan', '36', 'Rajasthan', 'Arnod', '', '', '', '0000-00-00'),
(45005, 'Bhanji Khera', '36', 'Rajasthan', 'Arnod', '', '', '', '0000-00-00'),
(45006, 'Khajuri Khera', '36', 'Rajasthan', 'Arnod', '', '', '', '0000-00-00'),
(45007, 'Udiya Kheri', '36', 'Rajasthan', 'Arnod', '', '', '', '0000-00-00'),
(45008, 'Morundi', '36', 'Rajasthan', 'Arnod', '', '', '', '0000-00-00'),
(45009, 'Kannar', '36', 'Rajasthan', 'Arnod', '', '', '', '0000-00-00'),
(45010, 'Depur', '36', 'Rajasthan', 'Arnod', '', '', '', '0000-00-00'),
(45011, 'Pathari', '36', 'Rajasthan', 'Arnod', '', '', '', '0000-00-00'),
(45012, 'Khajoori', '36', 'Rajasthan', 'Arnod', '', '', '', '0000-00-00'),
(45013, 'Bhogpura', '36', 'Rajasthan', 'Arnod', '', '', '', '0000-00-00'),
(45014, 'Mau Khera', '36', 'Rajasthan', 'Arnod', '', '', '', '0000-00-00'),
(45015, 'Shambhoopura', '36', 'Rajasthan', 'Arnod', '', '', '', '0000-00-00'),
(45016, 'Ramjhara', '36', 'Rajasthan', 'Arnod', '', '', '', '0000-00-00'),
(45017, 'Lamba Ghata', '36', 'Rajasthan', 'Arnod', '', '', '', '0000-00-00'),
(45018, 'Padampuri', '36', 'Rajasthan', 'Arnod', '', '', '', '0000-00-00'),
(45019, 'Pagara', '36', 'Rajasthan', 'Arnod', '', '', '', '0000-00-00'),
(45020, 'Nawa Khera', '36', 'Rajasthan', 'Arnod', '', '', '', '0000-00-00'),
(45021, 'Salamgarh', '36', 'Rajasthan', 'Arnod', '', '', '', '0000-00-00'),
(45022, 'Langariya', '36', 'Rajasthan', 'Arnod', '', '', '', '0000-00-00'),
(45023, 'Lapariya Rundi', '36', 'Rajasthan', 'Arnod', '', '', '', '0000-00-00'),
(45024, 'Sewana', '36', 'Rajasthan', 'Arnod', '', '', '', '0000-00-00'),
(45025, 'Doodhiya Talab', '36', 'Rajasthan', 'Arnod', '', '', '', '0000-00-00'),
(45026, 'Saat Saheliya', '36', 'Rajasthan', 'Arnod', '', '', '', '0000-00-00'),
(45027, 'Chikali', '36', 'Rajasthan', 'Arnod', '', '', '', '0000-00-00'),
(45028, 'Kheri', '36', 'Rajasthan', 'Arnod', '', '', '', '0000-00-00'),
(45029, 'Bhachundla', '36', 'Rajasthan', 'Arnod', '', '', '', '0000-00-00'),
(45030, 'Malpeeprodi', '36', 'Rajasthan', 'Arnod', '', '', '', '0000-00-00'),
(45031, 'Peeprodi', '36', 'Rajasthan', 'Arnod', '', '', '', '0000-00-00'),
(45032, 'Meerawata', '36', 'Rajasthan', 'Arnod', '', '', '', '0000-00-00'),
(45033, 'Chakoonda', '36', 'Rajasthan', 'Arnod', '', '', '', '0000-00-00'),
(45034, 'Siliya Kheri', '36', 'Rajasthan', 'Arnod', '', '', '', '0000-00-00'),
(45035, 'Chandera', '36', 'Rajasthan', 'Arnod', '', '', '', '0000-00-00'),
(45036, 'Parkhanda', '36', 'Rajasthan', 'Arnod', '', '', '', '0000-00-00'),
(45037, 'Parav', '36', 'Rajasthan', 'Arnod', '', '', '', '0000-00-00'),
(45038, 'Dalot', '36', 'Rajasthan', 'Arnod', '', '', '', '0000-00-00'),
(45039, 'Diwala', '36', 'Rajasthan', 'Arnod', '', '', '', '0000-00-00'),
(45040, 'Sat Mahuri', '36', 'Rajasthan', 'Arnod', '', '', '', '0000-00-00'),
(45041, 'Sardarpura', '36', 'Rajasthan', 'Arnod', '', '', '', '0000-00-00'),
(45042, 'Jharmari', '36', 'Rajasthan', 'Arnod', '', '', '', '0000-00-00'),
(45043, 'Jamboo Kudi', '36', 'Rajasthan', 'Arnod', '', '', '', '0000-00-00'),
(45044, 'Raipur', '36', 'Rajasthan', 'Arnod', '', '', '', '0000-00-00'),
(45045, 'Suthar Ghati', '36', 'Rajasthan', 'Arnod', '', '', '', '0000-00-00'),
(45046, 'Bhandariya', '36', 'Rajasthan', 'Arnod', '', '', '', '0000-00-00'),
(45047, 'Khajoori', '36', 'Rajasthan', 'Arnod', '', '', '', '0000-00-00'),
(45048, 'Mahuri Khera', '36', 'Rajasthan', 'Arnod', '', '', '', '0000-00-00'),
(45049, 'Baman Kheri', '36', 'Rajasthan', 'Arnod', '', '', '', '0000-00-00'),
(45050, 'Ranon Ka Khera', '36', 'Rajasthan', 'Arnod', '', '', '', '0000-00-00'),
(45051, 'Karai Khera', '36', 'Rajasthan', 'Arnod', '', '', '', '0000-00-00'),
(45052, 'Khanpura', '36', 'Rajasthan', 'Arnod', '', '', '', '0000-00-00'),
(45053, 'Bujon Ka Khera', '36', 'Rajasthan', 'Arnod', '', '', '', '0000-00-00'),
(45054, 'Talab Khera', '36', 'Rajasthan', 'Arnod', '', '', '', '0000-00-00'),
(45055, 'Seegaron Ka Khera', '36', 'Rajasthan', 'Arnod', '', '', '', '0000-00-00'),
(45056, 'Padriyon Ka Khera', '36', 'Rajasthan', 'Arnod', '', '', '', '0000-00-00'),
(45057, 'Raipur Jangal', '36', 'Rajasthan', 'Arnod', '', '', '', '0000-00-00'),
(45058, 'Nawa Khera', '36', 'Rajasthan', 'Arnod', '', '', '', '0000-00-00'),
(45059, 'Kesharpura', '36', 'Rajasthan', 'Arnod', '', '', '', '0000-00-00'),
(45060, 'Talab Khera', '36', 'Rajasthan', 'Arnod', '', '', '', '0000-00-00'),
(45061, 'Gatkar', '36', 'Rajasthan', 'Arnod', '', '', '', '0000-00-00'),
(45062, 'Lala Kheri', '36', 'Rajasthan', 'Arnod', '', '', '', '0000-00-00'),
(45063, 'Neenor', '36', 'Rajasthan', 'Arnod', '', '', '', '0000-00-00'),
(45064, 'Ambedi', '36', 'Rajasthan', 'Arnod', '', '', '', '0000-00-00'),
(45065, 'Dharmagra', '36', 'Rajasthan', 'Arnod', '', '', '', '0000-00-00'),
(45066, 'Lakhaniya', '36', 'Rajasthan', 'Arnod', '', '', '', '0000-00-00'),
(45067, 'Khoontwas', '36', 'Rajasthan', 'Arnod', '', '', '', '0000-00-00'),
(45068, 'Panchewa', '36', 'Rajasthan', 'Arnod', '', '', '', '0000-00-00'),
(45069, 'Bordiya', '36', 'Rajasthan', 'Arnod', '', '', '', '0000-00-00'),
(45070, 'Jalandhar Khera', '36', 'Rajasthan', 'Arnod', '', '', '', '0000-00-00'),
(45071, 'Bari Sakhthali', '36', 'Rajasthan', 'Arnod', '', '', '', '0000-00-00'),
(45072, 'Banslai', '36', 'Rajasthan', 'Arnod', '', '', '', '0000-00-00'),
(45073, 'Kalapani', '36', 'Rajasthan', 'Arnod', '', '', '', '0000-00-00'),
(45074, 'Pooniya Kheri', '36', 'Rajasthan', 'Arnod', '', '', '', '0000-00-00'),
(45075, 'Uthel', '36', 'Rajasthan', 'Arnod', '', '', '', '0000-00-00'),
(45076, 'Manpura Khurd', '36', 'Rajasthan', 'Arnod', '', '', '', '0000-00-00'),
(45077, 'Manpura Kalan', '36', 'Rajasthan', 'Arnod', '', '', '', '0000-00-00'),
(45078, 'Parnala', '36', 'Rajasthan', 'Arnod', '', '', '', '0000-00-00'),
(45079, 'Guwali', '36', 'Rajasthan', 'Arnod', '', '', '', '0000-00-00'),
(45080, 'Nandi Khera', '36', 'Rajasthan', 'Arnod', '', '', '', '0000-00-00'),
(45081, 'Sagron Ka Khera', '36', 'Rajasthan', 'Arnod', '', '', '', '0000-00-00'),
(45082, 'Kumharion Ka Pathar', '36', 'Rajasthan', 'Arnod', '', '', '', '0000-00-00'),
(45083, 'Roopgarh', '36', 'Rajasthan', 'Arnod', '', '', '', '0000-00-00'),
(45084, 'Bhoora Ghata', '36', 'Rajasthan', 'Arnod', '', '', '', '0000-00-00'),
(45085, 'Veerpura', '36', 'Rajasthan', 'Arnod', '', '', '', '0000-00-00'),
(45086, 'Mana Peepli', '36', 'Rajasthan', 'Arnod', '', '', '', '0000-00-00'),
(45087, 'Hameerpura', '36', 'Rajasthan', 'Arnod', '', '', '', '0000-00-00'),
(45088, 'Kangarh', '36', 'Rajasthan', 'Arnod', '', '', '', '0000-00-00'),
(45089, 'Sarkot', '36', 'Rajasthan', 'Arnod', '', '', '', '0000-00-00'),
(45090, 'Choklipipali', '36', 'Rajasthan', 'Arnod', '', '', '', '0000-00-00'),
(45091, 'Lalpura', '36', 'Rajasthan', 'Arnod', '', '', '', '0000-00-00'),
(45092, 'Ajanda', '36', 'Rajasthan', 'Arnod', '', '', '', '0000-00-00'),
(45093, 'Bhat Bhamriya', '36', 'Rajasthan', 'Arnod', '', '', '', '0000-00-00'),
(45094, 'Bhaison Ki Nal', '36', 'Rajasthan', 'Arnod', '', '', '', '0000-00-00'),
(45095, 'Luhar Khali', '36', 'Rajasthan', 'Arnod', '', '', '', '0000-00-00'),
(45096, 'Patariya', '36', 'Rajasthan', 'Arnod', '', '', '', '0000-00-00'),
(45097, 'Ambeerama', '36', 'Rajasthan', 'Arnod', '', '', '', '0000-00-00'),
(45098, 'Thikriya', '36', 'Rajasthan', 'Arnod', '', '', '', '0000-00-00'),
(45099, 'Andhariya Badla', '36', 'Rajasthan', 'Arnod', '', '', '', '0000-00-00'),
(45100, 'Mothiya', '36', 'Rajasthan', 'Arnod', '', '', '', '0000-00-00'),
(45101, 'Chhayni', '36', 'Rajasthan', 'Arnod', '', '', '', '0000-00-00'),
(45102, 'sunkheri', '25', 'Rajasthan', 'Aklera', '', '', '', '1969-12-31'),
(45103, 'Doradas', '26', 'Rajasthan', 'Jhunjhunu', '', '', '', '1969-12-31'),
(45104, 'Ghardana Kalan', '26', 'Rajasthan', 'Buhana', '', '', '', '1969-12-31'),
(45105, 'Jakhod', '26', 'Rajasthan', 'Chirawa', '', '', '', '1969-12-31'),
(45106, 'Budaniya', '26', 'Rajasthan', 'Chirawa', '', '', '', '1969-12-31'),
(45107, 'Jawli', '18', 'Rajasthan', 'Laxmangarh', 'toyh ', '', '', '1969-12-31'),
(45108, 'Itawa', '5', 'Rajasthan', 'itawa', 'bVkok', '', '', '1969-12-31'),
(45109, 'Amarpura', '5', 'Rajasthan', 'Sultanpur', 'vejiqjk', '', '', '1969-12-31'),
(45110, 'Asida', '5', 'Rajasthan', 'itawa', 'vklhnk', '', '', '1969-12-31'),
(45111, 'Syalu Kalan', '26', 'Rajasthan', 'Surajgarh', '', '', '', '1969-12-31'),
(45112, 'Rani - M', '27', 'Rajasthan', 'Desuri', '', '', '', '1970-01-01'),
(45113, 'Viran', '31', 'Rajasthan', 'Bhadra', '', '', '', '1970-01-01'),
(45114, 'Janana', '31', 'Rajasthan', 'Bhadra', '', '', '', '1970-01-01'),
(45115, 'Chhanibari', '31', 'Rajasthan', 'Bhadra', '', '', '', '1970-01-01'),
(45116, 'Mehrana', '31', 'Rajasthan', 'Bhadra', '', '', '', '1970-01-01'),
(45117, 'Udhran', '31', 'Rajasthan', 'Bhadra', '', '', '', '1970-01-01'),
(45118, 'Bhirudhani', '31', 'Rajasthan', 'Bhadra', '', '', '', '1970-01-01'),
(45120, 'Sawaidhani', '31', 'Rajasthan', 'Bhadra', '', '', '', '1970-01-01'),
(45121, 'Bhojasar', '31', 'Rajasthan', 'Bhadra', '', '', '', '1970-01-01'),
(45122, 'Jhansal', '31', 'Rajasthan', 'Bhadra', '', '', '', '1970-01-01'),
(45123, 'Gaddhichhani', '31', 'Rajasthan', 'Bhadra', '', '', '', '1970-01-01'),
(45124, 'Bhairuchhani', '31', 'Rajasthan', 'Bhadra', '', '', '', '1970-01-01'),
(45125, 'Ninan', '31', 'Rajasthan', 'Bhadra', '', '', '', '1970-01-01'),
(45126, 'Sawai Chhani', '31', 'Rajasthan', 'Bhadra', '', '', '', '1970-01-01'),
(45127, 'Chak 22 RJD', '23', 'Rajasthan', 'Gharsana', '', '', '', '1970-01-01'),
(45128, 'Bada Bas ', '27', 'Rajasthan', 'Jaitaran', '', '', '', '1970-01-01'),
(45129, 'Chak 14 KPD', '7', 'Rajasthan', 'Chhatargarh', '', '', '', '1970-01-01'),
(45130, '1 KYM (A)', '7', 'Rajasthan', 'Khajuwala', '', '', '', '1970-01-01'),
(45131, '9 KLD (B)', '7', 'Rajasthan', 'Khajuwala', '', '', '', '1970-01-01'),
(45132, 'Dari', '27', 'Rajasthan', 'Pali', '', '', '', '1970-01-01'),
(45133, 'Kaprain', '9', 'Rajasthan', 'Keshoraipatan', 'dkijsu', '', '', '1970-01-01'),
(45134, 'Balotra', '2', 'Rajasthan', 'Pachpadra', '', '', '', '1970-01-01'),
(45135, 'PRATAPPURAPOANTALI', '16', 'Rajasthan', 'Hurda', '', '', '', '1970-01-01'),
(45136, 'PARAS RAMPURA', '16', 'Rajasthan', 'Hurda', '', '', '', '1970-01-01'),
(45137, 'RAMPURA', '16', 'Rajasthan', 'Hurda', '', '', '', '1970-01-01'),
(45138, 'Gura Bhagwan Das', '13', 'Rajasthan', 'Nagaur', '', '', '', '1970-01-01'),
(45139, 'Ramsar', '13', 'Rajasthan', 'Nagaur', '', '', '', '1970-01-01'),
(45140, 'Bugarda', '13', 'Rajasthan', 'Nagaur', '', '', '', '1970-01-01'),
(45141, 'Bera Lunayat', '27', 'Rajasthan', 'Jaitaran', '', '', '', '1970-01-01'),
(45142, 'Bikarlai', '27', 'Rajasthan', 'Jaitaran', '', '', '', '1970-01-01'),
(45143, 'DOSIWARA', '27', 'Rajasthan', 'Jaitaran', '', '', '', '1970-01-01'),
(45144, 'Kanpura', '17', 'Rajasthan', 'Ajmer', '', '', '', '1970-01-01'),
(45145, 'Nayapura', '27', 'Rajasthan', 'Jaitaran', '', '', '', '1970-01-01'),
(45146, 'Mandal', '27', 'Rajasthan', 'Rani', 'ek.My', '', '', '1970-01-01'),
(45147, 'Sadulpur', '21', 'Rajasthan', 'Rajgarh', 'lknqyiqj', '', '', '1970-01-01'),
(45148, 'Chanana Chhota', '21', 'Rajasthan', 'Rajgarh', 'pukuk NksVk', '', '', '1970-01-01'),
(45149, 'Jalwali', '23', 'Rajasthan', 'Gharsana', 'tyokyh', '', '', '1970-01-01'),
(45150, '13 KDP', '23', 'Rajasthan', 'Chhatargarh', '13 dsMhih', '', '', '1970-01-01'),
(45151, '3 KND', '23', 'Rajasthan', 'Gharsana', 'rhu dsUMh', '', '', '1970-01-01');

-- --------------------------------------------------------

--
-- Table structure for table `distict`
--

CREATE TABLE IF NOT EXISTS `distict` (
`id` int(100) NOT NULL,
  `name` varchar(200) NOT NULL,
  `state` varchar(400) NOT NULL,
  `h_district` varchar(100) NOT NULL,
  `code_no` varchar(100) NOT NULL,
  `dm_name` varchar(100) NOT NULL,
  `dm_no` varchar(100) NOT NULL,
  `dm_dob` date NOT NULL,
  `re_name` varchar(100) NOT NULL,
  `re_no` varchar(100) NOT NULL,
  `re_dob` date NOT NULL,
  `ba_name` varchar(100) NOT NULL,
  `ba_no` varchar(100) NOT NULL,
  `ba_dob` date NOT NULL
) ENGINE=MyISAM AUTO_INCREMENT=44 DEFAULT CHARSET=latin1;

--
-- Dumping data for table `distict`
--

INSERT INTO `distict` (`id`, `name`, `state`, `h_district`, `code_no`, `dm_name`, `dm_no`, `dm_dob`, `re_name`, `re_no`, `re_dob`, `ba_name`, `ba_no`, `ba_dob`) VALUES
(1, 'Jaipur', '23', '', 'RJ-14', '', '', '1969-12-31', '', '', '1969-12-31', '', '', '1969-12-31'),
(2, 'Barmer', '23', '', '', '', '', '0000-00-00', '', '', '0000-00-00', '', '', '0000-00-00'),
(3, 'Dungarpur', '23', '', '', '', '', '0000-00-00', '', '', '0000-00-00', '', '', '0000-00-00'),
(4, 'Jodhpur', '23', '', '', '', '', '0000-00-00', '', '', '0000-00-00', '', '', '0000-00-00'),
(5, 'Kota', '23', '', '', '', '', '0000-00-00', '', '', '0000-00-00', '', '', '0000-00-00'),
(6, 'Udaipur', '23', '', '', '', '', '0000-00-00', '', '', '0000-00-00', '', '', '0000-00-00'),
(7, 'Bikaner', '23', '', '', '', '', '0000-00-00', '', '', '0000-00-00', '', '', '0000-00-00'),
(8, 'Dausa', '23', '', '', '', '', '0000-00-00', '', '', '0000-00-00', '', '', '0000-00-00'),
(9, 'Bundi', '23', '', '', '', '', '0000-00-00', '', '', '0000-00-00', '', '', '0000-00-00'),
(10, 'Sikar', '23', '', '', '', '', '0000-00-00', '', '', '0000-00-00', '', '', '0000-00-00'),
(11, 'Tonk', '23', '', '', '', '', '0000-00-00', '', '', '0000-00-00', '', '', '0000-00-00'),
(12, 'Jaisalmer', '23', '', '', '', '', '0000-00-00', '', '', '0000-00-00', '', '', '0000-00-00'),
(13, 'Nagaur', '23', '', '', '', '', '0000-00-00', '', '', '0000-00-00', '', '', '0000-00-00'),
(14, 'Rajsamand', '23', '', '', '', '', '0000-00-00', '', '', '0000-00-00', '', '', '0000-00-00'),
(15, 'Banswara', '23', '', '', '', '', '0000-00-00', '', '', '0000-00-00', '', '', '0000-00-00'),
(16, 'Bhilwara', '23', '', '', '', '', '0000-00-00', '', '', '0000-00-00', '', '', '0000-00-00'),
(17, 'Ajmer', '23', '', '', '', '', '0000-00-00', '', '', '0000-00-00', '', '', '0000-00-00'),
(18, 'Alwar', '23', '', '', '', '', '0000-00-00', '', '', '0000-00-00', '', '', '0000-00-00'),
(19, 'Bharatpur', '23', '', '', '', '', '0000-00-00', '', '', '0000-00-00', '', '', '0000-00-00'),
(20, 'Chittorgarh', '23', '', '', '', '', '0000-00-00', '', '', '0000-00-00', '', '', '0000-00-00'),
(21, 'Churu', '23', '', '', '', '', '0000-00-00', '', '', '0000-00-00', '', '', '0000-00-00'),
(22, 'Dholpur', '23', '', '', '', '', '1969-12-31', '', '', '1969-12-31', '', '', '1969-12-31'),
(23, 'Ganganagar', '23', '', '', '', '', '0000-00-00', '', '', '0000-00-00', '', '', '0000-00-00'),
(24, 'Jalor', '23', '', '', '', '', '0000-00-00', '', '', '0000-00-00', '', '', '0000-00-00'),
(25, 'Jhalawar', '23', '', '', '', '', '0000-00-00', '', '', '0000-00-00', '', '', '0000-00-00'),
(26, 'Jhunjhunu', '23', '', '', '', '', '0000-00-00', '', '', '0000-00-00', '', '', '0000-00-00'),
(27, 'Pali', '23', 'ikyh', '', '', '', '1970-01-01', '', '', '1970-01-01', '', '', '1970-01-01'),
(28, 'Sawai Madhopur', '23', '', '', '', '', '0000-00-00', '', '', '0000-00-00', '', '', '0000-00-00'),
(29, 'Sirohi', '23', '', '', '', '', '0000-00-00', '', '', '0000-00-00', '', '', '0000-00-00'),
(30, 'Baran', '23', '', '', '', '', '0000-00-00', '', '', '0000-00-00', '', '', '0000-00-00'),
(31, 'Hanumangarh', '23', '', '', '', '', '0000-00-00', '', '', '0000-00-00', '', '', '0000-00-00'),
(32, 'Karauli', '23', '', '', '', '', '0000-00-00', '', '', '0000-00-00', '', '', '0000-00-00'),
(33, 'Raigad', '16', '', '', '', '', '0000-00-00', '', '', '0000-00-00', '', '', '0000-00-00'),
(34, 'Mumbai', '16', '', '', '', '', '0000-00-00', '', '', '0000-00-00', '', '', '0000-00-00'),
(35, 'Thane', '16', '', '', '', '', '0000-00-00', '', '', '0000-00-00', '', '', '0000-00-00'),
(36, 'Pratapgarh', '23', '', '', '', '', '0000-00-00', '', '', '0000-00-00', '', '', '0000-00-00'),
(37, 'Delhi', '31', '', '', '', '', '0000-00-00', '', '', '0000-00-00', '', '', '0000-00-00'),
(38, 'Tirwantpuram', '14', '', '', '', '', '0000-00-00', '', '', '0000-00-00', '', '', '0000-00-00'),
(39, 'Pune', '16', '', '', '', '', '0000-00-00', '', '', '0000-00-00', '', '', '0000-00-00'),
(40, 'Nagpur', '16', '', '', '', '', '0000-00-00', '', '', '0000-00-00', '', '', '0000-00-00'),
(41, 'Panji', '7', '', '', '', '', '0000-00-00', '', '', '0000-00-00', '', '', '0000-00-00'),
(42, 'Ahmedabad', '8', '', '', '', '', '0000-00-00', '', '', '0000-00-00', '', '', '0000-00-00'),
(43, 'Jalore', '23', '', '', '', '', '0000-00-00', '', '', '0000-00-00', '', '', '0000-00-00');

-- --------------------------------------------------------

--
-- Table structure for table `menu`
--

CREATE TABLE IF NOT EXISTS `menu` (
`content_id` int(11) NOT NULL,
  `content_name` varchar(100) DEFAULT NULL,
  `header_show` int(2) DEFAULT '0',
  `footer_show` int(2) DEFAULT '0',
  `menu_show` int(2) DEFAULT '0',
  `content_information` text,
  `image` varchar(100) NOT NULL,
  `product_menu_show` int(2) DEFAULT NULL,
  `page_title` varchar(100) DEFAULT NULL,
  `sort_order` int(11) NOT NULL,
  `keyword_des` varchar(100) NOT NULL,
  `publish` int(2) DEFAULT '1',
  `category` varchar(500) NOT NULL
) ENGINE=MyISAM AUTO_INCREMENT=7 DEFAULT CHARSET=latin1;

--
-- Dumping data for table `menu`
--

INSERT INTO `menu` (`content_id`, `content_name`, `header_show`, `footer_show`, `menu_show`, `content_information`, `image`, `product_menu_show`, `page_title`, `sort_order`, `keyword_des`, `publish`, `category`) VALUES
(2, 'Real Estate', 0, 0, 0, '<br />', '', NULL, 'Real Estate', 2, '', 1, ''),
(3, 'Vehicle', 0, 0, 0, '<br />', '', NULL, 'Vehicle', 3, '', 1, ''),
(5, 'Banking Law', 1, 0, 0, '<br />', '', NULL, 'Banking Law', 5, '', 1, ''),
(6, 'Membership', 1, 0, 0, '<br />', '', NULL, 'Membership', 6, '', 1, '');

-- --------------------------------------------------------

--
-- Table structure for table `slider_image`
--

CREATE TABLE IF NOT EXISTS `slider_image` (
  `id` int(11) NOT NULL,
  `name` varchar(100) DEFAULT NULL,
  `image` varchar(100) DEFAULT NULL,
  `publish` int(2) DEFAULT '1',
  `url` varchar(255) NOT NULL
) ENGINE=MyISAM DEFAULT CHARSET=latin1;

-- --------------------------------------------------------

--
-- Table structure for table `state`
--

CREATE TABLE IF NOT EXISTS `state` (
`id` int(10) NOT NULL,
  `state_name` varchar(100) NOT NULL,
  `state_code` varchar(100) NOT NULL,
  `state_hname` varchar(1000) CHARACTER SET utf8 COLLATE utf8_bin NOT NULL,
  `state_hcode` varchar(100) CHARACTER SET utf8 NOT NULL
) ENGINE=InnoDB AUTO_INCREMENT=32 DEFAULT CHARSET=latin1;

--
-- Dumping data for table `state`
--

INSERT INTO `state` (`id`, `state_name`, `state_code`, `state_hname`, `state_hcode`) VALUES
(1, 'Andhra Pradesh', 'AP', 'आंध्र प्रदेश', ''),
(2, 'Arunachal Pradesh', 'AC', '', ''),
(3, 'Assam', 'AS', '', ''),
(4, 'Bihar', 'BH', '', ''),
(5, 'Chhattisgarh', 'CG', '', ''),
(7, 'Goa', 'GA', '', ''),
(8, 'Gujarat', 'GJ', '', ''),
(9, 'Haryana', 'HR', '', ''),
(10, 'Himachal Pradesh', 'HP', '', ''),
(11, 'Jammu & Kashmir', 'JK', '', ''),
(12, 'Jharkhand', 'JD', '', ''),
(13, 'Karnataka', 'KR', '', ''),
(14, 'Kerala', 'KL', '', ''),
(15, 'Madhya Pradesh', 'MP', '', ''),
(16, 'Maharashtra', 'MH', '', ''),
(17, 'Manipur', 'MN', '', ''),
(18, 'Meghalaya', 'MG', '', ''),
(19, 'Mizoram', 'MZ', '', ''),
(20, 'Nagaland', 'NG', '', ''),
(21, 'Odisha', 'OD', '', ''),
(22, 'Punjab', 'PB', '', ''),
(23, 'Rajasthan', 'RJ', 'jktLFkku', ''),
(24, 'Sikkim', 'SK', '', ''),
(25, 'Tamil Nadu', 'TN', '', ''),
(26, 'Telangana', 'TA', '', ''),
(27, 'Tripura', 'TP', '', ''),
(28, 'Uttar Pradesh', 'UP', '', ''),
(29, 'Uttarakhand', 'UK', '', ''),
(30, 'West Bengal', 'WB', '', ''),
(31, 'Delhi', 'DH', '', '');

-- --------------------------------------------------------

--
-- Table structure for table `sub_pages`
--

CREATE TABLE IF NOT EXISTS `sub_pages` (
`subpage_id` int(11) NOT NULL,
  `maincontent_id` int(11) NOT NULL,
  `subpage_name` varchar(2000) NOT NULL,
  `image` varchar(250) NOT NULL,
  `header_show` varchar(2000) NOT NULL,
  `footer_show` varchar(2000) NOT NULL,
  `menu_show` varchar(2000) NOT NULL,
  `subpage_information` text NOT NULL,
  `product_menu_show` varchar(2000) NOT NULL,
  `subpage_title` varchar(2000) NOT NULL,
  `page_keyword` varchar(2000) NOT NULL,
  `keyword_des` varchar(2000) NOT NULL,
  `publish` varchar(2000) NOT NULL,
  `category` varchar(2000) NOT NULL
) ENGINE=InnoDB AUTO_INCREMENT=12 DEFAULT CHARSET=latin1;

--
-- Dumping data for table `sub_pages`
--

INSERT INTO `sub_pages` (`subpage_id`, `maincontent_id`, `subpage_name`, `image`, `header_show`, `footer_show`, `menu_show`, `subpage_information`, `product_menu_show`, `subpage_title`, `page_keyword`, `keyword_des`, `publish`, `category`) VALUES
(1, 2, 'Residential', '', '1', '', '', 'Residential Page', '', '', '', '', '1', ''),
(2, 2, 'Commercial', '', '1', '', '', 'Commercial Page', '', 'Commercial', '', '', '1', ''),
(3, 2, 'Industrial', '', '1', '', '', 'Industrial Page', '', 'Industrial', '', '', '1', ''),
(4, 2, 'Agricultural', '', '1', '', '', '&nbsp;Agricultural Page', '', 'Agricultural', '', '', '1', ''),
(5, 3, '2 wheeler', '', '1', '', '', '2 wheeler Page&nbsp;', '', '2 wheeler', '', '', '1', ''),
(6, 3, '4 wheeler', '', '1', '', '', '4 wheeler Page&nbsp;', '', '4 wheeler', '', '', '1', ''),
(7, 3, 'Light Com. Vehicle', '', '1', '', '', 'Light Com. Vehicle Page<br />\r\n&nbsp;', '', 'Light Com. Vehicle', '', '', '1', ''),
(8, 3, 'Heavy Com. Vehicle', '', '1', '', '', 'Heavy Com. Vehicle Page&nbsp;', '', 'Heavy Com. Vehicle', '', '', '1', ''),
(9, 3, 'Goods Carrier', '', '1', '', '', 'Goods Carrier Page&nbsp;', '', 'Goods Carrier', '', '', '1', ''),
(10, 3, 'Taxi', '', '1', '', '', 'Taxi Page&nbsp;', '', '', '', '', '1', ''),
(11, 3, 'BIKER', '', '1', '', '', '&nbsp;', '', 'bIKER', '', '', '0', '');

-- --------------------------------------------------------

--
-- Table structure for table `tbl_bidding`
--

CREATE TABLE IF NOT EXISTS `tbl_bidding` (
`id` int(10) NOT NULL,
  `user_id` int(10) NOT NULL,
  `event_no` varchar(100) NOT NULL,
  `amount` varchar(100) NOT NULL,
  `datetime` timestamp NOT NULL DEFAULT CURRENT_TIMESTAMP
) ENGINE=InnoDB AUTO_INCREMENT=12 DEFAULT CHARSET=latin1;

--
-- Dumping data for table `tbl_bidding`
--

INSERT INTO `tbl_bidding` (`id`, `user_id`, `event_no`, `amount`, `datetime`) VALUES
(9, 6, '10', '151000', '2016-05-13 12:21:08'),
(10, 6, '10', '151000', '2016-05-13 12:21:10'),
(11, 6, '10', '151000', '2016-05-13 12:21:29');

-- --------------------------------------------------------

--
-- Table structure for table `tbl_cat`
--

CREATE TABLE IF NOT EXISTS `tbl_cat` (
`id` int(10) NOT NULL,
  `name` varchar(100) NOT NULL,
  `publish` int(1) NOT NULL DEFAULT '1'
) ENGINE=InnoDB AUTO_INCREMENT=12 DEFAULT CHARSET=latin1;

--
-- Dumping data for table `tbl_cat`
--

INSERT INTO `tbl_cat` (`id`, `name`, `publish`) VALUES
(1, 'Residential', 1),
(2, 'Commercial', 1),
(3, 'Industrial', 1),
(4, 'Agricultural', 1),
(5, '2 wheeler', 1),
(6, '4 wheeler', 1),
(7, 'Light Com. Vehicle', 1),
(8, 'Heavy Com. Vehicle', 1),
(9, 'Goods Carrier', 1),
(10, 'Taxi', 1),
(11, 'Testing', 1);

-- --------------------------------------------------------

--
-- Table structure for table `tbl_cat1`
--

CREATE TABLE IF NOT EXISTS `tbl_cat1` (
`id` int(10) NOT NULL,
  `name` varchar(100) NOT NULL,
  `publish` int(1) NOT NULL DEFAULT '1'
) ENGINE=InnoDB AUTO_INCREMENT=16 DEFAULT CHARSET=latin1;

--
-- Dumping data for table `tbl_cat1`
--

INSERT INTO `tbl_cat1` (`id`, `name`, `publish`) VALUES
(1, 'Flat(s)s', 1),
(3, 'Apartment', 1),
(4, 'Office Space', 1),
(5, 'Independent House', 1),
(6, 'Commercial Land', 1),
(7, 'Industrial Setup', 1),
(8, 'WareHouse/Godown', 1),
(9, 'Others', 1),
(10, 'Bunglow', 1),
(11, 'FactoryBuilding/Shed', 1),
(12, 'Car', 1),
(13, 'Tractor', 1),
(14, 'Truck', 1),
(15, 'Bike', 1);

-- --------------------------------------------------------

--
-- Table structure for table `tbl_contact`
--

CREATE TABLE IF NOT EXISTS `tbl_contact` (
`id` int(11) NOT NULL,
  `feedback` longtext NOT NULL,
  `phon_no` varchar(100) NOT NULL,
  `enter_name` varchar(50) NOT NULL,
  `email` varchar(50) NOT NULL,
  `event_id` int(11) NOT NULL
) ENGINE=InnoDB AUTO_INCREMENT=220 DEFAULT CHARSET=latin1;

--
-- Dumping data for table `tbl_contact`
--

INSERT INTO `tbl_contact` (`id`, `feedback`, `phon_no`, `enter_name`, `email`, `event_id`) VALUES
(1, 'thank u', '8952843831', 'arun sharma', 'er.arunsharma91@gmail.com', 0),
(2, 'hello', '7742332277', 'Rizwan', 'webdevloperss@gmail.com', 0),
(3, 'Goner Road', '9024359055', 'bhanu', 'bybhanyadav@gmail.com', 0),
(4, 'thank u', '8952843831', 'arun sharma', 'revateamdoc@gmail.com', 0),
(5, 'good', '9004062147', 'SK SONI', 'ctlinker@yahoo.com', 18),
(6, 'thank u', '4444444444', 'raja', 'raja@gmail.com', 0),
(8, 'thank u', '444444', 'raja', 'hhhhh@gmail.com', 11),
(9, 'I rellay needed to find this info, thank God!', 'etJfMSLPLck', 'Veanna', 'nb8fpzib@outlook.com', 158),
(10, 'You really saved my skin with this innrmoatiof. Thanks!', 'lc3Sb3OOtFsC', 'Mitch', '4ylrfacg97c@outlook.com', 49),
(11, 'Yours is a clever way of thiiknng about it.', 'GUQzsWv4x', 'Cash', 'flflmpllv1@hotmail.com', 73),
(12, 'Well I guess I don''t have to spend the weekend firuging this one out!', 'd0cPK6VsAW8k', 'Sparky', 'h7cddkp3w@outlook.com', 129),
(13, 'Home run! Great sluniggg with that answer!', 'rR95xnXyYXV', 'Denim', 'q8p0u6skv@hotmail.com', 186),
(14, 'You get a lot of respect from me for writing these helpful arstilec.', 'hPBi4KXIdu1O', 'Vinny', 's72ebdsrp4k@outlook.com', 13),
(15, 'That''s a creative answer to a difilcuft question', 'ATXIed8F', 'Magdelina', '8mqklhofn@mail.com', 79),
(16, 'This aritcle went ahead and made my day.', 'DZaSvIU1', 'Charl', 'oh624irv3cs@outlook.com', 183),
(17, 'You co''nldut pay me to ignore these posts!', '6dts5Xdh', 'Laneta', 'muhon0id0ih@gmail.com', 85),
(18, 'All of my questions sesdlet-thankt!', 'eRt2DMDlU8', 'Jazlynn', 'zp8j16z61@hotmail.com', 75),
(19, 'You mean I don''t have to pay for expert advice like this an?oyrem!', 'DgvxzTs4utMc', 'Clarinda', 'eytyf8vlt@yahoo.com', 76),
(20, 'I could read a book about this without finding such real-world apseaochrp!', 'ZKmI7ls1HH', 'Emmy', 'j7cpxwir@hotmail.com', 181),
(21, 'Whoa, whoa, get out the way with that good intafmorion.', 'jwVc2FlRW', 'Namari', '86q8xp1z0@yahoo.com', 159),
(22, 'Well I guess I don''t have to spend the weekend finriugg this one out!', 'hbcFoQgswr', 'Independence', 'egovnnue27@mail.com', 90),
(23, 'Hey, you''re the goto exprte. Thanks for hanging out here.', 'KPhPNkqF', 'Pebbles', 'l2mygfh45@hotmail.com', 46),
(24, 'Please keep thrwiong these posts up they help tons.', 'xw3Gari1g3z', 'Latasha', 'h5w77thbd@gmail.com', 126),
(25, 'Deep thinking - adds a new diseimnon to it all.', 'NkgHMZUA', 'Adelaide', 'fdogo37cv4@gmail.com', 201),
(26, 'I want to send you an award for most helpful inetrnet writer.', 'BNcrj7byCCAG', 'Lidia', 'eg0axnrfcbq@outlook.com', 93),
(27, 'Articles like these put the consumer in the driver seat-very imonptart.', '1yxFi8FK4y', 'Artrell', 'wi6ot6c8@outlook.com', 189),
(28, 'I could watch Sc''irdlenhs List and still be happy after reading this.', 'bH8bohnQ', 'Carlynda', 'th52zbdne4@hotmail.com', 105),
(29, 'Cheers pal. I do apetcpiare the writing.', 'fi8ky3nFRiL', 'Coralee', 'sc190edd@hotmail.com', 122),
(30, 'You''ve captured this petfrcely. Thanks for taking the time!', '9Si48OPF4', 'Artrell', 'clodytf7p@outlook.com', 58),
(31, 'This is both street smart and inelglitent.', 'Ft4Ria4X', 'Keyanna', 'gka4uju09@outlook.com', 175),
(32, 'For the love of God, keep writing these artslcei.', 'TPuWakdgfo1', 'Clara', 'zckn3iy9q@hotmail.com', 156),
(33, 'Taking the ovewvier, this post hits the spot', 'c91cviEqL', 'Lorren', '6pqvyehkgh5@yahoo.com', 178),
(34, 'This is way more helpful than anhtiyng else I''ve looked at.', 'ZNHwZoJXq', 'Janaya', '0sqekl78f3v@gmail.com', 130),
(35, 'All things cosnidered, this is a first class post', 'QyHVfA0olMve', 'Deena', '2luhs6e9u@gmail.com', 195),
(36, 'That''s a slick answer to a chlgelnaing question', '2KPWMTjZz9sJ', 'Sunshine', 'rfjltr1dxx@mail.com', 120),
(37, 'Call me wind because I am ablluotesy blown away.', '7MF0EIWc', 'Buffee', 'f8pomlo64@hotmail.com', 185),
(38, 'Holy Tooedl, so glad I clicked on this site first!', '6fweu1szsO', 'Ronalee', 'wlmc7pu05q@hotmail.com', 177),
(39, 'I can''t believe you''re not playing with me-t-hat was so helpful.', 'TcLqcnH7l8p8', 'Terrah', 'fo3w8svpt@yahoo.com', 11),
(40, 'I''m impressed by your writing. Are you a professional or just very kngeewdoeabll?', '1oRnFUBo0b', 'Jalene', 'pvtz3jbvo@yahoo.com', 110),
(41, 'Stay inoetmarivf, San Diego, yeah boy!', '78UUB1K2GQt6', 'Dolley', 'cqa55084@hotmail.com', 53),
(42, 'In the coatpicmled world we live in, it''s good to find simple solutions.', 'G58SqstQfKz', 'Marsue', 'i1zlzk1kqb@outlook.com', 71),
(43, 'I''d vetunre that this article has saved me more time than any other.', 'PrPhdkFVc2', 'Loryn', '712e3umbv@yahoo.com', 179),
(44, 'How could any of this be better stated? It coulnd''t.', 'RcS0IsAq', 'Makalah', 'ccnjkmb6pr@yahoo.com', 174),
(45, 'This weibtse makes things hella easy.', 'USKSQe2SynGN', 'Rennifer', 'x3px5thfwu9@gmail.com', 54),
(46, 'I was struck by the hotnsey of your posting', '5G5ZbcrEcaX', 'Matilda', 'ho2ul9w6s@gmail.com', 208),
(47, 'Th''rees nothing like the relief of finding what you''re looking for.', 'MrsNxHgQ', 'Jonetta', '4vpu12by7@mail.com', 124),
(48, 'That''s way more clever than I was extcgpine. Thanks!', 'SjtkBGhKv', 'Beyonce', 'p5put998suo@gmail.com', 59),
(49, 'A minute saved is a minute eaenrd, and this saved hours!', 'Yccqd7TOL3', 'Chasmine', '1gce61mp09@mail.com', 96),
(50, 'That''s a subtle way of thniking about it.', 'Tjtrdm04Jvs', 'Dolley', 'tgfbq1pv7@mail.com', 12),
(51, 'That''s a sharp way of thnnikig about it.', 'ytIZ8j4ISJf', 'Flip', 'ub22r4k3yyq@yahoo.com', 10),
(52, 'Brlinlaice for free; your parents must be a sweetheart and a certified genius.', 'vyLMkbfQdbp', 'Josie', 'mnjr6gtoet@hotmail.com', 167),
(53, 'Full of salient points. Don''t stop beeinvilg or writing!', 'PuCYDd5NdpNK', 'Jody', 'mzdr4sttr@yahoo.com', 182),
(54, 'There are no words to describe how boouaidcs this is.', 'NI1T4uV7BrEX', 'Derex', 'dreae8mzm@mail.com', 97),
(55, 'Wow! Great to find a post knknoicg my socks off!', '7OiQb5DZmnT', 'Krystal', 'l9piplzz@outlook.com', 47),
(56, 'Your posting really stgihratened me out. Thanks!', '0TG2ibySZU', 'Jetsin', '4u4f86dhsb@yahoo.com', 109),
(57, 'This is both street smart and inlteligent.', 'xQiMfn2t79', 'Dash', '74jdyynra7@hotmail.com', 101),
(58, 'It''s spooky how clever some ppl are. Thnksa!', 'XAL6P0IvJ', 'Lena', 'yrjicf4e@hotmail.com', 162),
(59, 'Keep it coming, wrtisre, this is good stuff.', '3PEJtqLzwvO', 'Keylon', 'lqu2grqki7@hotmail.com', 106),
(60, 'Well I guess I don''t have to spend the weekend fiiungrg this one out!', 'X6LaSfqSFcal', 'Idalee', 'feizgex4q1@hotmail.com', 82),
(61, 'AKAIK yo''uve got the answer in one!', 'B6ABt3roY', 'Della', '4ogykbu5d@hotmail.com', 160),
(62, 'It''s imareptive that more people make this exact point.', 'GevHuuDosSD', 'Aneisha', 'si706zoja@gmail.com', 45),
(63, 'This piece was cogent, welrlw-itten, and pithy.', 's6e5eqTv7t3', 'Tangie', 'txodueyhd1y@gmail.com', 68),
(64, 'At last! Someone with real exsertipe gives us the answer. Thanks!', 'AytvSoTOzbBR', 'Pait', 'g1mchi5v@mail.com', 74),
(65, 'What libirateng knowledge. Give me liberty or give me death.', 'MUBtMp9J7NFB', 'Stevie', 'so57jt020o@gmail.com', 155),
(66, 'That''s a smart way of loonkig at the world.', 'xthw554VPoy9', 'Frenchy', 'sh5btsy6d7b@yahoo.com', 117),
(67, 'Going to put this arlctie to good use now.', '5EAPYo2ufB', 'Kert', '2um5lq04@hotmail.com', 211),
(68, 'If my problem was a Death Star, this article is a photon tordepo.', '1qSe5266sCi', 'Dorie', 'i0l8qa3s@outlook.com', 48),
(69, 'Most help articles on the web are inaccurate or inenoercht. Not this!', 'BBOu2JXFq1ma', 'Margery', '9gwlgngzjkt@yahoo.com', 157),
(70, 'Kudos to you! I hadn''t thugoht of that!', 'ySpukL1T', 'Justis', '2lxf7in8@yahoo.com', 135),
(71, 'Aporceiatipn for this information is over 9000-thank you!', 'Qobhu5asr', 'Kaylana', 'dd2dv04c00@outlook.com', 166),
(72, 'Yours is a clever way of thikinng about it.', 'hJCNU1RbG', 'Nephi', 'vtwybmej6ag@mail.com', 86),
(73, 'Your articles are for when it abylulteos, positively, needs to be understood overnight.', '3uuOnSHynZvp', 'Eldora', '8ty42nu9m2@yahoo.com', 128),
(74, 'It''s a pleasure to find such ratiinaloty in an answer. Welcome to the debate.', '6MMaeWbLW5V', 'Cheyenne', 't6g55iqtk@outlook.com', 205),
(75, 'If you wrote an article about life we''d all reach enlnmhtengeit.', 'Dd3cmq0vd2i', 'Lorraine', 'q54k1jge@hotmail.com', 131),
(76, 'I could read a book about this without finding such real-world apserachop!', 'o4afpUYa2i', 'Jeanne', 'mv0he7r70@yahoo.com', 194),
(77, 'That''s really thkiinng at a high level', 'HiooMxf5Mr49', 'Susie', '3807jl363@hotmail.com', 187),
(78, 'At last, sonemoe who knows where to find the beef', 'VeMbemTslV3M', 'Eddie', '9n4xhyd58@hotmail.com', 89),
(79, 'I di''dnt know where to find this info then kaboom it was here.', '9M1kS6rKlf', 'Dragon', 'p73iy1d5g@mail.com', 137),
(80, 'Inhstigs like this liven things up around here.', 'hlnh6LrEc', 'Cheyanne', '6hbjthnnzsm@outlook.com', 83),
(81, 'I''d venrtue that this article has saved me more time than any other.', 'SKtpnih4', 'Honeysuckle', '676rua0a94e@mail.com', 163),
(82, 'Finding this post has anesrewd my prayers', 'W261TdwMoJ', 'Spike', 'j4yoo9x5@mail.com', 192),
(83, 'Just do me a favor and keep writing such trnnhcaet analyses, OK?', 'YFz8rXTy', 'Kelli', 'c2l949xrq4w@mail.com', 123),
(84, 'I''m so glad that the inerntet allows free info like this!', 'SJs5ZinmYAl', 'Frenchy', 'rspkupil68@outlook.com', 15),
(85, 'Thanks for sharing. Your post is a useful countibtrion.', 'L8rxuwGDnj', 'Irish', 'jmninejmfp@gmail.com', 19118),
(86, 'Thanks alot - your answer solved all my problems after several days strnggliug', 'lWZpVtqAopu2', 'Bucky', 'cw0sqoj2@outlook.com', 14),
(87, 'Algriht alright alright that''s exactly what I needed!', 'zwCGVPSkkbTA', 'Patsy', 'tmta4dcs9f@gmail.com', 191),
(88, 'I told my graohmntder how you helped. She said, "bake them a cake!"', '1tXo0M7x', 'Justis', 'e9uvrj2t3z@outlook.com', 190),
(89, 'Back in school, I''m doing so much lenngiar.', 'KrFOaG78p', 'Kelenna', 'xa1v9k2hs8@gmail.com', 91),
(90, 'The hoetsny of your posting shines through', '2mD3t5pjFIs', 'Sagar', '0dcze2tqjey@gmail.com', 63),
(91, 'My prolebm was a wall until I read this, then I smashed it.', 'HCAGMFODd8bv', 'Jayce', '0qxzcy9nk@yahoo.com', 172),
(92, 'AKAIK yovu''e got the answer in one!', 'iUl5ytE1N', 'Lyndee', 'vpjs57whemh@outlook.com', 133),
(93, 'I could read a book about this without finding such real-world apeprachos!', 'vxeHYj5vj', 'Kaydi', 'tflsilfb@hotmail.com', 165),
(94, 'Walking in the prseence of giants here. Cool thinking all around!', 'sUydq3P097ud', 'Carrieann', 't69a3321los@mail.com', 62),
(95, 'What a joy to find sonmoee else who thinks this way.', 'd08ilRRa5dd', 'Fantine', 'hpxz5b9rvn@mail.com', 119),
(96, 'You make thnigs so clear. Thanks for taking the time!', 'NnUbKagm', 'Lyza', '6jga59hxaty@yahoo.com', 81),
(97, 'I''m out of league here. Too much brain power on dipylas!', 'plTMfMmPID', 'Millicent', 'e0y7wlqrf@outlook.com', 70),
(98, 'Thniking like that shows an expert''s touch', 'k8WMHVQt7o', 'Trisha', 'hlio5rg3i@mail.com', 61),
(99, 'I don''t know who you wrote this for but you helped a brtehor out.', 'VMKXGdGcr', 'Mande', 'glwclopvx@gmail.com', 198),
(100, 'Oh yeah, fauolubs stuff there you!', 'IQkKjp3e', 'Kory', 'g6t7n09pyt2@mail.com', 20),
(101, 'That''s an initllegent answer to a difficult question xxx', 'R6CmM0jkH', 'Jaylyn', '78lo6ncaz@outlook.com', 18),
(102, 'Me and this article, sitting in a tree, L----ER-N-I-NAG!', '9K77EAwQQ', 'Xantara', 'vtn5xtf2c@outlook.com', 180),
(103, 'Just do me a favor and keep writing such trannhect analyses, OK?', 'aoGfPajhhL', 'Cherlin', '4795ku7w1@gmail.com', 17),
(104, 'I went to tons of links before this, what was I thginikn?', 'O6lr2b8lhld', 'Bubber', 'z1rdu72brh@outlook.com', 118),
(105, 'Plaiseng to find someone who can think like that', 'LeJo80JhQ', 'Roxie', 'ojnkz90f3@outlook.com', 125),
(106, 'So much info in so few words. Totsloy could learn a lot.', 'KJscwD9Pj0j', 'Essy', '9thcu3rljh@gmail.com', 127),
(107, 'You have shed a ray of susnhine into the forum. Thanks!', 'B2anmKAZ8', 'Mena', '4x1qq21e@hotmail.com', 207),
(108, 'Wham bam thank you, ma''am, my qutosiens are answered!', 'D2KPzfPBeWS', 'Magda', 'ywoe7fru@mail.com', 84),
(109, 'Your internet site is wonderful. This kind of blog page will be great. I really wish further individuals study this and reveal what yo1u&82#7;re saying, because i want to reveal, it is essential info.', 'aoqRlel978h9', 'Ruvell', 'umzrqwg0psd@mail.com', 152),
(110, 'Ahhh &#8211; DQ. This post reminded me of the FOUR years in my teens when I worked there. Perfecting the rounded balls and &#r8u0;c22l&#8221; is the very first thing you learn. It&#8217;s a lot harder than you think, but once you have it it&#8217;s like riding a bike. Now a decade later I can wow people with a perfect curl at at any self-serve soft serve machine.', 'kJD0cxtP8y', 'Lurraine', 'zrib36yrqr7@outlook.com', 196),
(111, '&quot;Cain ei ole rasisti, sillä hän oli huolestunut miehen uskonnosta, ei ronaotu.&quot;Usksndon kritiikkiä tai edes syrjintää uskonnon perusteella ei saa rinnastaa rasismiin. Tietenkään uskonnon perusteellakaan syrjintä ei ole hyväksyttävää, mutta monessa kohtaa uskonnolla on oikeasti merkitystä toisin kuin rodulla.', 'C8K75arbV', 'Andi', 'bxv5h86n@gmail.com', 139),
(112, 'no. you need at least 48 hours in between each muscle workuot. in this case chest, i would say twice a week maximum. cardio is ok to do everyday as for abs every other day should be fine. r u also putting in other muscle workouts as well? you dont want a defined chest and abs with nothing else', 'OqAOO3rj', 'Trinity', 'r8i0jtvbl9@yahoo.com', 69),
(113, 'conduit for some of the above scenarios and more.   [Here are the steps I&#039;ve followed to create a pop-up site in WordPress but you can likely do the same in other blogging platforms.] Be sure however to check WocdrPess.rom', 'NhcIHjBirwg6', 'Morrie', 'mu0ejldn@outlook.com', 197),
(114, ', perfect for a good rummage! I definitely think you should do more of these, you WILL be off to India in no time! I&#39;m knackered from smiling and yammering at two Pelacmurture stalls this weekend, but it was good fun. I shall try not to miss your next event though xxx', 'BohelGqK5', 'Nelda', 'c3o2mw58c@gmail.com', 164),
(115, 'oooh I like that. I use a small grater for my ginger but always groan as I lose the lovely watery juice. As for garlic, alas still use a garlic press as I hate the smell of garlic on my hands.Have you ever used salt to crush your garlic in a pestle and mo#3hr&r82t0;aave seen a few chef-y types recommend that but I&#8217;ve not managed to do it successfully.', 'Yg0qFwuGO', 'Mahaley', 'nq220u0w@outlook.com', 94),
(116, 'Du er så flink snuppa! Du gjer ein kjempe-innsats på jobb. Såå stolt av deg og alltid så kjekt å sjå innom på dei flotte utstillingane på Krik-erhusetmsnope-butemken. Eg falt for søtingane som venter på bussen. Skulle nesten laga ein illustrasjon med dei der:)Klem klem', 'i3K7cHSpIt', 'Nelly', 'he1akyrp224@hotmail.com', 121),
(117, 'My dearest Son,iaI&#39;m sorry to have learned about this ... I know life can be so unpredictable ... Reading your words make my heart ache ... Please don&#39;t worry about blogging now. You&#39;ll still get full support from us! This is when your sis needs support and love from you all the most.You yourself also need to take good care ...Love lots,Pei-Lin', 'mLwAjnzMVw', 'Teiya', 'fb7hgi50v0c@outlook.com', 132),
(118, 'Anda, anda The-RockeR, que toda la informática que sabes se la debes, igual que yo, al instituto de Luarca.La prueba es que tú nunca sabrías hacer Oh&#8230; sumb&lei#8230;', 'tC0VeHJGI', 'Eddie', '97ko3er1@hotmail.com', 95),
(119, 'Posted by  on October 11, 2012 at 3:26 am                                       Everyone, no matter how determined and confident, can benefit from having a mentor(s) to provide some guidance, support, and movnoatiti. It&#8217;s like taking a class. We just don&#8217;t know what we&#8217;re missing until we try it. Someone who is experienced in our field, or adept at helping others to achieve their potential can serve as the bridge to get us from dreaming to doing. Thanks for the fantastic post!Elena Anne recently posted..', 'TjOEL8TKmQ', 'Isabella', '5hnlhscg@yahoo.com', 64),
(120, 'ça cause si philis chez paj.&u..sorsquo;arrive.sn&rsquo;est-ce-pas Baudelaire qui disaient pédérastes ceux qui aiment les femmes intelligentes ? passou, si votre dictionnaire d&rsquo;aphorismes ne contient pas celui-ci, jetez-le.De toute manière, il n&rsquo;y a que les vieux qui aiment les compilations à citations, reconstitutions façon puzzle des auteurs lus, un peu comme les cacahouètes leur rappellent l&rsquo;époque où ils avaient des dents.', 'jl0oYdxodvCS', 'Jennica', 'ud2pzqo7@hotmail.com', 173),
(121, 'sadsadsa', '6789765465', 'damodar', 'damodar@gmail.com', 15),
(122, 'I was just looking at your Ebikri.com website and see that your site has the potential to get a lot of visitors. I just want to tell you, In case you didn''t already know... There is a website service which already has more than 16 million users, and the majority of the users are looking for websites like yours. By getting your website on this network you have a chance to get your site more popular than you can imagine. It is free to sign up and you can find out more about it here: http://outin.space/1zyat - Now, let me ask you... Do you need your website to be successful to maintain your way of life? Do you need targeted visitors who are interested in the services and products you offer? Are looking for exposure, to increase sales, and to quickly develop awareness for your website? If your answer is YES, you can achieve these things only if you get your site on the network I am describing. This traffic network advertises you to thousands, while also giving you a chance to test the service before paying anything at all. All the popular websites are using this service to boost their traffic and ad revenue! Why aren’t you? And what is better than traffic? It’s recurring traffic! That''s how running a successful site works... Here''s to your success! Find out more here: http://outin.space/1zyat', 'Janessa', 'Janessa', 'zrrzskfjkv@derkras.com', 0),
(123, 'I was just looking at your Ebikri.com website and see that your site has the potential to get a lot of visitors. I just want to tell you, In case you didn''t already know... There is a website network which already has more than 16 million users, and the majority of the users are interested in websites like yours. By getting your website on this service you have a chance to get your site more visitors than you can imagine. It is free to sign up and you can find out more about it here: http://pandalove.info/35p0i - Now, let me ask you... Do you need your website to be successful to maintain your way of life? Do you need targeted visitors who are interested in the services and products you offer? Are looking for exposure, to increase sales, and to quickly develop awareness for your website? If your answer is YES, you can achieve these things only if you get your site on the network I am talking about. This traffic network advertises you to thousands, while also giving you a chance to test the network before paying anything. All the popular sites are using this service to boost their traffic and ad revenue! Why aren’t you? And what is better than traffic? It’s recurring traffic! That''s how running a successful site works... Here''s to your success! Find out more here: http://rb2.in/4nS', 'Teresa', 'Teresa', 'igryptkfsiv@meldram.com', 0),
(124, 'Hello my name is Teresa and I just wanted to drop you a quick note here instead of calling you. I discovered your Ebikri.com website and noticed you could have a lot more hits. I have found that the key to running a popular website is making sure the visitors you are getting are interested in your website topic. There is a company that you can get keyword targeted traffic from and they let you try their service for free for 7 days. I managed to get over 300 targeted visitors to day to my website. http://rb2.in/4nS', 'Teresa', 'Teresa', 'xysozoppp@blaseiva.com', 0),
(125, 'I was just looking at your Ebikri.com site and see that your website has the potential to become very popular. I just want to tell you, In case you didn''t already know... There is a website network which already has more than 16 million users, and most of the users are interested in topics like yours. By getting your website on this service you have a chance to get your site more popular than you can imagine. It is free to sign up and you can find out more about it here: http://pandalove.info/35p0i - Now, let me ask you... Do you need your website to be successful to maintain your business? Do you need targeted traffic who are interested in the services and products you offer? Are looking for exposure, to increase sales, and to quickly develop awareness for your site? If your answer is YES, you can achieve these things only if you get your website on the network I am describing. This traffic service advertises you to thousands, while also giving you a chance to test the service before paying anything at all. All the popular websites are using this network to boost their traffic and ad revenue! Why aren’t you? And what is better than traffic? It’s recurring traffic! That''s how running a successful website works... Here''s to your success! Read more here: http://www.teqdar.net/shortl/6adt   - Unsubscribe here: http://hothor.se/1u2ei', 'Patricia', 'Patricia', 'svdjvngaym@gratainmet.com', 0),
(126, 'Hello my name is Alisa and I just wanted to send you a quick message here instead of calling you. I came to your Ebikri.com page and noticed you could have a lot more traffic. I have found that the key to running a popular website is making sure the visitors you are getting are interested in your subject matter. There is a company that you can get keyword targeted traffic from and they let you try the service for free for 7 days. I managed to get over 300 targeted visitors to day to my site. http://osws.uk/28m3a     - Unsubscribe here: http://osws.uk/28m4b', 'Alisa', 'Alisa', 'oagdjs@beagrinbol.com', 0),
(127, 'I was just looking at your Ebikri.com site and see that your site has the potential to get a lot of visitors. I just want to tell you, In case you don''t already know... There is a website network which already has more than 16 million users, and most of the users are looking for websites like yours. By getting your website on this service you have a chance to get your site more visitors than you can imagine. It is free to sign up and you can find out more about it here: http://gd.is/y/46o6a - Now, let me ask you... Do you need your website to be successful to maintain your way of life? Do you need targeted visitors who are interested in the services and products you offer? Are looking for exposure, to increase sales, and to quickly develop awareness for your website? If your answer is YES, you can achieve these things only if you get your site on the service I am describing. This traffic network advertises you to thousands, while also giving you a chance to test the network before paying anything. All the popular websites are using this service to boost their readership and ad revenue! Why aren’t you? And what is better than traffic? It’s recurring traffic! That''s how running a successful website works... Here''s to your success! Read more here: http://s.beautheac.net/4p   - Unsubscribe here: http://lis.ovh/b2', 'Alisa', 'Alisa', 'txmjbxra@beagrinbol.com', 0),
(128, 'I was just looking at your Ebikri.com site and see that your site has the potential to get a lot of visitors. I just want to tell you, In case you don''t already know... There is a website network which already has more than 16 million users, and the majority of the users are interested in topics like yours. By getting your site on this service you have a chance to get your site more visitors than you can imagine. It is free to sign up and you can read more about it here: http://hw23.de/04oz1 - Now, let me ask you... Do you need your website to be successful to maintain your way of life? Do you need targeted traffic who are interested in the services and products you offer? Are looking for exposure, to increase sales, and to quickly develop awareness for your website? If your answer is YES, you can achieve these things only if you get your website on the network I am talking about. This traffic network advertises you to thousands, while also giving you a chance to test the service before paying anything at all. All the popular sites are using this network to boost their readership and ad revenue! Why aren’t you? And what is better than traffic? It’s recurring traffic! That''s how running a successful website works... Here''s to your success! Read more here: http://aici.cf/a  - Unsubscribe here: http://www.dreamingson.com/r/ur', 'Joselyn', 'Joselyn', 'kmajkxagd@denarcteel.com', 0),
(129, 'This is a message to the webmaster. I came to your Ebikri.com page by searching on Google but it was difficult to find as you were not on the front page of search results. I know you could have more visitors to your website. I have found a website which offers to dramatically improve your rankings and traffic to your site: http://re2l.in/1fe I managed to get close to 500 visitors/day using their service, you could also get many more targeted visitors from Google than you have now. Their service brought significantly more traffic to my website. I hope this helps!', 'Evelyn Serrell', 'Evelyn Serrell', 'eathdjadtfo@incuelg.com', 0),
(130, 'Did you just create your new Facebook page? Do you want your page to look a little more "established"? I found a service that can help you with that. They can send organic and 100% real likes and followers to your social pages and you can try before you buy with their free trial. Their service is completely safe and they send all likes to your page naturally and over time so nobody will suspect that you bought them. Try their service for free here: http://8si.ru/2gerk', 'Jennifer', 'Jennifer', 'dlieoz@gzzcbuxlqe.com', 0),
(131, 'Did you just create your new Facebook page? Do you want your page to look a little more "established"? I found a service that can help you with that. They can send organic and 100% real likes and followers to your social pages and you can try before you buy with their free trial. Their service is completely safe and they send all likes to your page naturally and over time so nobody will suspect that you bought them. Try their service for free here: http://lathundar.se/Url/a9', 'Jennifer', 'Jennifer', 'enxgiyvjj@rwyneppogec.com', 0),
(132, 'Hi my name is Sabrina Warren and I just wanted to send you a quick note here instead of calling you. I came to your Ebikri.com website and noticed you could have a lot more traffic. I have found that the key to running a popular website is making sure the visitors you are getting are interested in your website topic. There is a company that you can get keyword targeted visitors from and they let you try their service for free for 7 days. I managed to get over 300 targeted visitors to day to my site. http://aici.cf/1c', 'Sabrina Warren', 'Sabrina Warren', 'uflutliw@dwptgkcnc.com', 0),
(133, 'Did you just create your new Facebook page? Do you want your page to look a little more "established"? I found a service that can help you with that. They can send organic and 100% real likes and followers to your social pages and you can try before you buy with their free trial. Their service is completely safe and they send all likes to your page naturally and over time so nobody will suspect that you bought them. Try their service for free here: http://v-doc.co/nm/39zu3', 'Sandra', 'Sandra', 'smyproph@edtybqzd.com', 0),
(134, 'I was just looking at your Ebikri.com website and see that your website has the potential to become very popular. I just want to tell you, In case you didn''t already know... There is a website service which already has more than 16 million users, and the majority of the users are looking for topics like yours. By getting your website on this network you have a chance to get your site more visitors than you can imagine. It is free to sign up and you can find out more about it here: http://wntdco.mx/vlyb4 - Now, let me ask you... Do you need your site to be successful to maintain your business? Do you need targeted visitors who are interested in the services and products you offer? Are looking for exposure, to increase sales, and to quickly develop awareness for your website? If your answer is YES, you can achieve these things only if you get your website on the network I am talking about. This traffic service advertises you to thousands, while also giving you a chance to test the network before paying anything at all. All the popular websites are using this network to boost their readership and ad revenue! Why aren’t you? And what is better than traffic? It’s recurring traffic! That''s how running a successful website works... Here''s to your success! Read more here: http://maak.me/s0p1j', 'Lela Guzman', 'Lela Guzman', 'wkfkpplnny@igoiughvv.com', 0),
(135, 'Hi my name is Lela Guzman and I just wanted to send you a quick note here instead of calling you. I came to your Ebikri.com page and noticed you could have a lot more visitors. I have found that the key to running a popular website is making sure the visitors you are getting are interested in your subject matter. There is a company that you can get keyword targeted traffic from and they let you try the service for free for 7 days. I managed to get over 300 targeted visitors to day to my website. http://maak.me/s0p1j', 'Lela Guzman', 'Lela Guzman', 'enkbyuco@npfbmwnmc.com', 0),
(136, 'I came to your Ebikri.com page and noticed you could have a lot more traffic. I have found that the key to running a website is making sure the visitors you are getting are interested in your subject matter. We can send you targeted traffic and we let you try it for free. Get over 1,000 targeted visitors per day to your website. Start your free trial: http://pcgroup.com.uy/15', 'Elisa Brown', 'Elisa Brown', 'dcqajr@djnoeyverd.com', 0),
(137, 'I discovered your Ebikri.com page and noticed you could have a lot more traffic. I have found that the key to running a website is making sure the visitors you are getting are interested in your subject matter. We can send you targeted traffic and we let you try it for free. Get over 1,000 targeted visitors per day to your website. Start your free trial: http://pcgroup.com.uy/15																				Unsubscribe here: http://acortarurl.es/97', 'Chelsea Wallace', 'Chelsea Wallace', 'cjktdthetwz@uggdly.com', 0),
(138, 'I came to your Ebikri.com page and noticed you could have a lot more traffic. I have found that the key to running a website is making sure the visitors you are getting are interested in your subject matter. We can send you targeted traffic and we let you try it for free. Get over 1,000 targeted visitors per day to your website. Start your free trial: http://tdil.co/3p																				Unsubscribe here: http://acortarurl.es/97', 'Chelsea Wallace', 'Chelsea Wallace', 'nykogyxnb@eocbxtmp.com', 0),
(139, 'oHaeTo http://www.LnAJ7K8QSpkiStk3sLL0hQP6MO2wQ8gO.com', '5889779533', 'JimmiXzSq', '', 207),
(140, 'I came across your Ebikri.com website and wanted to let you know that we have decided to open our POWERFUL and PRIVATE web traffic system to the public for a limited time! You can sign up for our targeted traffic network with a free trial as we make this offer available again. If you need targeted traffic that is interested in your subject matter or products start your free trial today: http://pcgroup.com.uy/15																				Unsubscribe here: http://tdil.co/5p', 'Chelsea Wallace', 'Chelsea Wallace', 'sjbswkyfz@lyrqnt.com', 0),
(141, 'I discovered your Ebikri.com page and noticed you could have a lot more traffic. I have found that the key to running a website is making sure the visitors you are getting are interested in your subject matter. We can send you targeted traffic and we let you try it for free. Get over 1,000 targeted visitors per day to your website. Check it out here: http://magc.co/7fe																				Unsubscribe here: http://acortarurl.es/97', 'Chelsea Wallace', 'Chelsea Wallace', 'fkflltom@szwocftpx.com', 0),
(142, 'This is a comment to the Ebikri.com admin. Your website is missing out on at least 300 visitors per day. Our traffic system will  dramatically increase your traffic to your site: http://priscilarodrigues.com.br/url/v - We offer 500 free targeted visitors during our free trial period and we offer up to 30,000 targeted visitors per month. Hope this helps :)																				Unsubscribe here: http://acortarurl.es/97', 'Sarah Hughes', 'Sarah Hughes', 'xsfpvgt@qxnrjfeg.com', 0),
(143, 'I came to your Ebikri.com page and noticed you could have a lot more traffic. I have found that the key to running a website is making sure the visitors you are getting are interested in your subject matter. We can send you targeted traffic and we let you try it for free. Get over 1,000 targeted visitors per day to your website. Check it out here: http://stpicks.com/27																			Unsubscribe here: http://priscilarodrigues.com.br/url/11', 'Ann Weaver', 'Ann Weaver', 'fgzmfmbgp@gwylxcnjz.com', 0),
(144, 'This is a message to the Ebikri.com webmaster. Your website is missing out on at least 300 visitors per day. Our traffic system will  dramatically increase your traffic to your site: http://tdil.co/3p - We offer 500 free targeted visitors during our free trial period and we offer up to 30,000 targeted visitors per month. Hope this helps :)																				Unsubscribe here: http://priscilarodrigues.com.br/url/11', 'Ann Weaver', 'Ann Weaver', 'ulkenya@yyfphhwfyoa.com', 0),
(145, 'I discovered your Ebikri.com page and noticed you could have a lot more traffic. I have found that the key to running a website is making sure the visitors you are getting are interested in your subject matter. We can send you targeted traffic and we let you try it for free. Get over 1,000 targeted visitors per day to your website. Start your free trial: http://priscilarodrigues.com.br/url/v																			Unsubscribe here: http://priscilarodrigues.com.br/url/11', 'Ann Weaver', 'Ann Weaver', 'hiqmwxcjo@pnggfkyi.com', 0),
(146, 'I came across your Ebikri.com website and wanted to let you know that we have decided to open our POWERFUL and PRIVATE website traffic system to the public for a limited time! You can sign up for our targeted traffic network with a free trial as we make this offer available again. If you need targeted traffic that is interested in your subject matter or products start your free trial today: http://priscilarodrigues.com.br/url/v																				Unsubscribe here: http://pcgroup.com.uy/2a', 'Ann Weaver', 'Ann Weaver', 'qzrtdepghi@nvyjdsqfxhr.com', 0),
(147, 'This is a message to the Ebikri.com admin. Your website is missing out on at least 300 visitors per day. Our traffic system will  dramatically increase your traffic to your site: http://tdil.co/3p - We offer 500 free targeted visitors during our free trial period and we offer up to 30,000 targeted visitors per month. Hope this helps :)																				Unsubscribe here: http://pcgroup.com.uy/2a', 'Ann Weaver', 'Ann Weaver', 'eoshxuwoj@ftrkcwik.com', 0),
(148, 'I came to your Ebikri.com page and noticed you could have a lot more traffic. I have found that the key to running a website is making sure the visitors you are getting are interested in your subject matter. We can send you targeted traffic and we let you try it for free. Get over 1,000 targeted visitors per day to your website. Start your free trial: http://v-doc.co/nm/jkfq0																			Unsubscribe here: http://priscilarodrigues.com.br/url/11', 'Ann Weaver', 'Ann Weaver', 'ivkgtgyjnk@iprkmhsas.com', 0),
(149, 'I came to your Ebikri.com page and noticed you could have a lot more traffic. I have found that the key to running a website is making sure the visitors you are getting are interested in your subject matter. We can send you targeted traffic and we let you try it for free. Get over 1,000 targeted visitors per day to your website. Start your free trial: http://tdil.co/3p																			Unsubscribe here: http://priscilarodrigues.com.br/url/11', 'Ann Weaver', 'Ann Weaver', 'lyivjsdvhq@cpbfympmm.com', 0),
(150, 'This is a comment to the Ebikri.com admin. Your website is missing out on at least 300 visitors per day. Our traffic system will  dramatically increase your traffic to your website: http://priscilarodrigues.com.br/url/v - We offer 500 free targeted visitors during our free trial period and we offer up to 30,000 targeted visitors per month. Hope this helps :)																				Unsubscribe here: http://priscilarodrigues.com.br/url/11', 'Ann Weaver', 'Ann Weaver', 'tmhclje@ayrqaxwnzt.com', 0),
(151, 'I came to your Ebikri.com page and noticed you could have a lot more traffic. I have found that the key to running a website is making sure the visitors you are getting are interested in your subject matter. We can send you targeted traffic and we let you try it for free. Get over 1,000 targeted visitors per day to your website. Start your free trial: http://pcgroup.com.uy/15																			Unsubscribe here: http://pcgroup.com.uy/2a', 'Ann Weaver', 'Ann Weaver', 'wppchnozza@kdkgrorkvfo.com', 0),
(152, 'This is a message to the Ebikri.com webmaster. Your website is missing out on at least 300 visitors per day. Our traffic system will  dramatically increase your traffic to your site: http://v-doc.co/nm/jkfq0 - We offer 500 free targeted visitors during our free trial period and we offer up to 30,000 targeted visitors per month. Hope this helps :) 																				Unsubscribe here: http://priscilarodrigues.com.br/url/11', 'Sarah Carlson', 'Sarah Carlson', 'kmzlvczftcm@tkaptsdtn.com', 0),
(153, '<a href="http://joescellar.com/index.php?action=profile;u=30">with discount Intuit Quicken 2009 Home & Business</a> \r\n<a href="http://lostand2d.com/community/index.php?action=profile;u=45107">with discount Dreamweaver CS6: The Missing Manual</a> \r\n<a href="http://chameleon.org.il/phpBB2/profile.php?mode=viewprofile&u=28965">with cheap price Microsoft Outlook 2016</a> \r\n<a href="http://www.foroanimales.com/member.php?action=profile&uid=29577">buy Autodesk Revit Architecture 2015</a> \r\n<a href="http://chameleon.org.il/phpBB2/profile.php?mode=viewprofile&u=28965">purchase Autodesk Revit 2014</a> \r\n<a href="http://www.ihrpaketbote.de/forum/member.php?action=profile&uid=10558">cheap price Microsoft Office Professional Plus 2013</a> \r\n<a href="http://www.shesnotajanitor.com/fora/profile.php?mode=viewprofile&u=51230">cheap Adobe After Effects CS5</a> \r\n<a href="http://www.thelovecabin.com.au/forum/member.php?action=profile&uid=501">buy online Microsoft Visual Studio Ultimate 2013</a> \r\n<a href="http://ligtvgo.com/forum/member.php?action=profile&uid=12619">with discount Rosetta Stone - Learn Portuguese</a> \r\n<a href="http://gimzbydniow.pl/index.php?option=com_k2&view=itemlist&task=user&id=103337">cheap Intuit QuickBooks Pro 2013 (USA Version)</a> \r\n<a href="http://www.zonagol.com.mx/foros/profile.php?mode=viewprofile&u=443927">buy cheap Microsoft Office Professional 2013</a> \r\n<a href="http://www.oimaa.club/user-3099.html">purchase on line Parallels Desktop 8</a> \r\n<a href="http://clan.bassrider.eu/member.php?action=profile&uid=2413">purchase online Nolo Quicken WillMaker Plus 2011</a> \r\n<a href="http://roni.samsbuzz.com/roni/member.php?action=profile&uid=4225">purchase Mixed in Key 7</a> \r\n<a href="http://chameleon.org.il/phpBB2/profile.php?mode=viewprofile&u=28965">purchase Autodesk AutoCAD Design Suite Standard 2013</a> \r\n<a href="http://www.1mrb-milsim.us/forums/index.php?action=profile;u=12055">web store Windows Web Server 2008 R2</a> \r\n<a href="http://forum.polba.net/member.php?action=profile&uid=12721">purchase online Lynda.com - Photoshop for Designers: Color</a> \r\n<a href="http://reltix.net/forum/index.php?action=profile;u=58262">cheap Autodesk AutoCAD Design Suite Premium 2013</a>', '83769892244', 'buyadobepremierepro', 'pu.pki.n.sva.n.ia@gmail.com', 11),
(154, '<a href="http://uaepk.com/vb/member.php?u=17790">cheap Adobe Flash Professional CS6</a> \r\n<a href="http://forumrevshare.pl/member.php?action=profile&uid=4663">cheap price Adobe Fireworks CS6</a> \r\n<a href="http://www.macrogenerator.net/forum/member.php?action=profile&uid=1934">buy online Delcam ArtCAM 2012 Professional</a> \r\n<a href="http://chameleon.org.il/phpBB2/profile.php?mode=viewprofile&u=28965">with discount Intuit QuickBooks Pro 2013 (USA Version)</a> \r\n<a href="http://gda.ap-data.de/mybb/member.php?action=profile&uid=2667">with discount Nero 8 Ultra Edition</a> \r\n<a href="http://www.tsfeess.com/foro/profile.php?id=1403791">with discount Autodesk 3ds Max Entertainment Creation Suite Premium 2012</a> \r\n<a href="http://zoomfuse.com/member.php?action=profile&uid=10276">cheap price Adobe Creative Suite 4 Design Standard</a> \r\n<a href="http://www.forum.g-rp.pl/member.php?action=profile&uid=26739">cheap Adobe Creative Suite 5 Design Premium</a> \r\n<a href="http://pleadingexchange.com/community/index.php?action=profile;u=87058">cheap Parallels Desktop 8</a> \r\n<a href="http://www.foto-krasnodar.ru/forum/profile.php?id=2681885">web store Autodesk Revit MEP 2015</a> \r\n<a href="http://gamejunk.net/member.php?action=profile&uid=19018">cheap price Adobe Photoshop CS6 Top 100 Simplified Tips and Tricks</a> \r\n<a href="http://vladtopalov.ru/forum/index.php?showuser=1527056">cheap Microsoft Visual Studio Ultimate 2013</a> \r\n<a href="http://ligtvgo.com/forum/member.php?action=profile&uid=12619">with cheap price ElcomSoft Advanced Office Password Recovery 4.0 Professional</a> \r\n<a href="http://www.forum.tmntactionfigurecollectorslounge.com/index.php?action=profile;u=6540">cheap Microsoft Outlook 2016</a> \r\n<a href="http://www.kvantnakontrola.com/forum/member.php?action=profile&uid=13016">purchase Apple Aperture 3</a> \r\n<a href="http://yellowdevilz.com/index.php?option=com_k2&view=itemlist&task=user&id=669197">buy Rosetta Stone - Learn Hebrew</a> \r\n<a href="http://lostand2d.com/community/index.php?action=profile;u=45107">buy online Hazel 3</a> \r\n<a href="http://joescellar.com/index.php?action=profile;u=24">cheap price Omni Group OmniGraffle 5 Standard</a>', '81837419556', 'purchaseadobepremiere', 'pu.p.kinsv.a.n.i.a@gmail.com', 11),
(155, '<a href="http://z13.invisionfree.com/adventmage/index.php?showuser=654">cheap price Autodesk AutoCAD Mechanical 2012</a> \r\n<a href="http://tournamentsinpoker.com/member.php?action=profile&uid=1259">purchase online Microsoft Streets & Trips 2010</a> \r\n<a href="http://friendlyfire.org.uk/forum/member.php?action=profile&uid=99384">with cheap price I.R.I.S. Readiris 12 Corporate</a> \r\n<a href="http://www.hardcorero.com/forum/index.php?action=profile;u=8394">buy cheap Microsoft Office Visio Professional 2010</a> \r\n<a href="http://chameleon.org.il/phpBB2/profile.php?mode=viewprofile&u=28965">with discount Adobe Photoshop Elements 6</a> \r\n<a href="http://bbs.sgp.im/member.php?action=profile&uid=6174">purchase Windows Vista Home Basic</a> \r\n<a href="http://z13.invisionfree.com/adventmage/index.php?showuser=654">purchase Microsoft Project 2016</a> \r\n<a href="http://www.kaserproxy.com/blog/user-8723.html">where to buy Autodesk AutoCAD Design Suite Ultimate 2015</a> \r\n<a href="http://forum.rojadirecta.es/member.php?2119408-Buy-Cheap-Adobe">with cheap price Microsoft Visual Studio 2010 Ultimate</a> \r\n<a href="http://babalfeker.com/vb/member.php?u=434958">purchase Infinite Skills - Learning FileMaker Pro 12</a> \r\n<a href="http://www.ihrpaketbote.de/forum/member.php?action=profile&uid=11068">buy Microsoft SQL Server 2014 Enterprise</a> \r\n<a href="http://www.zonagol.com.mx/foros/profile.php?mode=viewprofile&u=443927">cheap price Windows 8.1 Enterprise</a> \r\n<a href="http://www.forum.tmntactionfigurecollectorslounge.com/index.php?action=profile;u=2529">cheap price ACDSee Pro 3</a> \r\n<a href="http://www.foroanimales.com/member.php?action=profile&uid=29577">with discount Microsoft Office 2007 For Seniors For Dummies</a> \r\n<a href="http://www.nocebo.eu/forum/member.php?action=profile&uid=3483">where to buy Delcam FeatureCAM 2014</a> \r\n<a href="http://www.ihrpaketbote.de/forum/member.php?action=profile&uid=11068">purchase on line Geometric CAMWorks 2014</a> \r\n<a href="http://chameleon.org.il/phpBB2/profile.php?mode=viewprofile&u=28965">cheap price Corel DVD MovieFactory 6 PLUS</a> \r\n<a href="http://zoomfuse.com/member.php?action=profile&uid=10276">discount SPI SheetMetalWorks 2015</a>', '86161285569', 'buyadobepremierepro', 'p.up.kin.svan.ia@gmail.com', 11),
(156, '<a href="http://savok.name/forum/user/530984-buy-cheap-adobe/">purchase SigmaPlot 12.5</a> \r\n<a href="http://homeforums.co/index.php?action=profile;u=86126">purchase online Autodesk Building Design Suite Ultimate 2016</a> \r\n<a href="http://www.thequacken.com/member.php?action=profile&uid=59264">buy Microsoft Office Powerpoint 2007</a> \r\n<a href="http://bolt-mc.com/member.php?action=profile&uid=3124">discount FL Studio 9 Producer XXL</a> \r\n<a href="http://chameleon.org.il/phpBB2/profile.php?mode=viewprofile&u=28965">purchase on line Corel WordPerfect Office X6 Professional Edition</a> \r\n<a href="http://gda.ap-data.de/mybb/member.php?action=profile&uid=2982">where to buy Adobe Creative Suite 5 Design Standard Student And Teacher Edition</a> \r\n<a href="http://www.wazobiahouse.com/member.php?action=profile&uid=16563">cheap Lynda.com - InDesign Tables In Depth</a> \r\n<a href="http://www.amateur-girls-posts.com/forums/profile.php?mode=viewprofile&u=2684545">buy cheap Infinite Skills - Learning Autodesk Inventor 2013</a> \r\n<a href="http://www.thequacken.com/member.php?action=profile&uid=59983">web store VMware Fusion 3</a> \r\n<a href="http://forum.edukacjaprzygodowa.pl/profile.php?id=574523">with cheap price Adobe InDesign CS3</a> \r\n<a href="http://www.macrogenerator.net/forum/member.php?action=profile&uid=1934">web store Apple Mac OS X 10.5 Leopard Server</a> \r\n<a href="https://www.aquaponia.org/member.php?action=profile&uid=1895">with cheap price Video Copilot BackLight Pack</a> \r\n<a href="http://gorod40.com/member.php?59416-Buy-Cheap-Adobe">with discount Pixologic ZBrush 4R7</a> \r\n<a href="http://homeforums.co/index.php?action=profile;u=98822">discount FileMaker Pro 11: The Missing Manual</a> \r\n<a href="http://www.zonagol.com.mx/foros/profile.php?mode=viewprofile&u=443927">buy cheap Autodesk Inventor LT 2015</a> \r\n<a href="http://chameleon.org.il/phpBB2/profile.php?mode=viewprofile&u=28965">purchase online Corel Designer Technical Suite X5</a> \r\n<a href="http://www.zonagol.com.mx/foros/profile.php?mode=viewprofile&u=439576">where to buy Autodesk AutoCAD Architecture 2017</a> \r\n<a href="http://forum.cacaoweb.org/index.php?action=profile;u=562017">purchase online Adobe Creative Suite 4 Web Premium</a>', '88611343829', 'purchaseadobepremiere', 'pu.p.k.i.ns.v.a.n.i.a@gmail.com', 11),
(157, '<a href="http://project.nios.ru/index.php?action=profile;u=160754">web store VMware Fusion 8.5</a> \r\n<a href="http://sarinfelez.com/index.php/component/users/?option=com_k2&view=itemlist&task=user&id=228662">purchase Sony CD Architect 5.2</a> \r\n<a href="http://www.pixel4ever.com/member.php?action=profile&uid=3911">with discount Adobe Audition 3</a> \r\n<a href="http://www.eraoftheshinobi.net/member.php?action=profile&uid=6115">web store ABBYY FineReader 10 Professional Edition</a> \r\n<a href="http://zoomfuse.com/member.php?action=profile&uid=10276">cheap price Rob Papen Predator MAC</a> \r\n<a href="http://mebleportal.pl/forum/member.php?action=profile&uid=32482">buy proDAD Heroglyph 4 Pro</a> \r\n<a href="http://www.actasig.com/member.php?action=profile&uid=74500">purchase online Autodesk AutoCAD Mechanical 2014</a> \r\n<a href="http://mlgroup.cloud/index.php/component/users/?option=com_k2&view=itemlist&task=user&id=495568">buy online Microsoft Office Visio Premium 2010</a> \r\n<a href="http://popadeli.com/forum/member.php?action=profile&uid=377666">purchase Microsoft Office Outlook 2007</a> \r\n<a href="http://www.zonagol.com.mx/foros/profile.php?mode=viewprofile&u=443927">where to buy Microsoft Office 2010 Standard</a> \r\n<a href="http://chameleon.org.il/phpBB2/profile.php?mode=viewprofile&u=28274">web store Acronis Disk Director 11 Home</a> \r\n<a href="http://forum.zooglea.ru/member.php?27438-Buy-Cheap-Adobe">discount Microsoft Office 2007 Standard</a> \r\n<a href="http://chameleon.org.il/phpBB2/profile.php?mode=viewprofile&u=28274">purchase on line Rosetta Stone - Learn English</a> \r\n<a href="http://www.oimaa.club/user-2898.html">buy Microsoft Project Professional 2016</a> \r\n<a href="http://www.zonagol.com.mx/foros/profile.php?mode=viewprofile&u=443927">purchase online Adobe Premiere Elements 9</a> \r\n<a href="http://www.forum.tmntactionfigurecollectorslounge.com/index.php?action=profile;u=6540">buy online Intuit QuickBooks Ent 2015</a> \r\n<a href="http://forum.cacaoweb.org/index.php?action=profile;u=562017">purchase Adobe InDesign CS3</a> \r\n<a href="http://sm.mystictreehouse.com/index.php?action=profile;u=267449">cheap price Adobe Photoshop Lightroom 6</a>', '83286962596', 'purchaseadobepremiere', 'pup.k.insv.an.i.a@gmail.com', 11);
INSERT INTO `tbl_contact` (`id`, `feedback`, `phon_no`, `enter_name`, `email`, `event_id`) VALUES
(158, '<a href="http://doletzkaya.ru/forum/index.php?action=profile;u=7775">purchase on line Microsoft Office Standard 2013</a> \r\n<a href="http://www.xivra.com/forums/index.php?action=profile;u=117268">web store Microsoft OneNote 2013</a> \r\n<a href="http://forum.monitor-info.ru/profile.php?id=62842">cheap Microsoft SQL Server 2008 Enterprise</a> \r\n<a href="http://altcoinstalk.com/member.php?177685-Buy-Cheap-Adobe">web store Microsoft Encarta Premium 2009</a> \r\n<a href="http://www.arabuser.com/forums/member.php?261138-Buy-Cheap-Adobe&s=b1fff4822b21293fdc213a0fed5f672d">with cheap price Autodesk 3ds Max 2017</a> \r\n<a href="http://www.aliansgyneco.ru/forum/index.php?action=profile;u=239510">with cheap price Microsoft SharePoint Server 2013 Enterprise</a> \r\n<a href="http://hocico.ru/forum/index.php?showuser=37539">web store Solidworks 2016 Premium</a> \r\n<a href="http://bolt-mc.com/member.php?action=profile&uid=3124">where to buy Sony CD Architect 5.2</a> \r\n<a href="http://www.1mrb-milsim.us/forums/index.php?action=profile;u=12055">purchase online Microsoft Office 2011 Home & Student</a> \r\n<a href="http://www.kaserproxy.com/blog/user-8723.html">with cheap price GraphiSoft ArchiCAD 14</a> \r\n<a href="https://www.schlachthaus-deutschland.de/member.php?action=profile&uid=5693">cheap Adobe Photoshop CS3 Extended</a> \r\n<a href="http://www.covertonesecurity.com/forum/index.php?action=profile;u=723">buy Slysoft CloneDVD 2</a> \r\n<a href="http://guhe.net/member.php?action=profile&uid=1839">buy cheap Windows Web Server 2008 R2</a> \r\n<a href="http://www.arabuser.com/forums/member.php?261138-Buy-Cheap-Adobe">cheap price Adobe Creative Suite 6 Design & Web Premium</a> \r\n<a href="http://www.tsfeess.com/foro/profile.php?id=1403791">buy online Sony DVD Architect Pro 6</a> \r\n<a href="http://forum.agenbandarqterpercaya.com/member.php?action=profile&uid=6755">with cheap price ABBYY FineReader 8 Express Edition</a> \r\n<a href="http://www.newgrapes.com/Forum/member.php?action=profile&uid=5489">cheap Infinite Skills - Video and Animation with Adobe Photoshop</a> \r\n<a href="http://85.214.98.213/forum/member.php?action=profile&uid=5757">discount IMAGENOMIC Portraiture 2 for Adobe Photoshop</a>', '89969513163', 'buyadobepremiere', 'pu.p.kins.v.a.n.ia@gmail.com', 11),
(159, '<a href="http://www.kvantnakontrola.com/forum/member.php?action=profile&uid=12381">buy cheap Ableton Suite 8</a> \r\n<a href="http://www.kvantnakontrola.com/forum/member.php?action=profile&uid=13016">purchase on line Nik Software Complete Collection 2014</a> \r\n<a href="http://www.photographysandiego.org/forum/index.php?action=profile;u=85236">buy online Karelia Software Sandvox 2</a> \r\n<a href="http://salsateam44.chez.com/profile.php?id=1593934">cheap Blackmagicdesign DaVinci Resolve 11</a> \r\n<a href="http://subtlecheats.com/forum/member.php?action=profile&uid=2675">web store Adobe Font Folio 11</a> \r\n<a href="http://www.photographysandiego.org/forum/index.php?action=profile;u=74895">discount EPLAN Electric P8</a> \r\n<a href="http://forum.kacikhani.net/memberlist.php?mode=viewprofile&u=20721">buy Intuit TurboTax Home & Business 2012</a> \r\n<a href="http://forum.ttagency.ir/member.php?action=profile&uid=6458">purchase Apple Mac OS X 10.6 Snow Leopard Server</a> \r\n<a href="http://www.zonagol.com.mx/foros/profile.php?mode=viewprofile&u=443927">buy Aimersoft DVD Backup</a> \r\n<a href="http://www.foroanimales.com/member.php?action=profile&uid=29577">buy cheap ACD Systems ACDSee 18</a> \r\n<a href="http://www.isaevy.pro/forum/profile.php?id=155259">purchase on line Autodesk 3Ds Max 2010</a> \r\n<a href="http://www.zonagol.com.mx/foros/profile.php?mode=viewprofile&u=443927">cheap Aquafadas Pulp Motion Advanced 3</a> \r\n<a href="http://chameleon.org.il/phpBB2/profile.php?mode=viewprofile&u=28274">where to buy Rosetta Stone - Learn Persian</a> \r\n<a href="http://forum.edukacjaprzygodowa.pl/profile.php?id=574523">discount Microsoft Office 2010 Home and Student Family Pack</a> \r\n<a href="https://unrealskill-vip.net/member.php?7665-Buy-Cheap-Adobe">with cheap price IRONCAD Design Collaboration Suite 2015</a> \r\n<a href="http://forum.ttagency.ir/member.php?action=profile&uid=6109">web store Sony Vegas Pro 12</a> \r\n<a href="http://chameleon.org.il/phpBB2/profile.php?mode=viewprofile&u=28274">web store Lynda.com - Narrative Portraiture: On Location in Texas</a> \r\n<a href="http://zoomfuse.com/member.php?action=profile&uid=10276">buy SPI SheetMetalWorks 2015</a>', '86263258634', 'buyadobepremiere', 'pu.pki.nsva.n.ia@gmail.com', 11),
(160, '<a href="http://www.zonagol.com.mx/foros/profile.php?mode=viewprofile&u=443927">purchase online Microsoft Visual Studio 2008 Professional</a> \r\n<a href="http://www.zonagol.com.mx/foros/profile.php?mode=viewprofile&u=443927">with discount Solidworks 2012 Premium</a> \r\n<a href="http://www.hackateria.com/member.php?action=profile&uid=3323">buy Autodesk 3ds Max 2016</a> \r\n<a href="http://pleadingexchange.com/community/index.php?action=profile;u=87058">with cheap price Lynda.com - Photoshop for Designers: Layer Effects</a> \r\n<a href="http://www.oimaa.club/user-3099.html">cheap Nuance PDF Converter Professional 5</a> \r\n<a href="http://www.amateur-girls-posts.com/forums/profile.php?mode=viewprofile&u=2684545">purchase Autodesk AutoCAD 2015</a> \r\n<a href="http://forum.vs-dom.ru/index.php?action=profile;u=4673">purchase Microsoft Office Home & Student 2016</a> \r\n<a href="http://www.zonagol.com.mx/foros/profile.php?mode=viewprofile&u=443927">buy online Autodesk Inventor LT 2017</a> \r\n<a href="http://www.zonagol.com.mx/foros/profile.php?mode=viewprofile&u=443927">cheap price Corel WordPerfect Office X5 Standard</a> \r\n<a href="http://www.pwdiorg.com/forum/member.php?action=profile&uid=33637">where to buy Blackmagicdesign DaVinci Resolve 11</a> \r\n<a href="http://www.1mrb-milsim.us/forums/index.php?action=profile;u=10971">where to buy Autodesk Algor Simulation Professional 2011</a> \r\n<a href="http://katieandphil.party/index.php?action=profile;u=75621">where to buy Geometric CAMWorks 2016</a> \r\n<a href="http://obuv-rostov.ru/forum/user/67302/">with discount Symantec Norton Ghostв„ў 12.0</a> \r\n<a href="http://www.marocconseil.ma/forum/member.php?action=profile&uid=16715">buy online Autodesk AutoCAD Design Suite Premium 2014</a> \r\n<a href="http://gapz.ir/user-18077.html">where to buy 3DQuickMold 2014</a> \r\n<a href="http://livechaty.cz/User-MichaelGeabs">discount Adobe Fireworks CS4</a> \r\n<a href="http://forum.edukacjaprzygodowa.pl/profile.php?id=563509">cheap Sony Vegas Pro 11</a> \r\n<a href="http://art-gabro.com/index.php/component/users/?option=com_k2&view=itemlist&task=user&id=696727">with cheap price Aimersoft DVD Backup</a>', '82963252856', 'purchaseadobepremiere', 'p.up.k.i.n.s.v.ania@gmail.com', 11),
(161, '<a href="http://www.hardcorero.com/forum/index.php?action=profile;u=8394">with cheap price Autodesk Infrastructure Design Suite Ultimate 2016</a> \r\n<a href="http://tournamentsinpoker.com/member.php?action=profile&uid=1259">discount Windows Vista Home Basic</a> \r\n<a href="http://www.1mrb-milsim.us/forums/index.php?action=profile;u=12055">with discount Adobe Creative Suite 6 Design Standard Student and Teacher Edition</a> \r\n<a href="http://www.newgrapes.com/Forum/member.php?action=profile&uid=5489">buy cheap proDAD Mercalli 3 SAL</a> \r\n<a href="http://forum.vs-dom.ru/index.php?action=profile;u=4673">purchase Adobe Premiere Pro CS3</a> \r\n<a href="http://forum.znajdz-prace.de/User-Buy-Cheap-Adobe">with discount Autodesk Maya 2013</a> \r\n<a href="http://chameleon.org.il/phpBB2/profile.php?mode=viewprofile&u=28965">where to buy Autodesk Maya 2014</a> \r\n<a href="http://www.novotech36.ru/index.php?action=profile;u=334459">web store Autodesk Navisworks Manage 2017</a> \r\n<a href="http://www.articttt.com/profile.php?id=178784">with cheap price Alibre Design Expert 2012</a> \r\n<a href="http://friendlyfire.org.uk/forum/member.php?action=profile&uid=97426">cheap price Corel VideoStudio Pro X7</a> \r\n<a href="http://markhubbardsbasement.club/member.php?action=profile&uid=20639">with cheap price Microsoft Office 2007 Standard</a> \r\n<a href="http://bia2us.com/forum/member.php?action=profile&uid=12635">discount Autodesk Revit LT 2016</a> \r\n<a href="http://www.theskywatergroup.com/forum/member.php?action=profile&uid=7867">buy cheap CorelDRAW Technical Suite X7</a> \r\n<a href="http://bia2us.com/forum/member.php?action=profile&uid=12635">where to buy Corel Painter 12</a> \r\n<a href="http://provence-polyester.com/index.php/component/users/?option=com_k2&view=itemlist&task=user&id=194534">buy online FilmConvert Pro 2</a> \r\n<a href="http://forumlodjiya.ru/forum/profile.php?mode=viewprofile&u=74066">purchase online ABest MPEG VCD DVD Video Converter</a> \r\n<a href="http://teamfastlane.com/Forum/index.php?action=profile;u=171898">buy cheap FileMaker Pro 14</a> \r\n<a href="http://forum.kacikhani.net/memberlist.php?mode=viewprofile&u=20285">with cheap price proDAD Mercalli 3 SAL</a>', '81132278126', 'purchaseadobepremiere', 'pupk.ins.v.a.nia@gmail.com', 11),
(162, '<a href="http://www.thequacken.com/member.php?action=profile&uid=59264">cheap price Microsoft Office Professional 2016</a> \r\n<a href="http://chameleon.org.il/phpBB2/profile.php?mode=viewprofile&u=28965">buy cheap Adobe After Effects CS6</a> \r\n<a href="http://rdlforum.just2guys.net/profile.php?id=80584">cheap QuarkXPress 7.3</a> \r\n<a href="http://www.nocebo.eu/forum/member.php?action=profile&uid=3161">with discount Adobe Audition CS5.5</a> \r\n<a href="http://www.oimaa.club/user-3099.html">with cheap price Sony Vegas Pro 13</a> \r\n<a href="http://chameleon.org.il/phpBB2/profile.php?mode=viewprofile&u=28274">purchase Pixologic ZBrush 4R6</a> \r\n<a href="http://www.pwdiorg.com/forum/member.php?action=profile&uid=34177">purchase online Nuance PaperPort Professional 12.1</a> \r\n<a href="http://roomforums.roleplayevolution.com/cityoftor/index.php?action=profile;u=2704">cheap Autodesk Revit 2014</a> \r\n<a href="http://rollercoastercrazy.uk/member.php?68080-Buy-Cheap-Adobe">buy online iSkysoft iTube Studio 2</a> \r\n<a href="http://www.stolenvolume.co.uk/notebook/member.php?action=profile&uid=338394">purchase online SketchUp Pro 2015</a> \r\n<a href="https://forums.boxne.com/member.php?action=profile&uid=3472">where to buy Autodesk AutoCAD 2015</a> \r\n<a href="http://www.pixel4ever.com/member.php?action=profile&uid=3520">discount Autodesk 3ds Max 2017</a> \r\n<a href="http://osrealty.ru/forum/profile.php?id=20029">web store BusyMac BusyCal</a> \r\n<a href="http://banki59.ru/forum/index.php?showuser=471599">buy cheap Adobe Illustrator CS5 Classroom in a Book</a> \r\n<a href="http://www.pravanet.ru/forum/profile.php?mode=viewprofile&u=550474">with discount Microsoft Office Word 2010</a> \r\n<a href="http://www.thelovecabin.com.au/forum/member.php?action=profile&uid=501">with cheap price Adobe Muse CC</a> \r\n<a href="http://www.marocconseil.ma/forum/member.php?action=profile&uid=16715">buy online Autodesk Inventor Professional 2015</a> \r\n<a href="http://forum.stadetoulousain-cyclisme.fr/index.php?action=profile;u=15">web store Microsoft Office Visio Professional 2010</a>', '86527434895', 'buyadobepremiere', 'pupk.i.n.sv.ania@gmail.com', 11),
(163, 'easy payday loans <a href="http://cashadvances2017.com"> online payday loans no credit check</a> &lt;a href=&quot;http://cashadvances2017.com&quot;&gt; guaranteed payday loans&lt;/a&gt; <a href=http://cashadvances2017.com>payday loan</a>  payday loan no credit check', '89955298427', 'nxhyulVelry', 'qjfqxounzg@emmail.info', 0),
(164, '<a href="http://www.iskayad.net/forum/member.php?action=profile&uid=61357">cheap price Adobe Photoshop CS4 Extended</a> \r\n<a href="http://forsaken.atvts.net/community/member.php?action=profile&uid=10794">discount Autodesk Revit Structure 2015</a> \r\n<a href="http://www.ksmlitefx.com/forum/member.php?action=profile&uid=5300">web store Photoshop CS5: The Missing Manual</a> \r\n<a href="http://www.zonagol.com.mx/foros/profile.php?mode=viewprofile&u=443927">purchase online Autodesk Inventor Professional 2014</a> \r\n<a href="http://www.eraoftheshinobi.net/member.php?action=profile&uid=6115">where to buy Adobe Creative Suite 5 Design Standard</a> \r\n<a href="http://katieandphil.party/index.php?action=profile;u=69548">with cheap price Microsoft MapPoint 2009 North America</a> \r\n<a href="http://osrealty.ru/forum/profile.php?id=20029">purchase on line Autodesk AutoCAD Design Suite Standard 2013</a> \r\n<a href="http://www.somosandaluces.org/foro/member.php?action=profile&uid=4064">cheap Rosetta Stone - Learn English</a> \r\n<a href="http://www.aliansgyneco.ru/forum/index.php?action=profile;u=239510">purchase on line Adobe Illustrator CS4</a> \r\n<a href="http://85.214.98.213/forum/member.php?action=profile&uid=5757">discount Autodesk Inventor LT 2015</a> \r\n<a href="http://bbs.sgp.im/member.php?action=profile&uid=5912">discount Microsoft Office 2010 Home and Business</a> \r\n<a href="http://reltix.net/forum/index.php?action=profile;u=58262">buy online Autodesk 3Ds Max 2010</a> \r\n<a href="http://www.amateur-girls-posts.com/forums/profile.php?mode=viewprofile&u=2684545">cheap Microsoft Expression Encoder 4 Pro</a> \r\n<a href="http://www.eraoftheshinobi.net/member.php?action=profile&uid=5910">purchase on line Nero 7 Vision Xtra</a> \r\n<a href="http://forum.genius-chart.com/profile.php?id=264890">purchase Transoft AutoTURN InSite 8</a> \r\n<a href="http://roni.samsbuzz.com/roni/member.php?action=profile&uid=4225">with discount Infinite Skills - Advanced Revit Structure 2014 Training</a> \r\n<a href="http://forum.agenbandarqterpercaya.com/member.php?action=profile&uid=6755">purchase online Autodesk AutoSketch 9</a> \r\n<a href="http://colegiochino.es/forum/index.php?action=profile;u=25962">with discount Lynda.com - Creating Infographics with Illustrator</a>', '89537379674', 'purchaseadobepremiere', 'pup.kin.sv.a.ni.a@gmail.com', 11),
(165, '<a href="http://gaymoviescollection.com">gay movies</a> download   porno gay x sleazy creep gay porn tumblr', '82736378575', 'gay movies', 'kosta-potapov@mail.ru', 11),
(166, 'payday loans az <a href="http://cashadvances2017.com"> online payday loan</a> &lt;a href=&quot;http://cashadvances2017.com&quot;&gt; guaranteed payday loans&lt;/a&gt; <a href=http://cashadvances2017.com>payday loans with no bank account</a>  online payday loans direct lenders', '89466149368', 'nnzukzVelry', 'qfelnrdjnd@mailermails.info', 11),
(167, '<a href="http://bdsmcoollection.com/">bondage</a>', '89377321894', 'BDSM', 'kosta-potapovk@mail.ru', 11),
(168, 'This is a message to the Ebikri.com admin. Your website is missing out on at least 300 visitors per day. Our traffic system will  dramatically increase your traffic to your site: https://flxv.tk/6 - We offer 500 free targeted visitors during our free trial period and we offer up to 30,000 targeted visitors per month. Hope this helps :) 																				Unsubscribe here: http://priscilarodrigues.com.br/url/11', 'Sarah Carlson', 'Sarah Carlson', 'idwphuaty@hmxkdtkzuse.com', 0),
(169, '<a href="http://hentaiblog.org/">uncensored hentai</a>', '82933832682', 'hentai porno', 'tarikuliev.aslan@mail.ru', 11),
(170, 'revit storefront window store inventory management system flowchart   <a href="http://msssoftware.us/product/autodesk-autocad-electrical-2017/">Autodesk AutoCAD Electrical 2017 </a>     adobe creative suite 5.5 web premium price price revitalash', '81895777543', 'Timothycrosy', 'timothydaktn@mail.ru', 11),
(171, 'videosxxx  <a href="http://xxxzzle.com/">gonzo xxx</a>    xxx return of the xander cage cast teen xxx', '87987189342', 'xxx porno', 'tarikuliev.aslanp@mail.ru', 11),
(172, 'Buy microsoft office 2010 online - http://waygroupintranet.co.uk.gridhosted.co.uk/buy-microsoft-office-2010-online\r\nAdobe illustrator cc 2015 price - http://waygroupintranet.co.uk.gridhosted.co.uk/adobe-illustrator-cc-2015-price\r\nCost of ms office 2010 professional in india - http://waygroupintranet.co.uk.gridhosted.co.uk/cost-of-ms-office-2010-professional-in-india\r\nMicrosoft office professional plus 2013 price philippines - http://waygroupintranet.co.uk.gridhosted.co.uk/microsoft-office-professional-plus-2013-price-philippines\r\nWindows 7 student discount 2016 - http://waygroupintranet.co.uk.gridhosted.co.uk/windows-7-student-discount-2016\r\nBuy autocad 2016 license - http://waygroupintranet.co.uk.gridhosted.co.uk/buy-autocad-2016-license\r\nAdobe indesign cs6 price canada - http://waygroupintranet.co.uk.gridhosted.co.uk/adobe-indesign-cs6-price-canada\r\nPrice microsoft office 2013 - http://waygroupintranet.co.uk.gridhosted.co.uk/price-microsoft-office-2013\r\nBuy adobe lightroom 6 india - http://waygroupintranet.co.uk.gridhosted.co.uk/buy-adobe-lightroom-6-india\r\nMicrosoft office 2010 professional upgrade price - http://waygroupintranet.co.uk.gridhosted.co.uk/microsoft-office-2010-professional-upgrade-price\r\nBest buy adobe lightroom 6 - http://waygroupintranet.co.uk.gridhosted.co.uk/best-buy-adobe-lightroom-6', '81477798666', 'Josephfoesy', 'tarikuliev.aslanpi@mail.ru', 11),
(173, '<a href="http://oembuy.us/shop/ashampoo-photo-recovery/">Ashampoo Photo Recovery</a>\r\n<a href="http://oembuy.us/shop/autodesk-autocad-design-suite-premium-2014/">Autodesk AutoCAD Design Suite Premium 2014</a>\r\n<a href="http://oembuy.us/shop/act-adobe-illustrator-cs5-classroom-in-a-book-jun-2010-1-ed/">Adobe Illustrator CS5 Classroom in a Book</a>\r\n<a href="http://oembuy.us/shop/adobe-after-effects-cs5/">Adobe After Effects CS5</a>\r\n<a href="http://oembuy.us/shop/micromat-techtool-pro-9/">Micromat TechTool Pro 9</a>\r\n<a href="http://oembuy.us/shop/cyberlink-powerdirector-7-ultra/">Cyberlink PowerDirector 7 Ultra</a>\r\n<a href="http://oembuy.us/shop/lynda-com-revit-2017-essential-training-for-architecture/">Lynda.com - Revit 2017 Essential Training For Architecture</a>\r\n<a href="http://oembuy.us/shop/apple-aperture-3/">Apple Aperture 3</a>\r\n<a href="http://oembuy.us/shop/maxon-cinema-4d-studio-r17/">Maxon Cinema 4D Studio R17</a>\r\n<a href="http://oembuy.us/shop/mindjet-mindmanager-2017/">Mindjet MindManager 2017</a>\r\n<a href="http://oembuy.us/shop/autodesk-autocad-2015/">Autodesk AutoCAD 2015</a>', '87618993793', 'buyadobepremiere', 'buyadobepremiere@mail.ru', 11),
(174, 'I came across your Ebikri.com website and wanted to let you know that we have decided to open our POWERFUL and PRIVATE web traffic system to the public for a limited time! You can sign up for our targeted traffic network with a free trial as we make this offer available again. If you need targeted traffic that is interested in your subject matter or products start your free trial today: http://mylinks.top/h																													Unsubscribe here: http://pcgroup.com.uy/2a', 'Sarah Carlson', 'Sarah Carlson', 'vghdqz@gidjgyq.com', 0),
(175, 'payday loans las vegas <a href="http://paydayloans2017.com"> legitimate payday loans online no credit check</a> &lt;a href=&quot;http://paydayloans2017.com&quot;&gt; payday loans online no credit check&lt;/a&gt; <a href=http://paydayloans2017.com>payday loans no credit check</a>  payday loans online no credit check instant approval', '83897948392', 'ncpzwrVelry', 'rfupbhabvm@emmail.info', 0),
(176, 'payday loans online no credit check instant approval <a href="http://paydayloans2017.com"> payday loans online no credit check</a> &lt;a href=&quot;http://paydayloans2017.com&quot;&gt; guaranteed payday loans&lt;/a&gt; <a href=http://paydayloans2017.com>payday loans online</a>  payday loans houston', '84587716692', 'napqtfVelry', 'kmkpmptouj@mailermails.info', 11),
(177, 'payday loan direct lender <a href="http://paydayloans2017.com"> best payday loans</a> &lt;a href=&quot;http://paydayloans2017.com&quot;&gt; payday loans no credit check&lt;/a&gt; <a href=http://paydayloans2017.com>payday loans mn</a>  payday loans online direct lenders', '85264689181', 'nkconhVelry', 'tisuxfokza@emmail.info', 0),
(178, 'I came to your Ebikri.com page and noticed you could have a lot more traffic. I have found that the key to running a website is making sure the visitors you are getting are interested in your subject matter. We can send you targeted traffic and we let you try it for free. Get over 1,000 targeted visitors per day to your website. Check it out here: https://flxv.tk/6 															Unsubscribe here: http://pcgroup.com.uy/2a', 'Sarah Carlson', 'Sarah Carlson', 'mcvjccy@yevpbxbddve.com', 0),
(179, 'payday loans bad credit <a href="http://paydayloans2017.com"> payday loans direct lenders only</a> &lt;a href=&quot;http://paydayloans2017.com&quot;&gt; payday loans with no bank account&lt;/a&gt; http://paydayloans2017.com - payday loans with no bank account  payday loan no credit check', '89332934541', 'nihdldVelry', 'eqmmxqouyo@mailstome.today', 0),
(180, '12 month loans  <a href="https://installmentloansmaster.org/">online installment loans</a>  best online installment loans  <a href=https://installmentloansmaster.org/>bad credit installment loans</a>  personal installment loans online', '82494628138', 'installmentloans', 'robertedundrr@mail.ru', 11),
(181, 'I came across your Ebikri.com website and wanted to let you know that we have decided to open our POWERFUL and PRIVATE web traffic system to the public for a limited time! You can sign up for our targeted traffic network with a free trial as we make this offer available again. If you need targeted traffic that is interested in your subject matter or products start your free trial today: http://v-doc.co/nm/jkfq0																													Unsubscribe here: http://pcgroup.com.uy/2a', 'Sarah Carlson', 'Sarah Carlson', 'vwztmleof@jmvnlff.com', 0),
(182, 'thesis generator\r\nsample dissertation papers\r\ncustom dissertation writing services\r\ndissertation proposal samples\r\nsample of dissertation\r\n \r\n<a href="http://corfu-tours.ru/index.php/index.php/your-profile?task=profile.edit&user_id=165155">dissertation prospectus sample</a> \r\nmaster thesis\r\n \r\n<a href="http://dkphotoroom.ru/index.php/index.php/your-profile?task=profile.edit&user_id=99405">what is a dissertation</a> \r\nthesis buy\r\n \r\n<a href="http://www.ureu.it/?option=com_k2&view=itemlist&task=user&id=224538">editing dissertation services</a> \r\naccounting dissertation topics\r\n \r\n<a href="http://armstrongyoung.co.ke/index.php?option=com_k2&view=itemlist&task=user&id=38308">thesis statement generator</a> \r\ndissertation proofreading service\r\n \r\n<a href="http://www.ciccarelli1930.it//area-riservata.html?task=profile.edit&user_id=146319">what is a dissertation</a> \r\nwhat is a doctoral dissertation\r\n \r\n<a href="http://belissimo-shop.ru//your-profile.html?task=profile.edit&user_id=99949">top 10 dissertation writing services</a> \r\nprofessional thesis editing\r\n \r\n<a href="http://orange161.ru/index.php/index.php/your-profile?task=profile.edit&user_id=84267">dissertation prospectus example</a> \r\nuf thesis and dissertation\r\n \r\n<a href="http://marketing.unige.ch/index.php/index.php?option=com_k2&view=itemlist&task=user&id=15579">political science dissertation topics</a> \r\npsychology thesis\r\n \r\n<a href="http://oharaltd.com/index.php/index.php/your-profile.html?task=profile.edit&user_id=72118">dissertation statistical services</a> \r\nhow to write a thesis statement\r\ndo my thesis\r\ncheap thesis writing services\r\ndissertation writing service reviews\r\nphd thesis writing services uk\r\n \r\n<a href="http://armstrongyoung.co.ke/index.php?option=com_k2&view=itemlist&task=user&id=38308">custom written dissertations</a> \r\ndissertation formats\r\nhow to write a thesis statement\r\nexamples of dissertation topics\r\nhow to write a dissertation\r\nsample dissertations\r\n \r\n<a href="http://dinorae.com/index.php/index.php/joomla-pages-ii/user-profile?task=profile.edit&user_id=427084">how to write a thesis dissertation</a> \r\ndissertation research topics\r\n \r\n<a href="http://integraltechservice.by/index.php?option=com_k2&view=itemlist&task=user&id=742464">dissertation editors apa</a> \r\nsample of dissertation\r\n \r\n<a href="http://terosport.com/index.php/your-profile.html?task=profile.edit&user_id=75047">dissertation sample</a> \r\ndissertation assistant\r\n \r\n<a href="http://motelesrd.com/index.php/index.php/joomla-pages-ii/user-profile.html?task=profile.edit&user_id=14477">thesis editing services</a> \r\nphd thesis topic\r\n \r\n<a href="http://www.yodai.cz/index.php/joomla-pages-ii/user-profile?task=profile.edit&user_id=159750">thesis correction service</a> \r\n<a href="https://writecustom.com/" title="type my essay">type my essay</a>', '88417835935', 'Avaitte', 'p.u.p.ki.n.s.van.ia@gmail.com', 11),
(183, 'This is a message to the Ebikri.com admin. Your website is missing out on at least 300 visitors per day. Our traffic system will  dramatically increase your traffic to your website: http://pcgroup.com.uy/15 - We offer 500 free targeted visitors during our free trial period and we offer up to 30,000 targeted visitors per month. Hope this helps :) 																				Unsubscribe here: http://priscilarodrigues.com.br/url/11', 'Sarah Carlson', 'Sarah Carlson', 'fgyfeybktnl@zzmxdhojd.com', 0),
(184, 'personal loans chicago  <a href="https://installmentloansmaster.org/">online installment loans</a>  best bank for a personal loan  <a href=https://installmentloansmaster.org/>installment loans online</a>  how do loans work', '82771487659', 'installmentloans', 'robertedundrrn@mail.ru', 11),
(185, 'personal loans for bad credit in ny  <a href="https://installmentloansmaster.org/">installment loans</a>  where to get a small loan  <a href=https://installmentloansmaster.org/>installment loans</a>  loan companies for poor credit', '86572392727', 'installmentloans', 'installmentloans@mail.ru', 11),
(186, 'loans in augusta ga  <a href="https://installmentloansmaster.org/">installment loans</a>  installment loans in columbia sc  <a href=https://installmentloansmaster.org/>installment loans</a>  guaranteed installment loans for bad credit', '81383924931', 'Cliftongem', 'cliftongar@mail.ru', 11),
(187, 'http://skyit.org/index.php?option=com_k2&view=itemlist&task=user&id=907062\r\nhttp://grupoempresarialexpress.com/index.php?option=com_k2&view=itemlist&task=user&id=47436\r\nhttp://skyit.org/index.php?option=com_k2&view=itemlist&task=user&id=879970\r\nhttp://kurchaloydosaaf.ru/index.php?option=com_k2&view=itemlist&task=user&id=102899\r\nhttp://suvenir55.ru/?option=com_k2&view=itemlist&task=user&id=141714', '82716681724', 'Avaitte', 'pupk.in.s.van.ia@gmail.com', 11),
(188, 'This is a message to the Ebikri.com webmaster. Your website is missing out on at least 300 visitors per day. Our traffic system will  dramatically increase your traffic to your site: http://segundaibc.com.br/go/1i - We offer 500 free targeted visitors during our free trial period and we offer up to 30,000 targeted visitors per month. Hope this helps :) 																				Unsubscribe here: http://priscilarodrigues.com.br/url/11', 'Andrea Gibson', 'Andrea Gibson', 'qzrrfb@evfnfq.com', 0),
(189, 'purchase custom essay term papers ghost free download business plan template stand and deliver essay kate turabian term papers on assignments essay outline template word rebuttal essay example nursing assignment help uk write essay plan university writing an essay on leadership writing essays for high school applications online retail business plan get writing paragraphs and essays term papers on mother  \r\n<a href="http://www.sanyasurf.com/index.php/component/users/?option=com_k2&view=itemlist&task=user&id=2772459">writingcenter</a> \r\n<a href="http://www.sanyasurf.com/index.php/component/users/?option=com_k2&view=itemlist&task=user&id=2779545">uc writing center</a> \r\n<a href="http://giugno.quasarsinduno.it/index.php?option=com_k2&view=itemlist&task=user&id=91389">uc writing center</a> \r\n<a href="http://regusmaniglie.it/index.php?option=com_k2&view=itemlist&task=user&id=139275">uc writing center</a> \r\n<a href="http://www.mysticnails.it/index.php?option=com_k2&view=itemlist&task=user&id=8374">writingcenter</a>', '86622583847', 'Avaitte', 'pu.p.k.i.n.sva.n.ia@gmail.com', 11),
(190, 'I decided to leave a message here on your Ebikri.com page instead of calling you. Do you need more likes for your Facebook Fan Page? The more people that LIKE your website and fanpage on Facebook, the more credibility you will have with new visitors. It works the same for Twitter, Instagram and Youtube. When people visit your page and see that you have a lot of followers, they now want to follow you too. They too want to know what all the hype is and why all those people are following you. Get some free likes, followers, and views just for trying this service: http://s.t0m-s.be/42																		Unsubscribe here: http://corta.co/eXu', 'Sandra', 'Sandra', 'sfgeziggxb@xpdhilfyf.com', 0),
(191, 'I discovered your Ebikri.com page and noticed you could have a lot more traffic. I have found that the key to running a website is making sure the visitors you are getting are interested in your subject matter. We can send you targeted traffic and we let you try it for free. Get over 1,000 targeted visitors per day to your website. Check it out here: http://priscilarodrigues.com.br/url/v 															Unsubscribe here: http://corta.co/f5m', 'Andrea Gibson', 'Andrea Gibson', 'zbtfcga@wradyodkpxv.com', 0),
(192, 'This is a comment to the Ebikri.com admin. Your website is missing out on at least 300 visitors per day. Our traffic system will  dramatically increase your traffic to your website: http://segundaibc.com.br/go/1i - We offer 500 free targeted visitors during our free trial period and we offer up to 30,000 targeted visitors per month. Hope this helps :) 																				Unsubscribe here: http://corta.co/f5m', 'Andrea Gibson', 'Andrea Gibson', 'yqfnjro@vbwayvxqlci.com', 0),
(193, 'I am reaching out since we saw a link to your website and thought you would be a good candidate for our traffic service. We provide targeted website traffic to virtually any type of website. We target our visitors by both country and keywords that you either submit to us or we can do keyword research for you. We offer a seven day FREE trial period with free traffic so that you can try our service to make sure it will work for you. Which of your websites needs the most growth? Find out more here:http://segundaibc.com.br/go/1i																													Unsubscribe here: http://priscilarodrigues.com.br/url/11', 'Erma Bowman', 'Erma Bowman', 'yrtbzf@sxigarnsbk.com', 0),
(194, 'I am reaching out since we saw a link to your website and thought you would be a good candidate for our traffic service. We provide targeted website traffic to virtually any type of website. We target our visitors by both country and keywords that you either submit to us or we can do keyword research for you. We offer a seven day FREE trial period with free traffic so that you can try our service to make sure it will work for you. Which of your websites needs the most growth? Find out more here:http://v-doc.co/nm/jkfq0																													Unsubscribe here: http://priscilarodrigues.com.br/url/11\r\nErma Bowman http://url.euqueroserummacaco.com/ifa', 'Erma Bowman', 'Erma Bowman', 'niltqtdwer@hlftqtn.com', 0),
(195, 'This is a message to the Ebikri.com admin. Your website is missing out on at least 300 visitors per day. Our traffic system will  dramatically increase your traffic to your site: http://0nulu.com/sdq - We offer 500 free targeted visitors during our free trial period and we offer up to 30,000 targeted visitors per month. Hope this helps :)											 					Unsubscribe here: http://0nulu.com/nbz', 'Virginia Williams', 'Virginia Williams', 'hxfpkbdxtaa@tqyzwllmfi.com', 0),
(196, 'The general position of each person formed from the set conditions, among which the most important. Types well-being presented complex system, on which not only common well-being depend, but also ability to work of the organism. \r\n \r\nImpossible unravel and explore health, types health, and also other  components of the healthy strong organism, if thoroughly not go into the next concept. Thus, the health of a person, to date, is called standard and stable psychosomatic state of the individual. \r\n<a href=http://aboutdiseases.50r.in/tips-to-reduce-heartburn-during-pregnancy-red-tent-health-centre>how to stop heartburn during pregnancy</a>', '85657743944', 'Zomocrumb', 'tkhrrxdve@48m.info', 62),
(197, 'I came across your Ebikri.com website and wanted to let you know that we have decided to open our POWERFUL and PRIVATE website traffic system to the public for a limited time! You can sign up for our targeted traffic network with a free trial as we make this offer available again. If you need targeted traffic that is interested in your subject matter or products start your free trial today: http://0nulu.com/rjv																				Unsubscribe here: http://0nulu.com/nbz', 'Virginia Williams', 'Virginia Williams', 'khlpzcspouq@gmail.com', 0),
(198, 'I came across your Ebikri.com website and wanted to let you know that we have decided to open our POWERFUL and PRIVATE website traffic system to the public for a limited time! You can sign up for our targeted traffic network with a free trial as we make this offer available again. If you need targeted traffic that is interested in your subject matter or products start your free trial today: http://0nulu.com/csy																				Unsubscribe here: http://0nulu.com/nbz', 'Virginia Williams', 'Virginia Williams', 'pazradhp@gmail.com', 0),
(199, 'I came across your Ebikri.com website and wanted to let you know that we have decided to open our POWERFUL and PRIVATE web traffic system to the public for a limited time! You can sign up for our targeted traffic network with a free trial as we make this offer available again. If you need targeted traffic that is interested in your subject matter or products start your free trial today: http://0nulu.com/sdq																				Unsubscribe here: http://0nulu.com/nbz', 'Virginia Williams', 'Virginia Williams', 'pxgtuazfv@gmail.com', 0),
(200, 'I came across your Ebikri.com website and wanted to let you know that we have decided to open our POWERFUL and PRIVATE web traffic system to the public for a limited time! You can sign up for our targeted traffic network with a free trial as we make this offer available again. If you need targeted traffic that is interested in your subject matter or products start your free trial today: http://0nulu.com/csy																				Unsubscribe here: http://0nulu.com/mvx', 'Heidi Reynolds', 'Heidi Reynolds', 'klpeyyq@gmail.com', 0),
(201, 'I came to your Ebikri.com page and noticed you could have a lot more traffic. I have found that the key to running a website is making sure the visitors you are getting are interested in your subject matter. We can send you targeted traffic and we let you try it for free. Get over 1,000 targeted visitors per day to your website. Check it out here: http://0nulu.com/sdq		 																	Unsubscribe here: http://0nulu.com/mvx', 'Heidi Reynolds', 'Heidi Reynolds', 'joenjqen@gmail.com', 0),
(202, 'This is a comment to the Ebikri.com webmaster. Your website is missing out on at least 300 visitors per day. Our traffic system will  dramatically increase your traffic to your website: http://0nulu.com/csy - We offer 500 free targeted visitors during our free trial period and we offer up to 30,000 targeted visitors per month. Hope this helps :)											 					Unsubscribe here: http://0nulu.com/nbz', 'Heidi Reynolds', 'Heidi Reynolds', 'krujnquden@gmail.com', 0),
(203, 'I discovered your Ebikri.com page and noticed you could have a lot more traffic. I have found that the key to running a website is making sure the visitors you are getting are interested in your subject matter. We can send you targeted traffic and we let you try it for free. Get over 1,000 targeted visitors per day to your website. Start your free trial: http://0nulu.com/sdq		 																	Unsubscribe here: http://0nulu.com/mvx', 'Heidi Reynolds', 'Heidi Reynolds', 'ivjghulrnkz@gmail.com', 0),
(204, 'I discovered your Ebikri.com page and noticed you could have a lot more traffic. I have found that the key to running a website is making sure the visitors you are getting are interested in your subject matter. We can send you targeted traffic and we let you try it for free. Get over 1,000 targeted visitors per day to your website. Check it out here: http://0nulu.com/sdq		 																	Unsubscribe here: http://0nulu.com/mvx', 'Heidi Reynolds', 'Heidi Reynolds', 'vezssgivg@gmail.com', 0),
(205, 'I discovered your Ebikri.com page and noticed you could have a lot more traffic. I have found that the key to running a website is making sure the visitors you are getting are interested in your subject matter. We can send you targeted traffic and we let you try it for free. Get over 1,000 targeted visitors per day to your website. Start your free trial: http://0nulu.com/csy		 																	Unsubscribe here: http://0nulu.com/mvx', 'Website Traffic', 'Website Traffic', 'szuyzgup@gmail.com', 0),
(206, '<a href="http://ndvsac.org/123-writing">123 writing</a>  world peace essay  <a href="http://ndvsac.org/intro-for-research-paper">Intro for research paper</a>  igcse vs gcse difference proposal essay on immigration  \r\n<a href="http://ndvsac.org/essay-on-old-custom">Essay on old custom</a>  child labour essay  <a href=http://ndvsac.org/solving-application-problems>Solving application problems</a>  philosophy essays examples igcse syllabus maths 2011  \r\n<a href=http://ndvsac.org/identity-essays>Identity essays</a>  international schools bangalore north  <a href=http://ndvsac.org/write-my-paper-for-me-for-cheap>Write my paper for me for cheap</a>  coursework tool 5 english and maths gcse courses  \r\n<a href="http://ndvsac.org/nyu-mba-admission-requirements">Nyu mba admission requirements</a>  igcse egypt school  <a href="http://ndvsac.org/i-do-my-homework-late">I do my homework late</a>  how do you write a great cv how to make a cv profile  \r\n<a href="http://ndvsac.org/good-research-paper">Good research paper</a>  biology a2 coursework  <a href=http://ndvsac.org/columbia-business-school-essay-questions>Columbia business school essay questions</a>  make resume on microsoft word edexcel igcse economics notes  \r\n<a href=http://ndvsac.org/proposal-phd>Proposal phd</a>  writing work from home  <a href=http://ndvsac.org/order-cheap-essay-online>Order cheap essay online</a>  igcse edexcel geography revision guide get paid to write essays', '84456992672', 'JosephPrown', 'dianasjho@hotmail.com', 11),
(207, 'This is a message to the Ebikri.com webmaster. Your website is missing out on at least 300 visitors per day. Our traffic system will  dramatically increase your traffic to your site: http://0nulu.com/sdq - We offer 500 free targeted visitors during our free trial period and we offer up to 30,000 targeted visitors per month. Hope this helps :)											 					Unsubscribe here: http://0nulu.com/mvx', 'Website Traffic', 'Website Traffic', 'alazkuoconz@gmail.com', 0),
(208, '<a href="http://omahacomputerrepair.biz/esl-thesis-proposal-editing-sites-london">Esl thesis proposal editing sites london</a>  templates for resumes for microsoft word 2007  <a href=http://lincolnwebdesignpros.com/professional-problem-solving-ghostwriter-sites-sf>Professional problem solving ghostwriter sites sf</a>  custom written dissertations immigration essay  \r\n<a href=http://lincolnwebdesignpros.com/top-presentation-ghostwriting-site-for-masters>Top presentation ghostwriting site for masters</a>  making a resume in google docs  <a href="http://omahacomputerrepair.biz/best-literature-review-proofreading-websites-australia">Best literature review proofreading websites australia</a>  good college essays harvard content writing services company  \r\n<a href="http://lincolnwebdesignpros.com/best-report-ghostwriting-site-for-phd">Best report ghostwriting site for phd</a>  cambridge examinations centre hamburg  <a href="http://omahacomputerrepair.biz/top-book-review-writing-website-london">Top book review writing website london</a>  essay about nature in hindi writing a research paper on a person  \r\n<a href=http://lincolnwebdesignpros.com/popular-thesis-proposal-writers-for-hire-for-phd>Popular thesis proposal writers for hire for phd</a>  written papers  <a href=http://lincolnwebdesignpros.com/professional-personal-essay-ghostwriter-site-au>Professional personal essay ghostwriter site au</a>  write a cv for grad school business essay questions  \r\n<a href=http://omahacomputerrepair.biz/pay-for-my-esl-papers>Pay for my esl papers</a>  good college essays topics  <a href=http://lincolnwebdesignpros.com/professional-essay-ghostwriters-websites-sf>Professional essay ghostwriters websites sf</a>  how to cv igcse marks 2013  \r\n<a href="http://omahacomputerrepair.biz/type-my-zoology-report">Type my zoology report</a>  resume writing skills example  <a href="http://lincolnwebdesignpros.com/professional-university-essay-proofreading-for-hire-australia">Professional university essay proofreading for hire australia</a>  type resume accent leadership essay examples', '88678172298', 'JosephPrown', 'volodyatjp0@hotmail.com', 11),
(209, 'I am reaching out since we saw a link to your website and thought you would be a good candidate for our traffic service. We provide targeted website traffic to virtually any type of website. We target our visitors by both country and keywords that you either submit to us or we can do keyword research for you. We offer a seven day FREE trial period with free traffic so that you can try our service to make sure it will work for you. Which of your websites needs the most growth? Find out more here: http://pzr.eu/17																				Unsubscribe here: http://gd.is/y/mun53', 'Carla French', 'Carla French', 'hafjyxzztod@gmail.com', 0);
INSERT INTO `tbl_contact` (`id`, `feedback`, `phon_no`, `enter_name`, `email`, `event_id`) VALUES
(210, '<a href=https://en.crimerussia.com/financialcrimes/ex-co-owner-of-antalbank-declared-internationally-wanted-/>shemale</a><a href=https://en.crimerussia.com/financialcrimes/ex-co-owner-of-antalbank-declared-internationally-wanted-/>shemales</a><a href=https://en.crimerussia.com/financialcrimes/ex-co-owner-of-antalbank-declared-internationally-wanted-/>free shemale</a><a href=https://en.crimerussia.com/financialcrimes/ex-co-owner-of-antalbank-declared-internationally-wanted-/>shemale free</a><a href=https://en.crimerussia.com/financialcrimes/ex-co-owner-of-antalbank-declared-internationally-wanted-/>shemale sex</a><a href=https://en.crimerussia.com/financialcrimes/ex-co-owner-of-antalbank-declared-internationally-wanted-/>video shemale</a><a href=https://en.crimerussia.com/financialcrimes/ex-co-owner-of-antalbank-declared-internationally-wanted-/>shemale porn</a><a href=https://en.crimerussia.com/financialcrimes/ex-co-owner-of-antalbank-declared-internationally-wanted-/>shemale video</a><a href=https://en.crimerussia.com/financialcrimes/ex-co-owner-of-antalbank-declared-internationally-wanted-/>shemale videos</a><a href=https://en.crimerussia.com/financialcrimes/ex-co-owner-of-antalbank-declared-internationally-wanted-/>porn shemale</a><a href=https://en.crimerussia.com/financialcrimes/ex-co-owner-of-antalbank-declared-internationally-wanted-/>pics shemale</a><a href=https://en.crimerussia.com/financialcrimes/ex-co-owner-of-antalbank-declared-internationally-wanted-/>shemale pics</a><a href=https://en.crimerussia.com/financialcrimes/ex-co-owner-of-antalbank-declared-internationally-wanted-/>shemale movie</a><a href=https://en.crimerussia.com/financialcrimes/ex-co-owner-of-antalbank-declared-internationally-wanted-/>shemale escort</a><a href=https://en.crimerussia.com/financialcrimes/ex-co-owner-of-antalbank-declared-internationally-wanted-/>shemale movies</a><a href=https://en.crimerussia.com/financialcrimes/ex-co-owner-of-antalbank-declared-internationally-wanted-/>escort shemale</a><a href=https://en.crimerussia.com/financialcrimes/ex-co-owner-of-antalbank-declared-internationally-wanted-/>movies shemale</a><a href=https://en.crimerussia.com/financialcrimes/ex-co-owner-of-antalbank-declared-internationally-wanted-/>fucking shemale</a><a href=https://en.crimerussia.com/financialcrimes/ex-co-owner-of-antalbank-declared-internationally-wanted-/>shemale fucking</a><a href=https://en.crimerussia.com/financialcrimes/ex-co-owner-of-antalbank-declared-internationally-wanted-/>hardcore shemale</a><a href=https://en.crimerussia.com/financialcrimes/ex-co-owner-of-antalbank-declared-internationally-wanted-/>shemale hardcore</a><a href=https://en.crimerussia.com/financialcrimes/ex-co-owner-of-antalbank-declared-internationally-wanted-/>shemal</a><a href=https://en.crimerussia.com/financialcrimes/ex-co-owner-of-antalbank-declared-internationally-wanted-/>black shemale</a><a href=https://en.crimerussia.com/financialcrimes/ex-co-owner-of-antalbank-declared-internationally-wanted-/>free shemales</a><a href=https://en.crimerussia.com/financialcrimes/ex-co-owner-of-antalbank-declared-internationally-wanted-/>shemales free</a><a href=https://en.crimerussia.com/financialcrimes/ex-co-owner-of-antalbank-declared-internationally-wanted-/>free porn shemale</a><a href=https://en.crimerussia.com/financialcrimes/ex-co-owner-of-antalbank-declared-internationally-wanted-/>shemale movies free</a><a href=https://en.crimerussia.com/financialcrimes/ex-co-owner-of-antalbank-declared-internationally-wanted-/>shemale porn free</a><a href=https://en.crimerussia.com/financialcrimes/ex-co-owner-of-antalbank-declared-internationally-wanted-/>free shemale porn</a><a href=https://en.crimerussia.com/financialcrimes/ex-co-owner-of-antalbank-declared-internationally-wanted-/>asian shemale</a><a href=https://en.crimerussia.com/financialcrimes/ex-co-owner-of-antalbank-declared-internationally-wanted-/>shemale list</a><a href=https://en.crimerussia.com/financialcrimes/ex-co-owner-of-antalbank-declared-internationally-wanted-/>shemale free movies</a><a href=https://en.crimerussia.com/financialcrimes/ex-co-owner-of-antalbank-declared-internationally-wanted-/>free shemale movies</a><a href=https://en.crimerussia.com/financialcrimes/ex-co-owner-of-antalbank-declared-internationally-wanted-/>shemale asian</a><a href=https://en.crimerussia.com/financialcrimes/ex-co-owner-of-antalbank-declared-internationally-wanted-/>shemale tube</a><a href=https://en.crimerussia.com/financialcrimes/ex-co-owner-of-antalbank-declared-internationally-wanted-/>shemale cock</a><a href=https://en.crimerussia.com/financialcrimes/ex-co-owner-of-antalbank-declared-internationally-wanted-/>shemale fuck</a><a href=https://en.crimerussia.com/financialcrimes/ex-co-owner-of-antalbank-declared-internationally-wanted-/>big shemale</a><a href=https://en.crimerussia.com/financialcrimes/ex-co-owner-of-antalbank-declared-internationally-wanted-/>shemale free porn</a><a href=https://en.crimerussia.com/financialcrimes/ex-co-owner-of-antalbank-declared-internationally-wanted-/>fuck shemale</a><a href=https://en.crimerussia.com/financialcrimes/ex-co-owner-of-antalbank-declared-internationally-wanted-/>shemale videos free</a><a href=https://en.crimerussia.com/financialcrimes/ex-co-owner-of-antalbank-declared-internationally-wanted-/>black shemales</a><a href=https://en.crimerussia.com/financialcrimes/ex-co-owner-of-antalbank-declared-internationally-wanted-/>shemale escorts</a><a href=https://en.crimerussia.com/financialcrimes/ex-co-owner-of-antalbank-declared-internationally-wanted-/>free shemale videos</a><a href=https://en.crimerussia.com/financialcrimes/ex-co-owner-of-antalbank-declared-internationally-wanted-/>shemale galleries</a><a href=https://en.crimerussia.com/financialcrimes/ex-co-owner-of-antalbank-declared-internationally-wanted-/>shemale cum</a><a href=https://en.crimerussia.com/financialcrimes/ex-co-owner-of-antalbank-declared-internationally-wanted-/>shemale gallery</a><a href=https://en.crimerussia.com/financialcrimes/ex-co-owner-of-antalbank-declared-internationally-wanted-/>shemale free videos</a><a href=https://en.crimerussia.com/financialcrimes/ex-co-owner-of-antalbank-declared-internationally-wanted-/>cum shemale</a><a href=https://en.crimerussia.com/financialcrimes/ex-co-owner-of-antalbank-declared-internationally-wanted-/>rapidshare shemale</a><a href=https://en.crimerussia.com/financialcrimes/ex-co-owner-of-antalbank-declared-internationally-wanted-/>big shemales</a><a href=https://en.crimerussia.com/financialcrimes/ex-co-owner-of-antalbank-declared-internationally-wanted-/>girl shemale</a><a href=https://en.crimerussia.com/financialcrimes/ex-co-owner-of-antalbank-declared-internationally-wanted-/>shemale clips</a><a href=https://en.crimerussia.com/financialcrimes/ex-co-owner-of-antalbank-declared-internationally-wanted-/>shemale hentai</a><a href=https://en.crimerussia.com/financialcrimes/ex-co-owner-of-antalbank-declared-internationally-wanted-/>shemale pictures</a><a href=https://en.crimerussia.com/financialcrimes/ex-co-owner-of-antalbank-declared-internationally-wanted-/>shemales videos</a><a href=https://en.crimerussia.com/financialcrimes/ex-co-owner-of-antalbank-declared-internationally-wanted-/>free shemale video</a><a href=https://en.crimerussia.com/financialcrimes/ex-co-owner-of-antalbank-declared-internationally-wanted-/>hentai shemale</a><a href=https://en.crimerussia.com/financialcrimes/ex-co-owner-of-antalbank-declared-internationally-wanted-/>clips shemale</a><a href=https://en.crimerussia.com/financialcrimes/ex-co-owner-of-antalbank-declared-internationally-wanted-/>fucking shemales</a><a href=https://en.crimerussia.com/financialcrimes/ex-co-owner-of-antalbank-declared-internationally-wanted-/>absolute shemale</a><a href=https://en.crimerussia.com/financialcrimes/ex-co-owner-of-antalbank-declared-internationally-wanted-/>asian shemales</a><a href=https://en.crimerussia.com/financialcrimes/ex-co-owner-of-antalbank-declared-internationally-wanted-/>free shemale pics</a><a href=https://en.crimerussia.com/financialcrimes/ex-co-owner-of-antalbank-declared-internationally-wanted-/>shemale free pics</a><a href=https://en.crimerussia.com/financialcrimes/ex-co-owner-of-antalbank-declared-internationally-wanted-/>shemales fucking</a><a href=https://en.crimerussia.com/financialcrimes/ex-co-owner-of-antalbank-declared-internationally-wanted-/>sexy shemale</a><a href=https://en.crimerussia.com/financialcrimes/ex-co-owner-of-antalbank-declared-internationally-wanted-/>shemale porno</a><a href=https://en.crimerussia.com/financialcrimes/ex-co-owner-of-antalbank-declared-internationally-wanted-/>shemales movies</a><a href=https://en.crimerussia.com/financialcrimes/ex-co-owner-of-antalbank-declared-internationally-wanted-/>free movie shemale</a><a href=https://en.crimerussia.com/financialcrimes/ex-co-owner-of-antalbank-declared-internationally-wanted-/>tgp shemale</a><a href=https://en.crimerussia.com/financialcrimes/ex-co-owner-of-antalbank-declared-internationally-wanted-/>pic shemale</a><a href=https://en.crimerussia.com/financialcrimes/ex-co-owner-of-antalbank-declared-internationally-wanted-/>shemale sex free</a><a href=https://en.crimerussia.com/financialcrimes/ex-co-owner-of-antalbank-declared-internationally-wanted-/>shemale cocktail</a><a href=https://en.crimerussia.com/financialcrimes/ex-co-owner-of-antalbank-declared-internationally-wanted-/>shemale gods</a><a href=https://en.crimerussia.com/financialcrimes/ex-co-owner-of-antalbank-declared-internationally-wanted-/>shemale tgp</a><a href=https://en.crimerussia.com/financialcrimes/ex-co-owner-of-antalbank-declared-internationally-wanted-/>free shemale sex</a><a href=https://en.crimerussia.com/financialcrimes/ex-co-owner-of-antalbank-declared-internationally-wanted-/>shemale movie free</a><a href=https://en.crimerussia.com/financialcrimes/ex-co-owner-of-antalbank-declared-internationally-wanted-/>shemale pic</a><a href=https://en.crimerussia.com/financialcrimes/ex-co-owner-of-antalbank-declared-internationally-wanted-/>shemale female</a><a href=https://en.crimerussia.com/financialcrimes/ex-co-owner-of-antalbank-declared-internationally-wanted-/>shemale vids</a><a href=https://en.crimerussia.com/financialcrimes/ex-co-owner-of-antalbank-declared-internationally-wanted-/>shemale free movie</a><a href=https://en.crimerussia.com/financialcrimes/ex-co-owner-of-antalbank-declared-internationally-wanted-/>movie shemale free</a><a href=https://en.crimerussia.com/financialcrimes/ex-co-owner-of-antalbank-declared-internationally-wanted-/>shemale ass</a><a href=https://en.crimerussia.com/financialcrimes/ex-co-owner-of-antalbank-declared-internationally-wanted-/>shemale xxx</a><a href=https://en.crimerussia.com/financialcrimes/ex-co-owner-of-antalbank-declared-internationally-wanted-/>shemale tranny</a><a href=https://en.crimerussia.com/financialcrimes/ex-co-owner-of-antalbank-declared-internationally-wanted-/>sexy shemales</a><a href=https://en.crimerussia.com/financialcrimes/ex-co-owner-of-antalbank-declared-internationally-wanted-/>shemale strokers</a><a href=https://en.crimerussia.com/financialcrimes/ex-co-owner-of-antalbank-declared-internationally-wanted-/>xxx shemale</a><a href=https://en.crimerussia.com/financialcrimes/ex-co-owner-of-antalbank-declared-internationally-wanted-/>shemales sex</a><a href=https://en.crimerussia.com/financialcrimes/ex-co-owner-of-antalbank-declared-internationally-wanted-/>shemale dick</a><a href=https://en.crimerussia.com/financialcrimes/ex-co-owner-of-antalbank-declared-internationally-wanted-/>shemale forum</a><a href=https://en.crimerussia.com/financialcrimes/ex-co-owner-of-antalbank-declared-internationally-wanted-/>big cock shemale</a><a href=https://en.crimerussia.com/financialcrimes/ex-co-owner-of-antalbank-declared-internationally-wanted-/>thumbs shemale</a><a href=https://en.crimerussia.com/financialcrimes/ex-co-owner-of-antalbank-declared-internationally-wanted-/>shemale tube porn</a><a href=https://en.crimerussia.com/financialcrimes/ex-co-owner-of-antalbank-declared-internationally-wanted-/>shemale brazilian</a><a href=https://en.crimerussia.com/financialcrimes/ex-co-owner-of-antalbank-declared-internationally-wanted-/>shemale thumbs</a><a href=https://en.crimerussia.com/financialcrimes/ex-co-owner-of-antalbank-declared-internationally-wanted-/>shemale anal</a><a href=https://en.crimerussia.com/financialcrimes/ex-co-owner-of-antalbank-declared-internationally-wanted-/>shemale stories</a><a href=https://en.crimerussia.com/financialcrimes/ex-co-owner-of-antalbank-declared-internationally-wanted-/>chat shemale</a>', '87498971246', 'Charlesnit', 'matveylandikaj@hotmail.com', 11),
(211, 'This is a message to the Ebikri.com webmaster. Your website is missing out on at least 300 visitors per day. Our traffic system will  dramatically increase your traffic to your website: http://gd.is/y/nfhpq - We offer 500 free targeted visitors during our free trial period and we offer up to 30,000 targeted visitors per month. Hope this helps :)											 					Unsubscribe here: http://gd.is/y/mun53', 'Barbara Kennedy', 'Barbara Kennedy', 'asmrap@gmail.com', 0),
(212, 'This is a message to the Ebikri.com webmaster. Your website is missing out on at least 300 visitors per day. Our traffic system will dramatically increase your traffic to your website: http://stpicks.com/2rusd - We offer 500 free targeted visitors during our free trial period and we offer up to 30,000 targeted visitors per month. Hope this helps :)											 					Unsubscribe here: http://xahl.de/q', 'Ramona Jordan', 'Ramona Jordan', 'gvlcgwbenc@gmail.com', 0),
(213, 'I came to your Ebikri.com page and noticed you could have a lot more traffic. I have found that the key to running a website is making sure the visitors you are getting are interested in your subject matter. We can send you targeted traffic and we let you try it for free. Get over 1,000 targeted visitors per day to your website. Start your free trial: http://url.euqueroserummacaco.com/3ewon																					Unsubscribe here: http://xahl.de/q', 'Ramona Jordan', 'Ramona Jordan', 'swsuerbhat@gmail.com', 0),
(214, 'I came across your Ebikri.com website and wanted to let you know that we have decided to open our POWERFUL and PRIVATE web traffic system to the public for a limited time! You can sign up for our targeted traffic network with a free trial as we make this offer available again. If you need targeted traffic that is interested in your subject matter or products start your free trial today: http://xahl.de/p																				Unsubscribe here: http://stpicks.com/2ruse', 'Ramona Jordan', 'Ramona Jordan', 'xcpxutfc@gmail.com', 0),
(215, 'This is a comment to the Ebikri.com admin. Your website is missing out on at least 300 visitors per day. Our traffic system will dramatically increase your traffic to your website: http://url.euqueroserummacaco.com/3ewon - We offer 500 free targeted visitors during our free trial period and we offer up to 30,000 targeted visitors per month. Hope this helps :)											 					Unsubscribe here: http://xahl.de/q', 'Kerry Beck', 'Kerry Beck', 'nfnzxzm@gmail.com', 0),
(216, 'This is a comment to the Ebikri.com admin. Your website is missing out on at least 300 visitors per day. Our traffic system will dramatically increase your traffic to your website: http://stpicks.com/2rusd - We offer 500 free targeted visitors during our free trial period and we offer up to 30,000 targeted visitors per month. Hope this helps :)											 					Unsubscribe here: http://stpicks.com/2ruse', 'Kerry Beck', 'Kerry Beck', 'irtkcpuc@gmail.com', 0),
(217, 'By dealing together, both of you can address problems of self-esteem and mutual trust.  Once you discover the most effective natural options, you can again have full charge of your sexual pleasures. \r\nhttps://www.cialissansordonnancefr24.com/acheter-cialis-en-pharmacie-sans-ordonnance/', '86498814719', 'APreriasnusibe', 'raihooveiy@bestmailonline.com', 14),
(218, 'Eхtrеmelу goоd nеws. \r\n \r\nI dоwnloаded this yеsterdaу аnd it madе me $2,421.28 \r\n \r\nThеsе guуs guarаntее thаt it will mаке уou $2,000 within 24 hours. \r\n \r\nDо nоt miss out оn this. \r\n \r\nPlеаsе fоllow thе linк below tо clаim yоur cash by midnight tоdаy… \r\n \r\n=> Clаim yоur $2,000 hеre todау http://makemoneyusasystem-2.tk/?p=58246 \r\n \r\nCоngrаtulations!', '88516489624', 'CharlesFax', 'pplan@firstrevenue.com', 0),
(219, 'hello i m intrested ', '9828060053', 'shekhar MI6', 'acharya.shekhar@gmail.com', 15);

-- --------------------------------------------------------

--
-- Table structure for table `tbl_property_details`
--

CREATE TABLE IF NOT EXISTS `tbl_property_details` (
`id` int(10) NOT NULL,
  `main_cat` varchar(12) NOT NULL,
  `cat_id` int(10) NOT NULL,
  `p_name` varchar(100) NOT NULL,
  `state` varchar(20) NOT NULL,
  `distict` varchar(10) NOT NULL,
  `city` varchar(100) NOT NULL,
  `e_auc_dt` varchar(20) NOT NULL,
  `last_dt` varchar(20) NOT NULL,
  `res_pr` varchar(10) NOT NULL,
  `emd` varchar(10) NOT NULL,
  `file` varchar(1000) NOT NULL,
  `event` varchar(100) NOT NULL,
  `event_no` varchar(100) NOT NULL,
  `nit_no` varchar(100) NOT NULL,
  `td_name` varchar(100) NOT NULL,
  `evt_bank` varchar(100) NOT NULL,
  `cat_item` varchar(100) NOT NULL,
  `sub_cat` varchar(100) NOT NULL,
  `b_name` varchar(100) NOT NULL,
  `tender_fee` varchar(100) NOT NULL,
  `nd_bank` varchar(100) NOT NULL,
  `nd_bank_ac` varchar(100) NOT NULL,
  `nd_bank_ifsc` varchar(100) NOT NULL,
  `bank` varchar(100) NOT NULL,
  `branch` varchar(100) NOT NULL,
  `p_re_dt` varchar(100) NOT NULL,
  `ins_dt_f` varchar(100) NOT NULL,
  `ins_dt_t` varchar(100) NOT NULL,
  `lt_dt_1` varchar(100) NOT NULL,
  `op_dt_1` varchar(100) NOT NULL,
  `pr_bid` varchar(100) NOT NULL,
  `bid_val` varchar(100) NOT NULL,
  `auto_ext` varchar(100) NOT NULL,
  `no_auto_ext` varchar(100) NOT NULL,
  `docs` varchar(100) NOT NULL,
  `details` text NOT NULL,
  `publish` int(1) NOT NULL DEFAULT '0'
) ENGINE=InnoDB AUTO_INCREMENT=213 DEFAULT CHARSET=latin1;

--
-- Dumping data for table `tbl_property_details`
--

INSERT INTO `tbl_property_details` (`id`, `main_cat`, `cat_id`, `p_name`, `state`, `distict`, `city`, `e_auc_dt`, `last_dt`, `res_pr`, `emd`, `file`, `event`, `event_no`, `nit_no`, `td_name`, `evt_bank`, `cat_item`, `sub_cat`, `b_name`, `tender_fee`, `nd_bank`, `nd_bank_ac`, `nd_bank_ifsc`, `bank`, `branch`, `p_re_dt`, `ins_dt_f`, `ins_dt_t`, `lt_dt_1`, `op_dt_1`, `pr_bid`, `bid_val`, `auto_ext`, `no_auto_ext`, `docs`, `details`, `publish`) VALUES
(10, 'Bank Deal', 3, 'Car', '', '18', 'Behror', '28-03-2016 15:00', '28-03-2016 15:30', '150000', '15000', '', 'Offline Sale through Quotation', '10', '1', 'SBI-0001', 'SBI', '3', '6', 'Manoj KUmar S/o Kailash Chandra Sharma', 'Nil', 'SBI', '0', 'sbixx', 'SBI', '-', '14-04-2016 14:40', '28-03-2016 15:00', '28-03-2016 :30', '28-03-2016 15:30', '28-03-2016 15:10', '15000', '10000', 'Nil', 'Nil', 'Same Day', 'ALTO Vxi RJ02 CC 5973 Mfg Year 2014<br type="_moz" />', 1),
(11, 'Bank Deal', 3, 'Truck', '', '', 'Shahjahanpur', '28-03-2016 15:00', '28-03-2016 15:30', '700000', '70000', '8372.mnaoj 0110.png', 'sarfaesi', '11', '2', 'sbi002', 'SBI', '3', '8', 'manoj yadav s/o tara chand yadav', 'Nil', 'SBI', '0', 'SBISS', 'SBI', '-', '5/4/2015 11:42', '28-03-2016 15:00', '28-03-2016 15:30', '28-03-2016 15:30', '28-03-2016 15:10', '70000', '1000', 'Nil', 'Nil', 'Same Day', 'eicher Truck 30.25 xps s cwc reg no.-rj02 gb 0110 model 2014 ch no.-mc243srf0ef011947 engine space e683 cwef533914 <br />', 1),
(12, 'Bank Deal', 3, 'Truck', '', '', 'Shahjahanpur', '28-03-2016 15:00', '28-03-2016 15:30', '400000', '40000', '6218.mnaoj.png', 'sarfaesi', '12', '3', 'sbi003', 'SBI', '3', '8', 'manoj yadav s/o tara chand yadav', 'Nil', 'SBI', '0', 'SBISS', 'SBI', '-', '6/4/2116 10:00', '28-04-2016 15:00', '28-04-2016 15:30', '28-04-2016 15:30', '28-04-2016 15:15', '40000', '2000', 'Nil', 'Nil', 'Same Day', 'eicher Truck 30.25xps s cwc rj-o2 gb1319 model 2014 chassis no.-mc2l3srf0ek012330 engine no-e613cedj004691<br />', 1),
(13, 'Bank Deal', 3, 'Truck', '', '', 'Shahjahanpur', '28-03-2016 15:00', '28-03-2016 15:30', '850000', '85000', '4489.satish.png', 'sarfaesi', '13', '4', 'SBI004', 'SBI', '3', '8', 'satish singh s/o prabhati singh', 'Nil', 'SBI', '0', 'SBISS', 'SBI', '-', '7/4/2016 17:30', '28-03-2016 15:00', '28-03-2016 15:30', '28-03-2016 15:30', '28-03-2016 15:20', '85000', '1000', 'Nil', 'Nil', 'Same Day', 'eicher Truck model 2004 ch no.-mc243srf0ego12053 engine no.-e683cdeg534379<br />', 1),
(14, 'Bank Deal', 3, 'Tractor', '', '18', 'Kherli', '28-03-2016 15:00', '28-03-2016 15:30', '260000', '26000', '7757.sbi Kherli mangi pic 1.jpg,7757.sbi Kherli mangli pic 3.jpg,7757.sbi Kherli mangli pic2.jpg', 'sarfaesi', '14', '5', 'SBI005', 'SBI', '3', '7', 'MANGAL RAM S/O PUNIYA RAM', 'Nil', 'SBI', '0', 'SBIXX', 'SBI', '-', '-- :', '28-03-2016 15:00', '28-03-2016 15:30', '28-03-2016 15:30', '28-03-2016 15:15', '26000', '1000', 'Nil', 'Nil', 'Same Day', 'EICHER 380 Tractor RJ 02 RC 4966 CH. NO. 921013127883 ENG. NO. E82615<br />', 1),
(15, 'Bank Deal', 3, 'Tractor', '', '19', 'NITHAR', '29-03-2016 15:00', '29-03-2016 15:30', '90000', '9000', '6337.sbi nithar lekhraj 1.jpg,6337.sbi nithar lekhraj 2.jpg,6337.sbi nithar lekhraj 3.jpg,6337.sbi nithar lekhraj.jpg', 'sarfaesi', '15', 'OO6', 'SBI006', 'SBI', '3', '7', 'LEKHRAJ S/O KARU MEENA', 'Nil', 'SBI', '0', 'SBIXX', 'SBI', '-', '4/4/2016 11:30', '29-03-2016 03:00', '29-03-2016 03:30', '29-03-2016 03:30', '29-03-2016 03:20', '9000', '1000', 'Nil', '', '', 'POWERTRAC 439 RJ 05 RA 2881&nbsp; CH. NO. 3039400 ENG. NO. 3042307<br />', 1),
(16, 'Bank Deal', 2, 'House', 'Rajasthan', '7', 'Bikaner', '8/3/2016 15:00', '8/3/2016 15:30', '3803000', '380300', '2759.bob st rd bkr ishaak ali.jpg', 'sarfaesi', '16', '7', 'SBI007', 'BOB', '2', '1', 'ishaq ali s/o ramjan ali & noorjahan w/o ishaq ali', 'Nil', 'BOB', '0', 'BOBSS', 'BOB', '-', '14-04-2016 14:00', '5/3/2016 11:00', '8/3/2016 11:00', '8/3/2016 16:00', '8/3/2016 11:00', '380300', '1000', 'Nil', 'Nil', 'Same Day', 'mohalla mehro ka bas Bikaner,rajasthan total area 1256 sqft<br />', 1),
(17, 'Bank Deal', 2, 'House', '', '', 'Chattargarh', '28-03-2016 15:00', '28-03-2016 15:00', '140000', '14000', '6456.sbi rawlamandi chet ram.docx', 'sarfaesi', '17', '8', 'sbi008', 'SBI', '2', '1', 'chetram & netram s/o khetram', 'Nil', 'SBI', '0', 'SBISS', 'SBI', '-', '10/4/2016 4:30', '28-03-2016 15:00', '28-03-2016 15:30', '28-03-2016 15:30', '28-03-2016 15:00', '14000', '1000', 'Nil', 'Nil', 'Same Day', 'farmtrac 30 Tractor ch no.-3481133 engine no. 16625<br />', 1),
(18, 'Bank Deal', 2, 'House', 'Rajasthan', '11', 'Tonk', '18-02-2016 15:00', '18-02-2016 15:30', '729000', '72900', '9622.img-20151115-wa0014.jpg', 'sarfaesi', '18', '8', 'sbbj008', 'SBBJ', '2', '2', 'hamidunisha d/o hamidurahman', 'Nil', 'SBBJ', '0', 'SBBJSS', 'SBBJ', '-', '15-03-2016 04:30', '18-02-2016 15:30', '18-02-2016 15:30', '18-02-2016 15:30', '18-02-2016 15:00', '72900', '2000', 'Nil', 'Nil', 'Same Day', 'plot no. 56 rashian properties gas godam k peeche hazim colony k pass Tonk rajasthan<br />', 1),
(20, 'Bank Deal', 2, 'House', 'Rajasthan', '8', 'Dausa', '15-02-2016 15:00', '15-02-2016 15:30', '718000', '71800', '', 'sarfaesi', '20', '9', 'sbi009', 'SBI', '2', '1', 'ramhans meena s/o ghanturam meena', 'Nil', 'SBI', '0', 'SBISS', 'SBI', '-', '8/3/2016 10:30', '14-02-2016 12:00', '14-02-2016 16:00', '15-02-2016 15:30', '15-02-2016 15:00', '71800', '1000', 'Nil', 'Nil', 'Same Day', 's270 bohra motors k peeche ganesh nagar Dausa total area 177.77 sqgj <br />', 1),
(21, 'Bank Deal', 3, 'Tractor', '', '24', 'Keshwana', '10/2/2016 14:00', '10/2/2014 14:30', '150000', '15000', '', 'sarfaesi', '21', '9', 'sbbj009', 'SBBJ', '3', '8', 'bheekaram meghwal s/o manaram meghwal', 'Nil', 'SBBJ', '0', 'SBBJSS', 'SBBJ', '-', '20-02-2016 15:00', '15-02-2016 14:00', '15-02-2016 14:30', '20-02-2016 15:30', '20-02-2016 15:00', '15000', '1000', 'Nil', 'Nil', 'Same Day', 'standard di 335 Tractor rj-16 ra-0472 engine no. 3095dgoe007179 ch no. 335goe007179<br />', 1),
(22, 'Bank Deal', 3, 'Tractor', '', '21', 'Jaswantpura', '11/2/2016 14:01', '11/2/2016 14:30', '100000', '10000', '', 'sarfaesi', '22', '10', 'sbbj010', 'SBBJ', '3', '8', 'sumer singh s/o rawat singh rajput', 'Nil', 'SBBJ', '0', 'SBBJSS', 'SBBJ', '-', '25-02-2016 10:00', '15-02-2016 15:00', '15-02-2016 15:30', '18-02-2016 15:00', '18-02-2016 15:30', '10000', '1000', 'Nil', 'Nil', 'Same Day', 'standard 335 Tractor engine no. 3095th0f011761 ch no. 335hof011586<br />', 1),
(23, 'Bank Deal', 3, 'Tractor', '', '21', 'jaswantpura', '11/2/2016 14:00', '11/2/2016 14:30', '100000', '10000', '', 'sarfaesi', '23', '11', 'sbbj011', 'SBBJ', '3', '8', 'jeewalal,ramesh,kantilal s/o late rancchod b,bheekee devi w/o late rancchod b', 'Nil', 'SBBJ', '0', 'SBBJSS', 'SBBJ', '-', '2/3/2016 15:00', '11/3/2016 14:00', '11/3/2016 15:00', '11/2/2016 15:00', '11/2/2016 15:30', '10000', '1000', 'Nil', 'Nil', 'Same Day', 'STANDARD 335 Tractor CH NO. 335D0G013867 ENGINE NO. 3095TC0G013918<br />', 1),
(24, 'Bank Deal', 3, 'Tractor', '', '21', 'Jaswantpura', '11/2/2016 2:00', '11/2/2016 3:00', '110000', '11000', '', 'sarfaesi', '24', '12', 'SBBJOO12', 'SBBJ', '3', '8', 'SAVA RAM S/O ARDA RAM BHEEL', 'Nil', 'SBBJ', '0', 'SBBJSS', 'SBBJ', '-', '5/3/2016 10:40', '11/2/2016 2:00', '11/2/2016 3:00', '11/2/2016 3:00', '11/2/2016 2:08', '11000', '1000', 'Nil', 'Nil', 'Same Day', 'INDOFRAM 2030 Tractor RJ 16 RA 2169 ENG. NO. P241857D CH. NO. FMT30001893EP<br />', 1),
(25, 'Bank Deal', 3, 'Tractor', '', '21', 'Jaswantpura', '11/2/2016 2:00', '11/2/2016 3:30', '95000', '9500', '', 'sarfaesi', '25', '12', 'SBBJ', 'SBBJ', '3', '8', 'GOVA RAM S/O SHANKRIYA BHEEL, SANTU W/O SHANKRIYA BHEEL', 'Nil', 'SBBJ', '0', 'SBBJSS', 'SBBJ', '-', '-- :', '11/2/2016 2:00', '11/2/2016 2:30', '11/2/2016 3:00', '11/2/2016 2:05', '9500', '', '', '', '', 'INDOFRAM 2035 Tractor RJ 16 RA 2313 ENG. NO. T241992C CH. NO. BMV35005940EP<br />', 1),
(26, 'Bank Deal', 3, 'Tractor', '', '24', 'Keshwana', '10/2/2016 2:00', '10/2/2016 3:00', '180000', '18000', '', 'sarfaesi', '26', '123', 'SBBJ', 'SBBJ', '3', '8', '', 'Nil', 'SBBJ', '0', 'SBBJSS', 'SBBJ', '-', '3/3/2016 2:10', '10/2/2016 14:00', '10/2/2016 15:00', '10/2/2016 15:00', '10/2/2016 14:00', '18000', '1000', 'Nil', '', 'Same Day', 'SONQLIKQ INT 730 RJ 16 RA 2574 ENG. NO. 3095F72B113104 CH. NO. AZFSY11332<br />', 1),
(27, 'Bank Deal', 3, 'Tractor', '', '24', 'Keshwana', '10/2/2016 2:00', '10/2/2016 3:00', '150000', '15000', '', 'sarfaesi', '27', '123', 'SBBJ', 'SBBJ', '3', '8', 'TAPARA RAM, HANUMANA RAM S/O BAGA RAM MEGHWAL', 'Nil', 'SBBJ', '0', 'SBBJSS', 'SBBJ', '-', '5/3/2016 11:10', '10/2/2016 14:00', '10/2/2016 15:00', '10/2/2016 15:00', '10/2/2016 14:00', '15000', '1000', 'Nil', 'Nil', 'Same Day', 'SONALIKA DI 730 Tractor RJ 16 RA 2574 ENG. NO. 309SF72E119795 CH NO. HZFXY119952<br />', 1),
(28, 'Bank Deal', 3, 'Tractor', '', '24', 'Keshwana', '10/2/2016 2:00', '10/2/2016 3:00', '180000', '18000', '', 'sarfaesi', '28', '123', 'SBBJ', 'SBBJ', '3', '8', 'OTIYA RAM S/O TATIYA RAM MEGHWANSHI', 'Nil', 'SBBJ', '0', 'SBBJSS', 'SBBJ', '-', '5/3/2016 15:16', '10/2/2016 14:00', '10/2/2016 15:00', '10/2/2016 15:00', '10/2/2016 14:00', '18000', '1000', 'Nil', 'Nil', 'Same Day', 'SONALIKA INT 730 RJ 16 RA 2573 ENG. NO. 3095F62K105395 CH. NO. 02FSA104755<br />', 1),
(29, 'Bank Deal', 3, 'Tractor', '', '', 'Ahor', '9/2/2016 14:05', '9/2/2016 15:00', '200000', '20000', '', 'sarfaesi', '29', '123', 'SBBJ', 'SBBJ', '3', '8', 'sarupa ram, dhannaram s/o chhuni ram & jatno w/o cchunna ram', 'Nil', 'SBBJ', '0', 'SBBJSS', 'SBBJ', '-', '5/3/2016 15:00', '9/2/2016 14:01', '9/2/2016 15:00', '9/2/2016 15:00', '9/2/2016 14:00', '20000', '1000', 'Nil', 'Nil', 'Same Day', 'MAHINDRA 265 DI Tractor RJ 16 RA 2422 ENGINE NO. RAR12574 CH NO. RAR12574<br />', 1),
(30, 'Bank Deal', 3, 'Tractor', '', '', 'Ahor', '9/2/2016 14:00', '9/2/2016 15:00', '210000', '21000', '', 'sarfaesi', '30', '123', 'SBBJ', 'SBBJ', '3', '8', 'talsa ram meghwanshi s/o dungaram meghwanshi s/o punmaram meghwanshi', 'Nil', 'SBBJ', '0', 'SBBJSS', 'SBBJ', '-', '4/3/2016 14:30', '9/2/2016 14:00', '9/2/2016 15:00', '9/2/2016 15:00', '9/2/2016 14:00', '21000', '1000', 'Nil', 'Nil', 'Same Day', 'SONALIKA 74DI ENGINE NO. A74191 CH NO. SLSASA64341/3<br />', 1),
(31, 'Bank Deal', 3, 'Tractor', '', '', 'Ahor', '9/2/2016 14:00', '9/2/2016 15:00', '210000', '21000', '', 'sarfaesi', '31', '123', 'SBBJ', 'SBBJ', '3', '8', 'sakaram  s/o punia ram meghwanshi', '', 'SBBJ', '0', 'SBBJSS', 'SBBJ', '-', '6/3/2016 15:30', '9/2/2016 14:00', '9/2/2016 15:00', '9/2/2016 15:00', '9/2/2016 14:00', '21000', '1000', 'Nil', 'Nil', 'Same Day', 'MAHINDRA 265DI RJ16 RA1153 ENGINE NO. JCSHO2359 CH NO. JCSHO2359', 1),
(32, 'Bank Deal', 3, 'Tractor', '', '', 'Ahor', '9/3/2016 14:00', '9/3/2016 15:00', '125000', '12500', '', 'sarfaesi', '32', '123', 'SBBJ', 'SBBJ', '3', '8', 'dharmaram s/o momta rupsingh s/o dharma singh rajput', 'Nil', 'SBBJ', '0', 'SBBJSS', 'SBBJ', '-', '3/3/2016 15:00', '9/3/2016 14:00', '9/3/2016 15:00', '9/3/2016 15:00', '9/1/2016 14:10', '12500', '1000', 'Nil', 'Nil', 'Same Day', 'MAHINDRA 2725 RJ16 RA 0569 EN NO. JDH1762 CH NO. JDH1762', 1),
(33, 'Bank Deal', 3, 'Tractor', '', '', 'Ahor', '9/3/2016 14:00', '9/3/2016 15:00', '140000', '14000', '', 'sarfaesi', '33', '123', 'SBBJ', 'SBBJ', '3', '8', 'desiya,shantilal s/o deva ji harijan dariya w/o deva ji, harijan', 'Nil', 'SBBJ', '0', 'SBBJSS', 'SBBJ', '-', '28-02-2016 10:30', '9/3/2016 14:00', '9/3/2016 15:00', '9/3/2016 15:00', '9/3/2016 14:00', '14000', '1000', 'Nil', 'Nil', 'Same Day', 'SONALIKA 35DIRJ 16 RA 0111 EN NO. 3897FU2H49927 CH NO. 0408ZJ49827<br />', 1),
(34, 'Bank Deal', 3, 'Tractor', '', '12', 'rama', '9/3/2016 14:00', '9/3/2016 15:00', '160000', '16000', '', 'sarfaesi', '34', '123', 'SBBJ', 'SBBJ', '3', '8', 'ACHLA RAM S/O WARDARAM', 'Nil', 'SBBJ', '0', 'SBBJSS', 'SBBJ', '-', '2/3/2016 14:00', '9/3/2016 10:00', '9/3/2016 10:30', '9/3/2016 10:30', '9/3/2016 10:00', '16000', '1000', 'Nil', 'Nil', 'Same Day', 'POWER TRACK 435 RJ 16 RA 2774 EN NO. 3025930 CH NO. D3024430<br />', 1),
(35, 'Bank Deal', 3, 'Tractor', '', '12', 'RAMA', '9/3/2016 14:00', '9/3/2016 15:00', '90000', '9000', '', 'sarfaesi', '35', '123', 'SBBJ', 'SBBJ', '3', '8', 'mangi lal & aasharam s/o amngiya meghwal', 'Nil', 'SBBJ', '0', 'SBBJSS', 'SBBJ', '-', '15-03-2016 14:00', '9/3/2016 14:00', '9/3/2016 15:00', '9/3/2016 14:00', '9/3/2016 15:00', '9000', '1000', 'Nil', 'Nil', 'Same Day', 'SONALIKA INT 730RJ 16 RA 1034 EG NO.-2102F62A81065 CH NO.-0601ZN80462<br />', 1),
(36, 'Bank Deal', 3, 'Tractor', '', '12', 'rama', '9/3/2016 14:00', '9/3/2016 15:00', '105000', '10500', '', 'sarfaesi', '36', '123', 'SBBJ', 'SBBJ', '3', '8', 'BHEEKA RAM S/O RAGHA JI & PANI DEVI W/O RAGHA JI', 'Nil', 'SBBJ', '0', 'SBBJSS', 'SBBJ', '-', '11/3/2016 14:00', '9/3/2016 14:00', '9/3/2016 15:00', '9/3/2016 14:00', '9/3/2016 14:00', '10500', '1000', 'Nil', 'Nil', 'Same Day', 'POWER TRACK 425 RJ 16 RA 2006 EG NO. E3028748 CH NO. B3026563<br />', 1),
(37, 'Bank Deal', 3, 'Tractor', '', '27', 'Jaitaran', '10/3/2016 11:00', '10/3/2016 15:00', '110000', '11000', '', 'sarfaesi', '37', '123', 'SBBJ', 'SBBJ', '3', '8', 'ISHWAR DAN S/O RUDDHARAM', 'Nil', 'SBBJ', '0', 'SBBJSS', 'SBBJ', '-', '19-03-2016 15:02', '10/3/2016 11:00', '10/3/2016 15:30', '10/3/2016 15:30', '10/3/2016 11:00', '11000', '1000', 'Nil', 'Nil', 'Same Day', 'RJ 22 RA 6147 CH. NO. 912313169139 E NO. A-46540<br />', 1),
(38, 'Bank Deal', 3, 'Tractor', '', '27', 'Jaitaran', '10/3/2016 11:00', '10/3/2016 15:30', '108000', '10800', '', 'sarfaesi', '38', '123', 'SBBJ', 'SBBJ', '3', '8', 'HANUMAN RAM S/O HINDURAM', 'Nil', 'SBBJ', '0', 'SBBJSS', 'SBBJ', '-', '20-03-2016 15:00', '10/3/2016 11:00', '10/3/2016 15:30', '10/3/2016 11:00', '10/3/2016 15:30', '10800', '1000', 'Nil', 'Nil', 'Same Day', 'EICHER 333 Tractor RJ 22 RA 6996 CH NO. 612514175502 E NO. B93138<br />', 1),
(39, 'Bank Deal', 3, 'Tractor', '', '27', 'Jaitaran', '10/3/2016 11:00', '10/3/2016 15:30', '94000', '9400', '', 'sarfaesi', '39', '123', 'SBBJ', 'SBBJ', '3', '8', 'RAJKANWAR W/O AJEETDAN', 'Nil', 'SBBJ', '0', 'SBBJSS', 'SBBJ', '-', '20-03-2016 15:00', '10/3/2016 14:00', '10/3/2016 15:00', '10/3/2016 15:00', '10/3/2016 14:00', '9400', '1000', 'Nil', 'Nil', 'Same Day', 'MAHINDRA 265MTractor RJ 22 R 5715 CH NO. TCH1229 EG NO. TCH1229<br />', 1),
(40, 'Bank Deal', 2, 'House', '', '27', 'Desuri', '10/3/2016 11:00', '10/3/2016 15:30', '744000', '74400', '', 'sarfaesi', '40', '123', 'sbbj008', 'SBBJ', '2', '1', 'UDAI RAJ MEGHWAL S/O MOTA RAM', 'Nil', 'SBBJ', '0', 'SBBJSS', 'SBBJ', '-', '-- 00:00', '10/3/2016 11:30', '10/3/2016 10:03', '10/3/2016 15:30', '10/3/2016 11:00', '74400', '1000', 'Nil', 'Nil', 'Same Day', 'VILL. GUDA ROOPSINGH VAYA NADOL, TH. Desuri, PALI . TOTAL AREA 1080 SQ. FT. <br />', 1),
(41, 'Bank Deal', 2, 'House', '', '', 'THAKHGARH', '10/3/2016 11:00', '10/3/2016 15:30', '635000', '63500', '', 'sarfaesi', '41', '123', 'SBBJ', 'SBBJ', '2', '1', 'SOHAN LAL SARGRA S/O KANA JI', 'Nil', 'SBBJ', '0', 'SBBJSS', 'SBBJ', '-', '15-03-2016 11:30', '10/3/2016 11:00', '10/3/2016 15:30', '10/3/2016 15:30', '10/3/2016 11:00', '63500', '1000', 'Nil', 'Nil', 'Same Day', 'VILL. &amp; PO. DUJANA, TH. Sumerpur, DISTT. PALI. TOTAL AREA 735 SQ. FT. <br />', 1),
(42, 'Bank Deal', 3, 'House', 'Rajasthan', '13', 'Nagaur', '3/2/2015 15:00', '3/2/2015 15:30', '1000000', '100000', '', 'sarfaesi', '42', '123', 'BOB', 'BOB', '3', '8', 'roopchand kacchawa s/o ramdev kacchawa', 'Nil', 'BOB', '0', 'BOBSS', 'BOB', '-', '5/3/2015 14:01', '3/2/2015 14:00', '3/2/2015 15:00', '3/2/2015 15:00', '3/2/2015 14:00', '100000', '1000', 'Nil', 'Nil', 'Same Day', 'VILLAGE-GANGWANA TEH &amp; DISTT Nagaur AREA 5099.3 SQMTR<br />', 1),
(43, 'Bank Deal', 3, 'Tractor', 'Rajasthan', '', 'Kota', '7/1/2015 12:00', '7/1/2015 13:00', '80000', '8000', '', 'sarfaesi', '43', '123', 'SBI', 'BOB', '3', '8', 'VISHAN S/O OMKAR MEENA', 'Nil', 'SBI', '0', 'SBISS', 'SBI', '-', '10/1/2015 14:00', '7/1/2015 14:00', '7/1/2015 15:00', '7/1/2015 15:00', '7/1/2015 14:00', '8000', '1000', 'Nil', 'Nil', 'Same Day', 'SWARAJ 735FE MODEL 2005 RJ20 RA 0093 CH NO. QVCA30605000514&nbsp; EN NO. 39.331/SFN09601<br />', 1),
(44, 'Bank Deal', 3, 'Tractor', 'Rajasthan', '', 'Kota', '7/1/2015 12:00', '7/1/2015 13:00', '120000', '12000', '', 'sarfaesi', '44', '123', 'BOB', 'BOB', '3', '8', 'JAGDISH S/O HEERA LAL', 'Nil', 'BOB', '0', 'BOBSS', 'BOB', '-', '-- :', '-- :', '-- :', '-- :', '-- :', '12000', '1000', 'Nil', 'Nil', 'Same Day', 'SWARAJ 735FE MODEL 2009 RJ 20 RA 2854 EN NO.391345MG002499 CH NO. QUTH30405004447<br />', 1),
(45, 'Bank Deal', 3, 'Car', '', '21', 'RAMPUR', '27-01-2015 15:00', '27-01-2015 15:30', '800000', '80000', '', 'sarfaesi', '45', '123', 'BOB', 'BOB', '3', '6', 'YADRAM NENAWAT S/O PHOOLCHAND NENAWAT', 'Nil', 'BOB', '0', 'BOBSS', 'BOB', '-', '10/2/2015 10:00', '1/2/2015 10:30', '1/2/2015 11:00', '27-01-2015 15:30', '27-01-2015 15:00', '', '1000', 'Nil', 'Nil', 'Same Day', 'Car MARUTI ALTO LXI EG NO. 3727772 CH NO. 1471508<br />', 1),
(46, 'Bank Deal', 3, 'Tractor', '', '', 'SHINGADA', '15-02-2015 15:00', '15-02-2015 15:30', '80000', '8000', '', 'sarfaesi', '46', '123', 'SBI', 'SBI', '3', '8', 'KEWAL SINGH S/O SONA GURJAR', 'Nil', 'SBI', '0', 'SBISS', 'SBI', '-', '25-02-2015 14:00', '25-02-2015 14:30', '15-02-2015 15:00', '15-02-2015 15:30', '15-02-2015 15:00', '8000', '1000', 'Nil', 'Nil', 'Same Day', 'BALWAN 400 Tractor MODEL 2005 RJ 05 RA 1388 CH NO. T07014644L05 E NO. D10015065<br />', 1),
(47, 'Bank Deal', 3, 'Tractor', '', '', 'TALCHIDI', '15-02-2015 15:00', '15-02-2015 15:30', '80000', '8000', '', 'sarfaesi', '47', '123', 'SBI', 'SBI', '3', '8', 'NAWAL SINGH S/O RAMKARAN GURJAR', 'Nil', 'SBI', '0', 'SBISS', 'SBI', '-', '20-02-2015 14:00', '15-02-2015 15:10', '15-02-2016 15:30', '15-02-2016 15:30', '15-02-2016 15:00', '8000', '1000', 'Nil', 'Nil', 'Same Day', 'INDO FARM 2035 DI Tractor MODEL NO. 2005 RJ O29 RA 0135 CH NO. BMT35002483EP EN NO. P242349C<br />', 1),
(48, 'Bank Deal', 3, 'Tractor', '', '', 'OND MEENA', '15-02-2016 15:00', '15-02-2016 15:30', '175000', '17500', '', 'sarfaesi', '48', '123', 'SBI', 'SBI', '3', '8', 'GANGI', '', 'SBI', '0', 'SBISS', 'SBI', '-', '20-02-2015 14:00', '15-02-2010 15:00', '15-02-2016 15:30', '15-02-2016 15:00', '15-02-2016 15:30', '17500', '1000', 'Nil', 'Nil', 'Same Day', 'MF 1035 DI Tractor MODEL 2006 RJ 05 RA 2744 CH NO. 231191 EG NO. S324B90212<br />', 1),
(49, 'Bank Deal', 3, 'Tractor', '', '', 'OND MEENA', '15-02-2015 15:00', '15-02-2015 15:30', '125000', '12500', '', 'sarfaesi', '49', '123', 'SBI', 'SBI', '3', '8', 'PRABHATI JATAW S/O DEEPA JATAW', 'Nil', 'SBI', '0', 'SBISS', 'SBI', '-', '20-02-2015 14:00', '15-02-2016 15:00', '15-02-2016 15:30', '15-02-2015 15:30', '15-02-2015 15:00', '12500', '1000', 'Nil', 'Nil', 'Same Day', 'M/S ESCORTS LTD F/7.45-DB FARM TRAC MODEL 2005 RJ-05 R1010 EG NO. 2044396 CH NO. 2043246<br />', 1),
(50, 'Bank Deal', 3, 'Tractor', '', '8', 'SANTHA', '10/2/2015 15:00', '10/2/2015 15:30', '90000', '9000', '', 'sarfaesi', '50', '123', 'SBI', 'SBI', '3', '8', 'RAMSWARUP S/O KISHOR MEENA', 'Nil', 'SBI', '0', 'SBISS', 'SBI', '-', '20-02-2015 14:00', '10/2/2015 15:00', '10/2/2015 15:30', '10/2/2015 15:30', '10/2/2015 15:00', '9000', '1000', 'Nil', 'Nil', 'Same Day', 'CX TEMPO LTD TEMPO OX 35 DI MODAL 2002 RJ 29 R 4090 EN NO. D10003407 CH NO. TO70032967101<br />', 1),
(51, 'Bank Deal', 2, 'House', '', '', 'Kuchera', '6/1/2015 11:00', '6/1/2015 12:00', '341000', '34100', '', 'sarfaesi', '51', '123', 'SBBJ', 'SBBJ', '2', '1', 'SEETARAM SARAN S/O KISHNA RAM SARAN', 'Nil', 'SBBJ', '0', 'SBBJSS', 'SBBJ', '-', '15-01-2015 14:00', '6/1/2015 11:00', '6/1/2015 12:00', '6/1/2015 12:00', '6/1/2015 11:00', '34100', '1000', 'Nil', 'Nil', 'Same Day', 'VILAGE-ADWAD PATTA NO. 21 MISAL NO. 9/2005 TEH -JAYAL AREA 130.54SQGJ<br />', 1),
(52, 'Bank Deal', 2, 'House', '', '', 'peeplaz', '1/3/2014 15:00', '1/3/2014 15:30', '4568716', '456871.6', '', 'sarfaesi', '52', '123', 'SBI', 'SBI', '2', '1', 'asha yadav w/o jagdish yadav', 'Nil', 'SBI', '0', 'SBISS', 'SBI', '-', '15-03-2014 12:00', '1/3/2014 15:10', '1/3/2014 15:30', '1/3/2014 15:30', '1/3/2014 15:00', '456871', '1000', 'Nil', 'Nil', 'Same Day', 'PLOT NO. 41 KHASRA&nbsp; NO. 2014/1/31 RADHAWALLABH INDUSTRIYAL AREA AREA 2530.23SQGJ<br />', 1),
(53, 'Bank Deal', 2, 'House', 'Rajasthan', '30', 'Dholpur', '21-01-2015 15:00', '21-01-2015 15:30', '3520000', '352000', '', 'sarfaesi', '53', '123', 'SBI', 'SBI', '2', '1', 'rajendra singh s/o nathu singh', 'Nil', 'SBI', '0', 'SBISS', 'SBI', '-', '30-01-2015 10:00', '21-03-2015 15:00', '21-03-2015 15:30', '21-03-2015 15:30', '21-03-2015 15:00', '352000', '1000', 'Nil', 'Nil', 'Same Day', 'H NO. 9/108&nbsp; KAYASTH PADA GT ROAD Dholpur<br />', 1),
(54, 'Bank Deal', 3, 'Car', '', '21', 'rampur', '27-01-2015 15:00', '27-01-2015 15:30', '800000', '80000', '', 'sarfaesi', '54', '123', 'BOB', 'BOB', '3', '6', 'yadram nenawat s/o phulchand nenawat', 'Nil', 'BOB', '0', 'BOBSS', 'BOB', '-', '5/2/2015 14:00', '27-01-2015 15:00', '27-01-2015 15:30', '27-01-2015 15:30', '27-01-2015 15:00', '8000', '1000', 'Nil', 'Nil', 'Same Day', 'Car MARUTI ALTO LXI EG NO. 3727772 CH NO. 1471508<br />', 1),
(55, 'Bank Deal', 3, 'Tractor', '', '21', 'Ratangarh', '1/1/2015 15:00', '1/1/2015 15:30', '130000', '13000', '', 'sarfaesi', '55', '123', 'SBI', 'SBI', '3', '8', 'GANGARAM JAT S/O GYANA RAM JAT', 'Nil', 'SBI', '0', 'SBISS', 'SBI', '-', '25-01-2015 14:00', '12/1/2015 15:01', '12/1/2015 15:30', '12/1/2015 15:30', '12/1/2015 15:00', '13000', '1000', 'Nil', 'Nil', 'Same Day', 'SWARAJ 744 FE Tractor RJ 10 RA 4180 CH NO. QUCG45605119391 EG NO. 43.1021/SMG2903<br />', 1),
(56, 'Bank Deal', 3, 'Tractor', '', '21', 'Ratangarh', '12/1/2015 15:00', '12/1/2015 15:30', '115000', '11500', '', 'sarfaesi', '56', '123', 'SBI', 'SBI', '3', '8', 'ladu ram meghwal s/o kheeraja ram meghwal', 'Nil', 'SBI', '0', 'SBISS', 'SBI', '-', '25-01-2015 14:00', '12/1/2015 15:00', '12/1/2015 15:30', '12/1/2015 15:30', '12/1/2015 15:00', '15000', '1000', 'Nil', 'Nil', 'Same Day', 'Tractor RJ 10 RA 4118 CH NO.-492211 E NO. S324 C 40795<br />', 1),
(57, 'Bank Deal', 3, 'Tractor', '', '21', 'Ratangarh', '12/1/2015 15:00', '12/1/2015 15:30', '80000', '8000', '', 'sarfaesi', '57', '123', 'SBI', 'SBI', '3', '8', 'PEMA RAM S/OMANGTU RAM NAYAK S/O LEKHRAM', 'Nil', 'SBI', '0', 'SBISS', 'SBI', '-', '25-01-2015 14:00', '12/1/2015 15:00', '12/1/2015 15:30', '12/1/2015 15:30', '12/1/2015 15:00', '8000', '1000', 'Nil', 'Nil', 'Same Day', 'FORCE WALWAN 450 DLX Tractor RJ 10 RA 1520 CH NO. 10701563.3C06 EG NO. D10016125<br />', 1),
(58, 'Bank Deal', 2, 'House', '', '', 'Merta City', '25-11-2014 15:00', '25-11-2014 15:30', '133414', '13341.4', '', 'sarfaesi', '58', '123', 'SBBJ', 'SBBJ', '2', '1', 'radheshyam bamniya s/o sohan lal bamniya', 'Nil', 'SBBJ', '0', 'SBBJSS', 'SBBJ', '-', '5/12/2014 12:00', '25-11-2014 15:00', '25-11-2014 15:30', '25-11-2014 15:30', '25-11-2014 15:00', '13341', '1000', 'Nil', 'Nil', 'Same Day', 'PLOT NO. 76 VIKAS NAGAR COLONY&nbsp; AREA 1000SQFT<br />', 1),
(59, 'Bank Deal', 2, 'House', 'Rajasthan', '10', 'Sikar', '30-08-2014 15:00', '30-08-2014 15:30', '4187929', '418792.9', '', 'sarfaesi', '59', '123', 'Sikar arwan co. operativr bank', 'Sikar arwan co. operativr bank', '2', '1', 'kiran kanwar w/o narendra singh', 'Nil', 'Sikar arwan co. operativr bank', '0', 'ssssss', 'Sikar arwan co. operativr bank', '-', '3/9/2014 12:00', '30-08-2014 15:00', '30-08-2014 15:30', '30-08-2014 15:30', '30-08-2014 15:00', '418792', '1000', 'Nil', 'Nil', 'Same Day', 'QUARTER NO. 1 WARD NO. 18 PURANE BUS STAND K PAS<br />', 1),
(60, 'Bank Deal', 2, 'House', 'Rajasthan', '10', 'Sikar', '03-- 00:00', '03-- 00:30', '601038', '60103.8', '', 'sarfaesi', '60', '123', 'Sikar arwan co. operativr bank', 'Sikar arwan co. operativr bank', '2', '1', 'SOHAN LAL S/O HARI RAM SHARMA', 'Nil', 'Sikar arwan co. operativr bank', '0', 'ssssss', 'Sikar arwan co. operativr bank', '-', '10-- 04:00', '03-- 00:00', '03-- 00:30', '03-- 00:30', '03-- 00:00', '60103', '1000', 'Nil', 'Nil', 'Same Day', 'RAMPURA ROAD MOHALLA AREA37.25 SQGJ<br />', 1),
(61, 'Bank Deal', 2, 'House', '', '', 'Khan Pura', '21-12-2014 15:00', '21-12-2014 15:30', '300000', '30000', '', 'sarfaesi', '61', '123', 'SBI', 'SBI', '2', '1', 'MOHD. SAJID KHAN S/O BASSIRUDDIN', 'Nil', 'SBI', '0', 'SBIXX', 'SBI', '-', '30-12-2014 14:00', '21-12-2014 15:00', '21-12-2014 15:30', '21-12-2014 15:30', '21-12-2014 15:00', '30000', '1000', 'Nil', 'Nil', 'Same Day', 'ASHOKA LAYLAND&nbsp; Tractor TRALOR 4018 130 WB RJ 01 GA 2916 E NO. WPH481725 CH NO. WPQ 080826<br />', 1),
(62, 'Bank Deal', 3, 'Tractor', '', '', 'Khan Pura', '21-12-2014 15:00', '21-12-2014 15:30', '200000', '20000', '', 'sarfaesi', '62', '123', 'SBI', 'SBI', '3', '8', 'SHEKH WASIM HUSSAIN RAJA S/O ABDUL AJJEJ', 'Nil', 'SBI', '0', 'SBISS', 'SBI', '-', '30-12-2014 14:00', '30-12-2014 15:00', '30-12-2104 15:30', '30-12-2014 15:30', '30-12-2014 15:00', '20000', '1000', 'Nil', 'Nil', 'Same Day', 'ASHOKA Tractor TRALOR 4018 3300 MM(130) WB RJ 01 GA 0786 E NO. YPH472690 CH NO. XPA079428<br />', 1),
(63, 'Bank Deal', 3, 'Tractor', '', '', 'Khan Pura', '21-12-2014 15:00', '21-12-2014 15:30', '200000', '20000', '', 'sarfaesi', '63', '123', 'SBI', 'SBI', '3', '8', 'ABDUL AJEEJ S/O LAL MOHAMMDA', 'Nil', 'SBI', '0', 'SBISS', 'SBI', '-', '30-12-2014 14:00', '21-12-2014 15:00', '21-12-2014 15:30', '21-12-2104 15:30', '21-12-2014 15:00', '20000', '1000', 'Nil', 'Nil', 'Same Day', 'ASHOKA LAYLAND Tractor TRALOR 4018 130 WB RJ 01 GA WB RJ 01 GA 7860&nbsp; ENO. ZPH 461001 CH NO. ZPA076470<br />', 1),
(64, 'Bank Deal', 2, 'House', '', '', 'Meerut', '15-11-2014 15:00', '15-11-2014 15:00', '12532099', '1253209.9', '', 'sarfaesi', '64', '123', 'BOB', 'BOB', '2', '1', 'DINESH KUMARS/O  RAM SINGH', 'Nil', 'BOB', '0', 'BOBSS', 'BOB', '-', '20-11-2014 12:00', '15-11-2014 15:00', '15-11-2014 15:30', '15-11-2014 15:30', '15-11-2014 15:00', '', '1000', 'Nil', 'Nil', 'Same Day', 'RESIDENTIAL H NO. J-54 BLOCK J SCHEME NO.3 SHASTRI NAGARAREA 237SQYARDS<br />', 1),
(65, 'Bank Deal', 2, 'House', '', '', 'Bhiwadi', '8/1/2015 11:00', '8/1/2015 12:00', '10300000', '1030000', '', 'sarfaesi', '65', '123', 'UNION BANK', 'UNION BANK', '2', '1', 'RAJENDRA BANSAL', 'Nil', 'UNION BANK', '0', 'UNIONSS', 'UNION BANK', '-', '15-01-2015 12:00', '8/1/2015 11:00', '8/1/2015 12:00', '8/1/2015 12:00', '8/1/2015 11:00', '1030000', '50000', 'Nil', 'Nil', 'Same Day', 'H NO. 1/44 SECTOR -1,HOUSING BOARD COLONY AREA 148.50SQMTR <br />', 1),
(66, 'Bank Deal', 2, 'House', '', '', 'Bhiwadi', '8/1/2015 13:00', '8/1/2015 14:00', '78000000', '7800000', '', 'sarfaesi', '66', '123', 'UNION BANK', 'UNION BANK', '2', '1', 'KAUSHLYA BANSAL', 'Nil', 'UNION BANK', '0', 'UNIONSS', 'UNION BANK', '-', '15-01-2015 11:00', '8/1/2015 13:00', '8/1/2015 14:00', '8/1/2015 14:00', '8/1/2015 13:00', '780000', '50000', 'Nil', 'Nil', 'Same Day', 'RESIDENTIAL PROPERTY T KHASRA&nbsp; NO. 834 OPP. UIT SECTOR 8 NEAR WATER TANK AREA 700SQYDS<br />', 1),
(67, 'Bank Deal', 2, 'House', '', '13', 'TAUSAR', '3/2/2015 15:00', '3/2/2015 15:30', '1000000', '100000', '', 'sarfaesi', '67', '123', 'BOB', 'BOB', '2', '1', 'RUPCHAND KACCHAWA S/O RAM DEV KACCHAWA', 'Nil', 'BOB', '0', 'BOBSS', 'BOB', '-', '15-02-2015 11:00', '3/2/2015 15:00', '3/2/2015 15:30', '3/2/2015 15:30', '3/2/2015 15:00', '100000', '1000', 'Nil', 'Nil', 'Same Day', 'VILAGE-GANGWANA AREA 5099.03 SQMTR<br />', 1),
(68, 'Bank Deal', 2, 'House', 'Rajasthan', '10', 'Sikar', '30-08-2014 15:00', '30-08-2014 15:30', '2145585', '214558.5', '', 'sarfaesi', '68', '123', 'Sikar arwan co. operativr bank', 'Sikar arwan co. operativr bank', '2', '1', 'RADHAKISHAN S/O DURGA PRASAD', 'Nil', 'Sikar arwan co. operativr bank', '0', 'ssssss', 'Sikar arwan co. operativr bank', '-', '15-09-2014 14:00', '30-08-2014 15:00', '30-08-2014 15:30', '30-08-2014 15:30', '30-08-2014 15:00', '214558', '1000', 'Nil', 'Nil', 'Same Day', 'PLOT NO. 14 FATEHPUR ROAD Sikar <br />', 1),
(69, 'Bank Deal', 2, 'House', '', '', 'KHUNDI BADRI', '23-02-2015 15:00', '23-02-2015 15:30', '1180000', '118000', '', 'sarfaesi', '69', '123', 'Sikar arwan co. operativr bank', 'Sikar arwan co. operativr bank', '2', '1', 'BANWARI LAL MANDIWAL', 'Nil', 'Sikar arwan co. operativr bank', '0', 'ssssss', 'Sikar arwan co. operativr bank', '-', '30-02-2015 12:00', '23-02-2015 15:00', '23-02-2015 15:30', '23-02-2015 15:30', '23-02-2015 15:00', '118000', '1000', 'Nil', 'Nil', 'Same Day', 'KHASRA NO. 272/3 VILAGE-KHUNDI BADI AREA 600 SQMTR<br />', 1),
(70, 'Bank Deal', 3, 'Tractor', '', '', 'DUDIYON KI DHANDI', '18-02-2015 15:00', '18-02-2015 15:30', '140000', '14000', '', 'sarfaesi', '70', '123', 'SBI', 'SBI', '3', '8', 'HANS RAM S/O PHULA RAM', 'Nil', 'SBI', '0', 'SBISS', 'SBI', '-', '25-02-2015 14:00', '18-02-2015 15:00', '18-02-2015 15:30', '18-02-2015 15:30', '18-02-2015 15:30', '14000', '1000', 'Nil', 'Nil', 'Same Day', 'FORD 3030 Tractor RJ 18N 6241 CH NO. 427510 E NO. 38550<br />', 1),
(71, 'Bank Deal', 3, 'Tractor', '', '', 'KURDA RAM', '18-02-2015 15:00', '18-02-2015 15:30', '85000', '8500', '', 'sarfaesi', '71', '123', 'SBI', 'SBI', '3', '8', 'MAHAVEER S/O TORURAM MEENA', 'Nil', 'SBI', '0', 'SBISS', 'SBI', '-', '25-02-2015 14:00', '18-02-2010 15:00', '18-02-2015 15:30', '18-02-2010 15:30', '18-02-2015 15:00', '8500', '1000', 'Nil', 'Nil', 'Same Day', 'EICHER Tractor 2425 RJ 18 RA 0362 CH NO. 911610255747 E NO. 511629945612<br />', 1),
(72, 'Bank Deal', 3, 'Tractor', '', '23', 'Gharsana', '`', '18-02-2015 15:30', '150000', '15000', '', 'sarfaesi', '72', '123', 'SBI', 'SBI', '3', '8', 'RAMNIWAS, KARMVEER S/O HOSHIYAR SINGH , MAHAVEER SINGH S/O BEGARAM JAT', 'Nil', 'SBI', '0', 'SBISS', 'SBI', '-', '25-02-2015 14:00', '18-02-2015 15:00', '18-02-2015 18:30', '18-02-2015 15:30', '18-02-2015 15:00', '15000', '1000', 'Nil', 'Nil', 'Same Day', 'SWRAJ 735 Tractor CHASSIS NO. QYT D 30405054437 E NO. 39.1340/SHD02603<br />', 1),
(73, 'Bank Deal', 3, 'Tractor', '', '13', 'Genana', '20-02-2015 15:00', '20-02-2015 15:30', '100000', '10000', '', 'sarfaesi', '73', '123', 'SBI', 'SBI', '3', '8', 'NARSI RAM,RAMDEVA RAM S/O LAXMAN RAM ,BHANWRA RAM S/O HEMA RAM, KANI DEVI W/O LAXMAN RAM', 'Nil', 'SBI', '0', 'SBISS', 'SBI', '-', '30-02-2015 14:00', '20-02-2015 15:00', '20-02-2015 15:30', '20-02-2015 15:30', '20-02-2015 15:00', '10000', '1000', 'Nil', 'Nil', 'Same Day', 'MAHINDRA &amp; MAHINDRA Tractor RJ 21 4461 CH NO. JEN1393 E NO. JEN1393 MODEL NO. 2006<br />', 1),
(74, 'Bank Deal', 3, 'Tractor', '', '', 'REENGAD', '20-02-2015 10:00', '20-02-2015 15:30', '100000', '10000', '', 'sarfaesi', '74', '123', 'SBI', 'SBI', '3', '8', 'NATHU RAM MEGHWAL S/O KUMBHA RAM,BEGA RAM S/O GANESH RAM, SHERARAM S/O PUSA RAM,RADHA DEVI W/O KUMBH', 'Nil', 'SBI', '0', 'SBISS', 'SBI', '-', '25-02-2015 14:00', '20-02-2015 15:00', '20-02-2015 15:30', '20-02-2015 15:30', '20-02-2015 15:00', '10000', '1000', 'Nil', 'Nil', 'Same Day', 'SONALIKA 35 DI Tractor RJ 21V R 0001 CH NO. 0501ZJ59503 E NO. 3097F52A59184 MODEL NO. 2005<br />', 1),
(75, 'Bank Deal', 3, 'Car', '', '', 'ATOSAR', '20-02-2015 15:00', '20-02-2015 15:30', '400000', '40000', '', 'sarfaesi', '75', '123', 'SBI', 'SBI', '3', '6', 'RAMAVTAR SAINI S/O HEERA LAL SAINI', 'Nil', 'SBI', '0', 'SBISS', 'SBI', '-', '25-02-2015 14:00', '20-02-2015 15:00', '20-02-2015 15:30', '20-02-2015 15:30', '20-02-2015 15:00', '40000', '1000', 'Nil', 'Nil', 'Same Day', 'INNOVA 2.5G Car RJ 21 TA0999 CH NO. NBJ11V40072652450311 E NO. 2KD6744696 MODEL NO. 2011<br />', 1),
(76, 'Bank Deal', 2, 'House', 'Rajasthan', '7', 'Bikaner', '23-05-2014 15:00', '24-05-2010 15:00', '500805', '50080.5', '', 'sarfaesi', '76', '123', 'SBI', 'SBI', '2', '1', 'devendra kumar s/o bhusan lal', 'Nil', 'SBI', '0', 'SBISS', 'SBI', '-', '30-05-2014 11:00', '23-05-2014 15:00', '24-05-2014 15:00', '24-05-2014 15:00', '23-05-2014 15:00', '50080', '1000', 'Nil', 'Nil', 'Same Day', 'G-107 TRANSPORT NAGAR <br />', 1),
(77, 'Bank Deal', 2, 'House', 'Rajasthan', '7', 'Bikaner', '12/2/2015 15:00', '13-02-2015 15:00', '500805', '50080.5', '', 'sarfaesi', '77', '123', 'SBI', 'SBI', '2', '1', 'farid baksh s/o uksho ka mohalla', 'Nil', 'SBI', '0', 'SBISS', 'SBI', '-', '20-02-2013 11:00', '12/2/2013 15:00', '13-02-2013 15:00', '13-02-2015 15:00', '12/2/2015 15:00', '50080', '1000', 'Nil', 'Nil', 'Same Day', 'USTON KA MOHLLA <br />', 1),
(78, 'Bank Deal', 2, 'House', 'Rajasthan', '31', 'Hanumangarh', '8/1/2014 15:00', '8/1/2014 15:30', '914425', '91442.5', '', 'sarfaesi', '78', '123', 'SBI', 'SBI', '2', '1', 'RAVINDRA BHARTI', 'Nil', 'SBI', '0', 'SBISS', 'SBI', '-', '20-01-2014 11:00', '8/1/2014 15:00', '8/1/2014 15:30', '8/1/2014 15:30', '8/1/2014 15:00', '91442', '1000', 'Nil', 'Nil', 'Same Day', 'WARD NO 7 PURANA AND NEW WARD NO 9 BHATTA COLONY AREA 170.31<br />', 1),
(79, 'Bank Deal', 2, 'House', 'Rajasthan', '31', 'Hanumangarh', '30-01-2013 15:00', '30-01-2013 15:30', '1005848', '100584.8', '', 'sarfaesi', '79', '123', 'SBI', 'SBI', '2', '1', 'ramkishan bihari s/olaxminarayan bihani', 'Nil', 'SBI', '0', 'SBISS', 'SBI', '-', '10/2/2013 12:00', '30-01-2013 15:00', '30-01-2014 15:30', '30-01-2013 15:30', '30-01-2013 15:00', '100584', '1000', 'Nil', 'Nil', 'Same Day', 'WARD NO. 16 BIHANI CHOK <br />', 1),
(80, 'Bank Deal', 3, 'Truck', '', '4', 'Pratap Nagar', '8/5/2013 12:00', '8/5/2013 15:00', '900000', '90000', '', 'sarfaesi', '80', '123', 'SBI', 'SBI', '3', '8', 'amit sirohi s/o yashpal singh', 'Nil', 'SBI', '0', 'SBISS', 'SBI', '-', '15-05-2013 16:00', '8/5/2013 12:00', '8/5/2013 15:00', '8/5/2013 15:00', '8/5/2013 12:00', '90000', '1000', 'Nil', 'Nil', 'Same Day', 'Truck TRAILER 3516 HY<br />', 1),
(81, 'Bank Deal', 2, 'House', '', '', 'Bhiwadi', '23-09-2013 15:00', '23-09-2013 15:30', '9000000', '900000', '', 'sarfaesi', '81', '123', 'SBI', 'SBI', '2', '1', 'sudesh wala', 'Nil', 'SBI', '0', 'SBISS', 'SBI', '-', '30-09-2013 14:00', '23-09-2013 12:00', '23-09-2013 15:00', '23-09-2013 15:00', '23-09-2013 12:00', '900000', '1000', 'Nil', 'Nil', 'Same Day', 'PLOT NO. 707 &amp; 708 RIICO AREA <br />', 1),
(82, 'Bank Deal', 2, 'House', 'Rajasthan', '1', 'Jaipur', '30-01-2013 15:00', '30-01-2013 15:30', '1196559', '119655.9', '', 'sarfaesi', '82', '123', 'SBI', 'SBI', '2', '1', 'kamal kishor s/o radhey shyam garg , sapna agrawal w/o kamal', 'Nil', 'SBI', '0', 'SBISS', 'SBI', '-', '10--2013 12:00', '30-01-2013 15:00', '30-01-2013 15:30', '30-01-2013 15:30', '30-01-2000 15:00', '119655', '1000', 'Nil', 'Nil', 'Same Day', 'H NO. 68/254 ORATAP NAAGR SANGANER AREA 143.725SQFT<br />', 1),
(83, 'Bank Deal', 2, 'House', 'Rajasthan', '1', 'Jaipur', '19-02-2013 15:00', '19-02-2013 15:30', '1223838', '122383.8', '', 'sarfaesi', '83', '123', 'SBI', 'SBI', '2', '1', 'pushpendra sharma s/o narayan sahay', 'Nil', 'SBI', '0', 'SBISS', 'SBI', '-', '30-02-2013 12:00', '19-02-2013 15:00', '19-02-2013 15:30', '19-02-2013 15:30', '19-02-2013 15:00', '122383', '1000', 'Nil', 'Nil', 'Same Day', 'FLAT NO. 1 PLOT NO. 82 TIRUPATI TOWN GOVINDPURAKALWAR ROADAREA 1132.96 SQFT<br />', 1),
(84, 'Bank Deal', 2, 'House', 'Rajasthan', '1', 'Jaipur', '30-01-2013 15:00', '30-01-2013 15:30', '1124854', '112485.4', '', 'sarfaesi', '84', '123', 'SBI', 'SBI', '2', '1', 'mohd.rafiq shaikh s/o abdul hakim shaikh', 'Nil', 'SBI', '0', 'SBISS', 'SBI', '-', '10/2/2013 12:00', '30-01-2013 15:00', '30-01-2013 15:30', '30-01-2013 15:30', '30-01-2013 15:00', '112485', '1000', 'Nil', 'Nil', 'Same Day', 'H NO. 725 GOVINDPURA ,JDA COLONY AREA 40.50 SQFT<br />', 1),
(85, 'Bank Deal', 2, 'House', 'Rajasthan', '17', 'Ajmer', '20-05-2013 15:00', '20-05-2013 15:30', '487000', '48700', '', 'sarfaesi', '85', '123', 'SBI', 'SBI', '2', '1', 'KAMAL KISHOR S/O DEVI LAL SAINI', 'Nil', 'SBI', '0', 'SBISS', 'SBI', '-', '30-05-2013 20:05', '20-05-2013 15:00', '20-05-2013 15:30', '20-05-2013 15:30', '20-05-2013 15:00', '48700', '1000', 'Nil', 'Nil', 'Same Day', 'PLOT NO.49B TEACHER COLONY GHNSHYAMPURI <br />', 1),
(86, 'Bank Deal', 2, 'House', 'Rajasthan', '17', 'Ajmer', '20-05-2013 15:00', '20-05-2013 15:30', '1500000', '150000', '', 'sarfaesi', '86', '123', 'SBI', 'SBI', '2', '1', 'rajesh kumawat s/o birdi chand kumawat', 'Nil', 'SBI', '0', 'SBISS', 'SBI', '-', '30-05-2013 12:00', '20-05-2013 15:00', '20-05-2013 15:30', '20-05-2013 15:30', '20-03-2013 15:00', '150000', '1000', 'Nil', 'Nil', 'Same Day', 'KHASRA NO. 328 RIDHHI SIDDHI PARLOR<br />', 1),
(87, 'Bank Deal', 2, 'House', '', '17', 'Beawar', '9/10/2013 11:30', '9/10/2013 12:00', '5000000', '500000', '', 'sarfaesi', '87', '123', 'SBI', 'SBI', '2', '1', 'sushila devi w/o bajrang das vesnav', 'Nil', 'SBI', '0', 'SBISS', 'SBI', '-', '20-10-2013 11:00', '9/10/2013 11:30', '9/10/2013 12:00', '9/10/2013 12:00', '9/10/2013 11:30', '500000', '1000', 'Nil', 'Nil', 'Same Day', 'KHASRA NO. 1606/5 VILAGE-SANDIYA CHANDWAL NAGAR AREA .8450HQT<br />', 1),
(88, 'Bank Deal', 2, 'House', 'Rajasthan', '1', 'Jaipur', '3/5/2013 15:00', '3/5/2013 15:30', '313386', '31338.6', '', 'sarfaesi', '88', '123', 'SBI', 'SBI', '2', '1', 'KISHAN LAL SAINI S/O CHUNNI LAL SAINI', 'Nil', 'SBI', '0', 'SBISS', 'SBI', '-', '15-05-2013 11:00', '3/5/2013 15:00', '3/5/2013 15:30', '3/5/2013 15:30', '3/5/2013 15:00', '31338', '1000', 'Nil', 'Nil', 'Same Day', 'H NO. 12 SATI JI BAGICHIMHANUMAN MANDIR K PAS AREA 125.19SQGJ<br />', 1),
(89, 'Bank Deal', 2, 'House', 'Rajasthan', '1', 'Jaipur', '21-11-2013 15:00', '21-11-2013 15:30', '896537.29', '89653.729', '', 'sarfaesi', '89', '123', 'SBI', 'SBI', '2', '1', 'kalu ram sharma s/o jagdish prasad sharma', 'Nil', 'SBI', '0', 'SBISS', 'SBI', '-', '30-11-2013 11:00', '21-11-2013 15:00', '21-11-2013 10:30', '21-11-2013 15:30', '21-11-2013 15:00', '89653', '1000', 'Nil', 'Nil', 'Same Day', 'B-3 ANAJ MANDI BAGRU TEH.-SANGANERN AREA 1289.27<br />', 1),
(90, 'Bank Deal', 2, 'House', '', '', 'Dantaramgarh', '16-01-2013 15:00', '16-01-2013 15:30', '2872142', '287214.2', '', 'sarfaesi', '90', '123', 'SBI', 'SBI', '2', '1', 'begaram s/o dolaram', 'Nil', 'SBI', '0', 'SBISS', 'SBI', '-', '25-01-2013 10:00', '16-01-2013 15:00', '16-01-2013 15:30', '16-01-2013 15:30', '16-01-2013 15:00', '287214', '1000', 'Nil', 'Nil', 'Same Day', 'KHASRA NO. 822/2 VILAGE-BAAY AREA 2600SQMTR<br />', 1),
(91, 'Bank Deal', 2, 'House', '', '27', 'madpur', '30-07-2013 15:00', '30-07-2013 15:30', '507636', '50763.6', '', 'sarfaesi', '91', '123', 'SBI', 'SBI', '2', '1', 'mansingh s/o hukamsingh', 'Nil', 'SBI', '0', 'SBISS', 'SBI', '-', '10/8/2013 14:00', '30-07-2013 15:00', '30-07-2013 15:30', '30-07-2013 15:30', '30-07-2013 15:00', '50763', '1000', 'Nil', 'Nil', 'Same Day', 'POST-NIDAR DISTT-BHARATPUR AREA 872.53SQFT<br />', 1),
(92, 'Bank Deal', 2, 'House', 'Rajasthan', '10', 'Sikar', '8/1/2013 15:00', '8/1/2013 15:30', '3131075', '313107.5', '', 'sarfaesi', '92', '123', 'Sikar arwan co. operativr bank', 'Sikar arwan co. operativr bank', '2', '1', 'santosh devi w/o sanwar mal seshma', 'Nil', 'Sikar arwan co. operativr bank', '0', 'ssssss', 'Sikar arwan co. operativr bank', '-', '14-01-2013 14:00', '8/1/2013 15:00', '8/1/2013 15:30', '8/1/2013 15:30', '1/1/2013 15:00', '313107', '1000', 'Nil', 'Nil', 'Same Day', 'WARD NO. 17 CENTRAL BUS STAND&nbsp; DURGAPURA<br />', 1),
(93, 'Bank Deal', 2, 'House', 'Rajasthan', '10', 'Sikar', '17-10-2012 15:00', '17-10-2012 15:30', '155925', '15592.5', '', 'sarfaesi', '93', '123', 'SBI', 'SBI', '2', '1', 'kamal kishor s/o radheshyam sharma', 'Nil', 'Sikar arwan co. operativr bank', '0', 'ssssss', 'Sikar arwan co. operativr bank', '-', '25-10-2012 12:00', '17-10-2012 15:00', '17-10-2012 15:30', '17-10-2012 15:30', '17-10-2012 15:00', '15592', '1000', 'Nil', 'Nil', 'Same Day', 'WARD NO. 26&nbsp; INSIDE GALI<br />', 1),
(94, 'Bank Deal', 2, 'House', 'Rajasthan', '19', 'Jodhpur', '18-04-2013 15:00', '18-04-2013 15:30', '812626', '81262.6', '', 'sarfaesi', '94', '123', 'BOB', 'BOB', '2', '1', 'devkanya w/o mahipal singh parihar', 'Nil', 'BOB', '0', 'BOBSS', 'BOB', '-', '30-04-2013 12:00', '18-04-2013 15:00', '18-04-2013 15:30', '18-04-2013 15:30', '18-04-2013 15:00', '81262', '1000', 'Nil', 'Nil', 'Same Day', 'PARIHAR KI AMN SAGAR MAHAMANDIR AREA&nbsp; 480<br />', 1),
(95, 'Bank Deal', 2, 'House', 'Rajasthan', '19', 'Jodhpur', '30-03-2013 15:00', '30-03-2013 15:00', '453280', '45328', '', 'sarfaesi', '95', '123', 'SBI', 'BOB', '2', '1', 'bhanwar lal s/o nathuram', 'Nil', 'BOB', '0', 'BOBSS', 'BOB', '-', '10/4/2013 12:00', '30-03-2013 15:00', '30-03-2013 15:30', '30-03-2013 15:30', '30-03-2013 15:00', '45328', '1000', 'Nil', 'Nil', 'Same Day', 'PLOT NO. 4 SECTOR -E KHASRA NO. 632 PABUPURA<br />', 1),
(96, 'Bank Deal', 2, 'House', '', '', 'magrapunjla', '18-04-2013 15:00', '18-04-2013 15:30', '828064', '82806.4', '', 'sarfaesi', '96', '123', 'BOB', 'BOB', '2', '1', 'bajrang lal sharma s/o durga shankar sharma', 'Nil', 'BOB', '0', 'BOBSS', 'BOB', '-', '30-04-2013 11:00', '18-04-2013 15:00', '18-04-2013 15:30', '18-04-2013 15:30', '18-04-2013 15:00', '82806', '1000', 'Nil', 'Nil', 'Same Day', 'PLOT NO. 42 KHASRA NO. 42&nbsp; TO 46 ABHAY NAGAR <br />', 1),
(97, 'Bank Deal', 2, 'House', 'Rajasthan', '16', 'Bhilwara', '30-07-2013 15:00', '30-07-2013 15:30', '5173943', '517394.3', '', 'sarfaesi', '97', '123', 'BOB', 'BOB', '2', '1', 'navneet atal', 'Nil', 'BOB', '0', 'BOBSS', 'BOB', '-', '10/8/2013 10:00', '30-07-2013 15:00', '30-07-2013 15:30', '30-07-2013 15:30', '30-07-2013 15:00', '517394', '1000', 'Nil', 'Nil', 'Same Day', 'PLOT NO. 98 AREA 35*65 SQFT<br />', 1),
(98, 'Bank Deal', 2, 'House', '', '', 'Rayla Village', '11/9/2013 15:00', '11/9/2013 15:30', '1493705', '149370.5', '', 'sarfaesi', '98', '123', 'SBI', 'SBI', '2', '1', 'sugna devi s/o rajmal gurjar', 'Nil', 'SBI', '0', 'SBISS', 'SBI', '-', '20-09-2013 10:00', '11/9/2013 15:00', '11/9/2013 15:30', '11/9/2013 15:30', '11/9/2013 15:00', '149370', '1000', 'Nil', 'Nil', 'Same Day', 'PLOT NO. 19 BAPU NAGAR Rayla Village TEH-BANEDA AREA 2400SQFT<br />', 1),
(99, 'Bank Deal', 2, 'House', '', '13', 'Makrana', '12/1/2009 15:00', '12/1/2009 15:30', '458670', '45867', '', 'sarfaesi', '99', '123', 'BOB', 'BOB', '2', '1', 'rameshwar lal rajpurohit s/o shivnath singh rajpurohit', 'Nil', 'BOB', '0', 'BOBSS', 'BOB', '-', '20-01-2009 10:00', '12/1/2009 15:00', '12/1/2009 15:30', '12/1/2009 15:30', '12/1/2009 15:00', '45867', '1000', 'Nil', 'Nil', 'Same Day', 'KHASRA NO. 500 TEH&nbsp; Makrana AREA 5153.90SQFT<br />', 1),
(100, 'Bank Deal', 2, 'House', '', '13', 'Makrana', '11/1/2013 15:00', '11/1/2013 15:30', '157449', '15744.9', '', 'sarfaesi', '100', '123', 'BOB', 'BOB', '2', '1', 'seetaram indora s/o mangla ram indora', 'Nil', 'BOB', '0', 'BOBSS', 'BOB', '-', '20-01-2013 16:00', '11/1/2013 15:00', '11/1/2013 15:30', '11/1/2013 15:30', '11/1/2013 15:00', '15744', '1000', 'Nil', 'Nil', 'Same Day', 'MALI MOHALLA JHALRA ROAD Makrana DISTT-Nagaur AREA 870SQFT<br />', 1),
(101, 'Bank Deal', 2, 'House', '', '18', 'Laxmangarh', '17-09-2012 12:00', '17-09-2013 12:30', '325964.24', '32596.424', '', 'sarfaesi', '101', '123', 'SBI', 'SBI', '2', '1', 'nandram saini s/o pratap singh saini', 'Nil', 'SBI', '0', 'SBISS', 'SBI', '-', '28-02-2012 11:00', '17-02-2012 12:00', '17-09-2012 12:30', '17-09-2012 12:30', '17-09-2012 12:00', '32596', '1000', 'Nil', 'Nil', 'Same Day', 'PATTA NO. 3 AJAD GALI Laxmangarh DISTT-ALWAR<br />', 1),
(102, 'Bank Deal', 2, 'House', 'Rajasthan', '21', 'Churu', '5/2/2013 15:00', '5/2/2013 15:30', '278392', '27839.2', '', 'sarfaesi', '102', '123', 'SBBJ', 'SBBJ', '2', '1', 'nemichand saini s/o girdhari lal saini', 'Nil', 'SBBJ', '0', 'SBBJSS', 'SBBJ', '-', '15-02-2013 10:00', '5/2/2013 15:00', '5/2/2013 15:30', '5/2/2013 15:30', '5/2/2013 15:00', '27839', '1000', 'Nil', 'Nil', 'Same Day', 'PLOT NO. 36 PINJRA POLE AREA 300SQGJ<br />', 1),
(103, 'Bank Deal', 2, 'House', 'Rajasthan', '21', 'Churu', '5/2/2012 15:00', '5/2/2012 15:30', '536726', '53672.6', '', 'sarfaesi', '103', '123', 'SBBJ', 'SBBJ', '2', '1', 'pyarelal s/o goverdhan lal', 'Nil', 'SBBJ', '0', 'SBBJSS', 'SBBJ', '-', '20-02-2012 11:00', '5/2/2012 15:00', '5/2/2012 15:30', '5/2/2012 15:30', '5/2/2012 15:00', '53672', '1000', 'Nil', 'Nil', 'Same Day', 'GHANSHYAM BIHAR AREA 206 SQFT<br />', 1),
(104, 'Bank Deal', 2, 'House', '', '26', 'Nayasar', '5/5/2011 15:00', '5/5/2011 15:30', '331742', '33174.2', '', 'sarfaesi', '104', '123', 'SBI', 'SBI', '2', '1', 'sheeshram s/o dan singh', 'Nil', 'SBI', '0', 'SBISS', 'SBI', '-', '19-05-2011 11:00', '5/5/2011 15:00', '5/5/2011 15:30', '5/5/2011 15:30', '5/5/2011 15:00', '33174', '1000', 'Nil', 'Nil', 'Same Day', 'VILAE-Nayasar DISTT-JHUNJHUNU<br />', 1),
(105, 'Bank Deal', 2, 'House', 'Rajasthan', '1', 'Jaipur', '19-02-2013 15:00', '19-02-2013 15:30', '1200638', '120063.8', '', 'sarfaesi', '105', '123', 'SBI', 'SBI', '2', '1', 'manohar singh s/o ratan singh', 'Nil', 'SBI', '0', 'SBISS', 'SBI', '-', '28-02-2013 14:00', '19-02-2013 15:00', '19-02-2013 15:30', '19-02-2013 15:30', '19-02-2013 15:00', '120063', '1000', 'Nil', 'Nil', 'Same Day', 'PLOT NO. 120 YOJNA GANESH&nbsp; VATIKA AREA 100SQGJ<br />', 1),
(106, 'Bank Deal', 2, 'House', 'Rajasthan', '1', 'Jaipur', '20-05-2013 15:00', '20-05-2013 15:30', '1456388', '145638.8', '', 'sarfaesi', '106', '123', 'SBI', 'SBI', '2', '1', 'premgopal sharma', 'Nil', 'SBI', '0', 'SBISS', 'SBI', '-', '30-05-2010 14:00', '20-05-2013 15:00', '20-05-2013 15:30', '20-05-2013 15:30', '20-05-2013 15:00', '145638', '1000', 'Nil', 'Nil', 'Same Day', 'H NO. 120 GANESH VATIKA NIWARU ROAD AREA 100 SQGJ<br />', 1),
(107, 'Bank Deal', 2, 'House', 'Rajasthan', '1', 'Jaipur', '10/7/2013 15:00', '10/7/2013 15:30', '731428', '73142.8', '', 'sarfaesi', '107', '123', 'SBI', 'SBI', '2', '1', 'mohan lal pareek & kanta devi w/o kelash chand pareek', 'Nil', 'SBI', '0', 'SBISS', 'SBI', '-', '25-07-2013 11:00', '10/7/2013 15:00', '10/7/2013 15:30', '10/7/2013 15:30', '10/7/2013 15:00', '73142', '1000', 'Nil', 'Nil', 'Same Day', 'PLOT NO. 116A BRAHMPURI ROAD GETOR ROAD Jaipur AREA 199.77SQMTR<br />', 1),
(108, 'Bank Deal', 2, 'House', 'Rajasthan', '1', 'Jaipur', '6/7/2013 15:00', '6/7/2013 15:30', '534427', '53442.7', '', 'sarfaesi', '108', '123', 'SBI', 'SBI', '2', '1', 'abdul ajjej shaikh s/o abdul kayyum shaikh', 'Nil', 'SBI', '0', 'SBISS', 'SBI', '-', '20-07-2013 15:00', '6/7/2013 15:00', '6/7/2013 15:30', '6/7/2013 15:30', '6/7/2013 15:00', '53442', '1000', 'Nil', 'Nil', 'Same Day', 'PLOT NO. 60 VAN VIHAR AREA 97.68SQNTR<br />', 1),
(109, 'Bank Deal', 2, 'House', 'Rajasthan', '1', 'Jaipur', '27-06-2013 15:00', '27-06-2013 15:30', '2688195', '268819.5', '', 'sarfaesi', '109', '123', 'SBI', 'SBI', '2', '1', 'kamlesh sharma w/o ramesh chand sharma', 'Nil', 'SBI', '0', 'SBISS', 'SBI', '-', '10/7/2013 10:00', '27-06-2013 15:00', '27-06-2013 15:30', '27-06-2013 15:30', '27-06-2013 15:00', '268819', '1000', 'Nil', 'Nil', 'Same Day', 'PLOT NO. 60 VAN VIHAR JHOTWADA AREA 97.68 SQMTR<br />', 1),
(110, 'Bank Deal', 2, 'House', 'Rajasthan', '1', 'Jaipur', '27-06-2013 15:00', '27-06-2013 15:30', '2688195', '268819.5', '', 'sarfaesi', '110', '123', 'SBI', 'SBI', '2', '1', 'patram sharma s/o dungerram sharma', 'Nil', 'SBI', '0', 'SBISS', 'SBI', '-', '15-07-2013 14:00', '27-06-2013 15:00', '27-06-2013 15:30', '27-06-2013 15:30', '27-06-2013 15:00', '268819', '1000', 'Nil', 'Nil', 'Same Day', 'PLOT NO. 70,71 GULABI NAGAR JAMNA NAGAR Ajmer ROAD AREA 100SQGJ<br />', 1),
(111, 'Bank Deal', 2, 'House', 'Rajasthan', '1', 'Jaipur', '10/7/2013 15:00', '10/7/2013 15:30', '1324664', '132466.4', '', 'sarfaesi', '111', '123', 'SBI', 'SBI', '2', '1', 'rahul jadon s/o rakesh singh jadon', 'Nil', 'SBI', '0', 'SBISS', 'SBI', '-', '20-07-2013 14:00', '10/7/2013 15:00', '10/7/2013 15:30', '10/7/2013 15:30', '10/7/2013 15:00', '132466', '1000', 'Nil', 'Nil', 'Same Day', 'PLOT NO. 267/492 Pratap Nagar AREA 93.98SQMTR<br />', 1),
(112, 'Bank Deal', 2, 'House', 'Rajasthan', '1', 'Jaipur', '6/6/2013 15:00', '6/6/2013 15:30', '3228511', '322851.1', '', 'sarfaesi', '112', '123', 'SBI', 'SBI', '2', '1', 'kishor kumar talepa s/o madhuram talepa', 'Nil', 'SBI', '0', 'SBISS', 'SBI', '-', '20-06-2013 12:00', '6/6/2013 15:00', '6/6/2013 15:30', '6/6/2013 15:30', '6/6/2013 15:00', '322851', '1000', 'Nil', 'Nil', 'Same Day', 'VILA NO. 06 MANGLAM AANGAN Ajmer BRAOD AREA 215 SQGJ<br />', 1),
(113, 'Bank Deal', 2, 'House', '', '', 'narhad', '4/2/2014 10:00', '20-02-2014 15:00', '2193000', '219300', '', 'sarfaesi', '113', '123', 'SBBJ', 'SBBJ', '2', '1', 'sheeshram singh s/o mohar singh', 'Nil', 'SBBJ', '0', 'SBBJSS', 'SBBJ', '-', '15-02-2013 15:00', '4/2/2014 10:00', '4/2/2014 15:00', '4/2/2014 15:00', '4/2/2014 10:00', '219300', '1000', 'Nil', 'Nil', 'Same Day', 'KHASRA NO. 803/1 VILAGE-NARHAD TEH-CHIDHVA DISTT-JHUNJHUNU AREA 2546SQMTR<br />', 1),
(114, 'Bank Deal', 2, 'House', '', '13', 'Makrana', '8/6/2012 15:00', '8/6/2012 15:30', '540888', '54088.8', '', 'sarfaesi', '114', '123', 'SBI', 'SBI', '2', '1', 'moolchand mali s/o gopal lal ,keshar devi w/o moolchand mali', 'Nil', 'SBI', '0', 'SBISS', 'SBI', '-', '20-02-2011 15:00', '8/2/2012 15:00', '8/2/2012 15:30', '8/2/2012 15:30', '8/2/2012 15:00', '54088', '1000', 'Nil', 'Nil', 'Same Day', 'NEAR RAILWAY STATION&nbsp; BALAJI KA BAG <br />', 1),
(115, 'Bank Deal', 2, 'House', '', '13', 'Makrana', '5/6/2012 15:00', '5/6/2012 15:30', '267087', '26708.7', '', 'sarfaesi', '115', '123', 'SBI', 'SBI', '2', '1', 'madan lal meghwal s/o ram gopal meghwal', 'Nil', 'SBI', '0', 'SBISS', 'SBI', '-', '14-06-2012 14:00', '5/6/2012 15:00', '5/6/2012 15:30', '5/6/2012 15:30', '5/6/2012 15:00', '26708', '1000', 'Nil', 'Nil', 'Same Day', 'POST SABALPUR VAYA-BESROLI Makrana DISTT-Nagaur<br />', 1),
(116, 'Bank Deal', 2, 'House', '', '13', 'Makrana', '12/3/2012 15:00', '12/3/2012 15:30', '1370335', '137033.5', '', 'sarfaesi', '116', '123', 'SBBJ', 'SBBJ', '2', '1', 'jan mohmmad s/o abdul rahman', 'Nil', 'SBBJ', '0', 'SBBJSS', 'SBBJ', '-', '20-03-2012 14:00', '12/3/2012 15:00', '12/3/2012 15:30', '12/3/2012 15:30', '20-03-2012 15:00', '137033', '1000', 'Nil', 'Nil', 'Same Day', 'GUNAWATI NAGAR Makrana AREA 12799 SQFT<br />', 1);
INSERT INTO `tbl_property_details` (`id`, `main_cat`, `cat_id`, `p_name`, `state`, `distict`, `city`, `e_auc_dt`, `last_dt`, `res_pr`, `emd`, `file`, `event`, `event_no`, `nit_no`, `td_name`, `evt_bank`, `cat_item`, `sub_cat`, `b_name`, `tender_fee`, `nd_bank`, `nd_bank_ac`, `nd_bank_ifsc`, `bank`, `branch`, `p_re_dt`, `ins_dt_f`, `ins_dt_t`, `lt_dt_1`, `op_dt_1`, `pr_bid`, `bid_val`, `auto_ext`, `no_auto_ext`, `docs`, `details`, `publish`) VALUES
(117, 'Bank Deal', 2, 'House', '', '13', 'Makrana', '28-02-2012 15:00', '28-02-2012 15:30', '905992', '90599.2', '', 'sarfaesi', '117', '123', 'SBBJ', 'SBBJ', '2', '1', 'iqbal rubeena', 'Nil', 'SBBJ', '0', 'SBBJSS', 'SBBJ', '-', '10/3/2012 14:00', '28-02-2012 15:00', '28-02-2012 15:30', '28-02-2012 15:30', '28-02-2012 15:00', '90599', '1000', 'Nil', 'Nil', 'Same Day', 'GUNAWATI ROAD Makrana Nagaur AREA 30492SQFT<br />', 1),
(118, 'Bank Deal', 2, 'House', '', '13', 'Makrana', '19-11-2011 15:00', '19-11-2011 15:30', '980832', '98083.2', '', 'sarfaesi', '118', '123', 'SBBJ', 'SBBJ', '2', '1', 'arfan ahmad', 'Nil', 'SBBJ', '0', 'SBBJSS', 'SBBJ', '-', '30-11-2011 14:00', '19-11-2011 15:00', '19-11-2011 15:30', '19-11-2011 15:30', '19-11-2011 15:00', '98083', '1000', 'Nil', 'Nil', 'Same Day', 'PATTA NO. 1574 PALDA ROAD Makrana AREA 640SQGJ<br />', 1),
(119, 'Bank Deal', 2, 'House', '', '13', 'Makrana', '25-05-2012 15:00', '25-05-2012 15:30', '1032089', '103208.9', '', 'sarfaesi', '119', '123', 'SBBJ', 'SBBJ', '2', '1', 'noshad ali s/o haji shokat ali', 'Nil', 'SBBJ', '0', 'SBBJSS', 'SBBJ', '-', '5/6/2012 11:00', '25-05-2012 15:00', '25-05-2012 15:30', '25-05-2012 15:30', '25-05-2012 15:00', '103208', '1000', 'Nil', 'Nil', 'Same Day', 'PATTA NO. 1536 DESHWALI THANDI KMakrana TEH-NagaurAREA 200SQGJ<br />', 1),
(120, 'Bank Deal', 2, 'House', '', '13', 'Makrana', '21-06-2012 15:00', '21-06-2012 15:30', '1176500', '117650', '', 'sarfaesi', '120', '123', 'SBBJ', 'SBBJ', '2', '1', 'abdul wahid s/o abdul rahman', 'Nil', 'SBBJ', '0', 'SBBJSS', 'SBBJ', '-', '30-06-2012 14:00', '21-06-2012 15:00', '21-06-2012 15:30', '21-06-2012 15:30', '21-06-2012 15:00', '117650', '1000', 'Nil', 'Nil', 'Same Day', 'MANGLANA ROAD Makrana Nagaur <br />', 1),
(121, 'Bank Deal', 2, 'House', 'Rajasthan', '1', 'Jaipur', '19-02-2013 15:00', '19-02-2013 15:30', '1223838', '122383.8', '', 'sarfaesi', '121', '123', 'SBI', 'SBI', '2', '1', 'pushpendra sharma s/o narayan sahay sharma ,shanti sharma w/o narayan sahay sharma', 'Nil', 'SBBJ', '0', 'SBBJSS', 'SBBJ', '-', '28-02-2013 14:00', '19-02-2013 15:00', '19-02-2013 15:30', '19-02-2013 15:30', '19-02-2013 00:00', '122383', '1000', 'Nil', 'Nil', 'Same Day', 'FLAT NO. F-1 PLOT NO. 82 TIRUPATI TOWN GOVINDPURA AREA 1132.96<br />', 1),
(122, 'Bank Deal', 2, 'House', 'Rajasthan', '1', 'Jaipur', '30-01-2013 15:00', '30-01-2013 15:30', '1124854', '112485.4', '', 'sarfaesi', '122', '123', 'SBI', 'SBI', '2', '1', 'rafiq shekh s/o abdul hakim shekh', 'Nil', 'SBI', '0', 'SBISS', 'SBI', '-', '15-02-2013 11:00', '30-01-2013 15:00', '30-01-2013 15:30', '30-01-2013 15:30', '30-01-2013 15:00', '112485', '1000', 'Nil', 'Nil', 'Same Day', 'h no. 725 govindpura jda colony area 40.50 sqmtr<br />', 1),
(123, 'Bank Deal', 2, 'House', 'Rajasthan', '1', 'Jaipur', '25-01-2013 15:00', '25-01-2013 15:30', '1196559', '119655.9', '', 'sarfaesi', '123', '123', 'SBI', 'SBI', '2', '1', 'sapna agarwal w/o kamal kishor garg', 'Nil', 'SBI', '0', 'SBISS', 'SBI', '-', '-- :', '25-01-2013 15:00', '25-01-2013 15:30', '25-01-2013 15:30', '25-01-2013 15:00', '119655', '1000', 'Nil', 'Nil', 'Same Day', 'H NO. 68/274 Pratap Nagar SANGANER AREA 77.04SQMTR<br />', 1),
(124, 'Bank Deal', 3, 'Car', '', '', 'ralamgara', '25-05-2013 15:00', '25-05-2013 15:30', '626057.55', '62605.755', '', 'sarfaesi', '124', '123', 'SBBJ', 'SBBJ', '3', '6', 'jitendra kumar koshik s/o mahesh chand', 'Nil', 'SBBJ', '0', 'SBBJSS', 'SBBJ', '-', '15-06-2013 14:00', '25-05-2013 15:00', '25-05-2013 15:30', '25-05-2013 15:30', '25-05-2013 15:00', '62605', '1000', 'Nil', 'Nil', 'Same Day', 'RJ-09 UA 0101 CH NO. 403093KSZN14270 EN NO. 2.2LDICOR6KSZ723990<br />', 1),
(125, 'Bank Deal', 2, 'House', '', '', 'ralamgara', '25-03-2013 15:00', '25-03-2015 15:30', '934608', '93460.8', '', 'sarfaesi', '125', '123', 'SBBJ', 'SBBJ', '2', '1', 'jitendra kumar koshik s/o mahesh chand', 'Nil', 'SBBJ', '0', 'SBBJSS', 'SBBJ', '-', '15-06-2013 15:00', '25-05-2012 15:00', '25-05-2013 15:30', '25-05-2013 15:30', '25-05-2013 15:00', '93460', '1000', 'Nil', 'Nil', 'Same Day', 'AARAJI NO. 3817/2846 RALAM GARA AREA 1 BEEGHA 7 BEESA<br />', 1),
(126, 'Bank Deal', 2, 'House', '', '19', 'Mandor', '30-03-2013 15:00', '30-03-2013 15:30', '745388', '74538.8', '', 'sarfaesi', '126', '123', 'BOB', 'BOB', '2', '1', 'nirmala gahlot w/o sajjan singh', 'Nil', 'BOB', '0', 'BOBSS', 'BOB', '-', '10/4/2013 11:00', '30-03-2013 15:00', '30-03-2013 15:30', '30-03-2013 15:30', '30-03-2013 15:00', '74538', '1000', 'Nil', 'Nil', 'Same Day', 'PLOT NO. 40 KHASRA NO. 1858 &amp; 1866LAL SAGAR ROAD Mandor area&nbsp; 1125sqft<br />', 1),
(127, 'Bank Deal', 2, 'House', 'Rajasthan', '7', 'Bikaner', '28-02-2013 15:00', '28-02-2013 15:30', '497162', '49716.2', '', 'sarfaesi', '127', '123', 'SBI', 'SBI', '2', '1', 'reeta acharya', 'Nil', 'SBI', '0', 'SBISS', 'SBI', '-', '10/3/2013 11:00', '28-02-2013 15:00', '28-02-2013 15:30', '28-02-2013 15:30', '28-02-2013 15:00', '49716', '1000', 'Nil', 'Nil', 'Same Day', 'PLOT NO. D-147 MURLIDHAR VYAS Bikaner AREA 1225SQFT<br />', 1),
(128, 'Bank Deal', 2, 'House', 'Rajasthan', '7', 'Bikaner', '18-02-2016 15:00', '18-02-2016 15:30', '411320', '41132', '', 'sarfaesi', '128', '123', 'SBI', 'SBI', '2', '1', 'daulal vyas s/o bhanwar lal vyas', 'Nil', 'SBI', '0', 'SBISS', 'SBI', '-', '28-02-2013 14:00', '18-02-2013 15:00', '18-02-2013 15:30', '18-02-2013 15:30', '18-02-2013 15:00', '41132', '1000', 'Nil', 'Nil', 'Same Day', 'VIVEK NATH JI KI BAGICHI NATHUSAR BAS Bikaner <br />', 1),
(129, 'Bank Deal', 2, 'House', '', '', 'Kuchilpura', '28-02-2015 15:00', '28-02-2015 15:30', '359429', '35942.9', '', 'sarfaesi', '129', '123', 'SBI', 'SBI', '2', '1', 'kishan lal s/o hanuman das', 'Nil', 'SBI', '0', 'SBISS', 'SBI', '-', '10/3/2014 12:00', '28-02-2014 15:00', '28-02-2014 15:30', '28-02-2014 15:30', '28-02-2014 15:00', '35942', '1000', 'Nil', 'Nil', 'Same Day', 'PINK MODAL SCHOOL K PAS Kuchilpura <br />', 1),
(130, 'Bank Deal', 2, 'House', 'Rajasthan', '7', 'Bikaner', '28-02-2014 15:00', '28-02-2014 15:30', '421091', '42109.1', '', 'sarfaesi', '130', '123', 'SBI', 'SBI', '2', '1', 'mukesh kumar sen s/o hari prasad', 'Nil', 'SBI', '0', 'SBISS', 'SBI', '-', '10/3/2014 12:10', '28-02-2013 15:00', '28-02-2014 15:30', '28-02-2014 15:30', '28-02-2014 15:00', '42109', '1000', 'Nil', 'Nil', 'Same Day', 'H NO. 2/295 MUKTA PRASAD COLONY <br />', 1),
(131, 'Bank Deal', 2, 'House', 'Rajasthan', '7', 'Bikaner', '28-02-2014 15:00', '28-02-2014 15:30', '372531', '37253.1', '', 'sarfaesi', '131', '123', 'SBI', 'SBI', '2', '1', 'ilmuddin luhar s/o nasaru khan', 'Nil', 'SBI', '0', 'SBISS', 'SBI', '-', '10/3/2014 12:00', '28-02-2014 15:00', '28-02-2014 15:30', '28-02-2014 15:30', '28-02-2014 15:00', '37253', '1000', 'Nil', 'Nil', 'Same Day', 'MOHALLA -LOHARAN NEW KUAA Bikaner <br />', 1),
(132, 'Bank Deal', 2, 'House', 'Rajasthan', '7', 'Bikaner', '28-02-2014 15:00', '28-02-2014 15:30', '428807', '42880.7', '', 'sarfaesi', '132', '123', 'SBI', 'SBI', '2', '1', 'baldev das kalwani s/o cchotu lal', 'Nil', 'SBI', '0', 'SBISS', 'SBI', '-', '10/3/2014 12:10', '28-02-2014 15:00', '28-02-2014 15:00', '28-02-2014 15:30', '28-02-2014 15:00', '42880', '1000', 'Nil', 'Nil', 'Same Day', 'VILAGE-BRAHMPURI CHOK DISTT-Bikaner<br />', 1),
(133, 'Bank Deal', 2, 'House', 'Rajasthan', '7', 'Bikaner', '28-02-2014 15:00', '28-02-2014 15:30', '497162', '49716.2', '', 'sarfaesi', '133', '123', 'SBI', 'SBI', '2', '1', 'mohan lal acharya s/o jethmal acharya', 'Nil', 'SBI', '0', 'SBISS', 'SBI', '-', '10/3/2014 12:00', '28-02-2014 15:00', '28-02-2014 15:30', '28-02-2014 15:30', '28-02-2014 15:00', '49716', '1000', 'Nil', 'Nil', 'Same Day', 'PLOT NO.-D147 MURLIDHAR VYAS NAGAR Bikaner AREA 1225 SQFT<br />', 1),
(134, 'Bank Deal', 2, 'House', '', '21', 'Ratangarh', '11/1/2013 15:00', '11/1/2013 15:30', '201969', '20196.9', '', 'sarfaesi', '134', '123', 'BOB', 'BOB', '2', '1', 'tejpal swami s/o maldas swami', 'Nil', 'SBI', '0', 'SBISS', 'SBI', '-', '25-01-2013 12:00', '11/1/2013 15:00', '11/1/2013 15:30', '11/1/2013 15:30', '11/1/2013 15:00', '20196', '1000', 'Nil', 'Nil', 'Same Day', 'VILAGE POST-SANGASAR TEH-RATANGARH <br />', 1),
(135, 'Bank Deal', 2, 'House', 'Rajasthan', '1', 'Jaipur', '14-05-2013 15:00', '14-05-2013 15:30', '256202', '25620.2', '', 'sarfaesi', '135', '123', 'SBI', 'SBI', '2', '1', 'khangaram choudhry s/o daluram choudhary', 'Nil', 'SBI', '0', 'SBISS', 'SBI', '-', '25-05-2014 12:00', '14-05-2014 15:00', '14-05-2014 15:30', '14-05-2914 15:30', '14-05-2014 15:00', '25620', '1000', 'Nil', 'Nil', 'Same Day', 'PLOT NO. 53 A DURGA VISTAR NBC QUARTER K PAS HASANPURA<br />', 1),
(136, 'Bank Deal', 2, 'House', 'Rajasthan', '1', 'Jaipur', '5/9/2013 15:00', '5/9/2013 15:30', '748630.41', '74863.041', '', 'sarfaesi', '136', '123', 'SBBJ', 'SBBJ', '2', '1', 'rajeev pratap singh rathod s/o shyam pratap singh rathod', 'Nil', 'SBBJ', '0', 'SBBJSS', 'SBBJ', '-', '15-09-2013 12:00', '5/9/2013 15:00', '5/9/2013 15:30', '5/9/2013 15:30', '5/9/2013 15:00', '74863', '1000', 'Nil', 'Nil', 'Same Day', 'H NO. 40/153 VARUN PATH MANSAROVAR AREA 154.17SQMTR<br />', 1),
(137, 'Bank Deal', 2, 'House', 'Rajasthan', '1', 'Jaipur', '21-11-2013 15:00', '21-11-2013 15:30', '896537.29', '89653.729', '', 'sarfaesi', '137', '123', 'SBI', 'SBI', '2', '1', 'kalu ram sharma s/o jagdish prasad sharma', 'Nil', 'SBI', '0', 'SBISS', 'SBI', '-', '30-11-2013 12:00', '21-11-2013 15:02', '21-11-2013 15:30', '21-11-2013 15:30', '21-11-2013 15:00', '89653', '2000', 'Nil', 'Nil', 'Same Day', 'B-3 ANAJ MANDI BAGRU TEH-SANGANER DISTT-Jaipur AREA 1289.27SQFT<br />', 1),
(138, 'Bank Deal', 2, 'House', 'Rajasthan', '19', 'Jodhpur', '12/1/2013 15:00', '12/1/2013 15:30', '2139251', '213925.1', '', 'sarfaesi', '138', '123', 'BOB', 'BOB', '2', '1', 'veerendra panwar,mahesh panwar, geetanjali panwar,', 'Nil', 'BOB', '0', 'BOBSS', 'BOB', '-', '20-01-2013 12:00', '12/1/2013 15:00', '12/1/2013 15:30', '12/1/2013 15:30', '12/1/2013 15:00', '213925', '1000', 'Nil', 'Nil', 'Same Day', 'KHASRA NO. 799/1 BHAGWAN MAHAVEER NAGAR CHEER GHAR K SAMNE Jodhpur<br />', 1),
(139, 'Bank Deal', 2, 'House', 'Rajasthan', '19', 'Jodhpur', '18-04-2013 15:00', '18-04-2013 15:30', '828064', '82806.4', '', 'sarfaesi', '139', '123', 'BOB', 'BOB', '2', '1', 'bajrang lal sharma s/o durga shankar sharma w/o suman sharma', 'Nil', 'BOB', '0', 'BOBSS', 'BOB', '-', '30-04-2013 12:00', '18-04-2013 15:00', '18-04-2013 15:30', '18-04-2013 15:30', '18-04-2013 15:00', '82806', '1000', 'Nil', 'Nil', 'Same Day', 'NYAYSANGAT BANDHAK RIHAYASI PLOT NO. 42 &amp; KHASRA NO. 42 TO 46 ABHAY NAGAR PUNJLA Jodhpur AREA 20*47.60<br />', 1),
(151, 'Bank Deal', 2, 'House', 'Rajasthan', '13', 'Nagaur', '3/5/2008 15:00', '3/5/2008 15:30', '304936.36', '30493.6359', '', 'sarfaesi', '151', '123', 'SBBJ', 'SBBJ', '2', '1', 'dileep singh s/o amrav singh', 'Nil', 'SBBJ', '0', 'SBBJSS', 'SBBJ', '-', '10/6/2005 12:00', '3/5/2005 15:00', '3/5/2005 15:30', '3/5/2005 15:30', '3/5/2005 15:00', '30493', '1000', 'Nil', 'Nil', 'Same Day', 'AWASIYA MAKAN VIKRAY PATRA 10-10-2005 AREA 2000SQFT<br />', 1),
(152, 'Bank Deal', 2, 'House', '', '13', 'Sankhwas', '22-02-2008 15:00', '22-02-2008 15:30', '279979', '27997.9', '', 'sarfaesi', '152', '123', 'SBBJ', 'SBBJ', '2', '1', 'seetaram kamed s/o mohandas kamed', 'Nil', 'SBBJ', '0', 'SBBJSS', 'SBBJ', '-', '5/3/2008 12:00', '21-02-2008 15:00', '21-02-2008 15:30', '21-02-2008 15:30', '21-02-2008 15:00', '27997', '1000', 'Nil', 'Nil', 'Same Day', 'VILAGE POST-Sankhwas PATTA NO.34 AREA 611.31 SQFT<br />', 1),
(153, 'Bank Deal', 2, 'House', '', '', 'Mundwa', '3/5/2008 15:00', '3/5/2008 15:30', '115318', '11531.8', '', 'sarfaesi', '153', '12', 'SBBJ', 'SBBJ', '2', '1', 'seetaram kamed s/o ramdas kamed', 'Nil', 'SBBJ', '0', 'SBBJSS', 'SBBJ', '-', '15-05-2008 12:00', '3/5/2008 15:00', '3/5/2008 15:30', '3/5/2008 15:30', '3/5/2008 15:00', '11531', '1000', 'Nil', 'Nil', 'Same Day', 'AREA 556.3 SQFT<br />', 1),
(154, 'Bank Deal', 2, 'House', '', '', 'Mundwa', '3/5/2008 14:00', '3/5/2008 14:30', '303535', '30353.5', '', 'sarfaesi', '154', '123', 'SBBJ', 'SBBJ', '2', '1', 'leeladhar shreemali s/o ratanlal shreemali', 'Nil', 'SBBJ', '0', 'SBBJSS', 'SBBJ', '-', '5/6/2008 14:00', '3/5/2008 15:00', '3/5/2008 15:30', '3/5/2008 15:30', '3/5/2008 15:00', '30353', '1000', 'Nil', 'Nil', 'Same Day', 'PATTA NO. 35 AREA 624SQFT<br />', 1),
(155, 'Bank Deal', 2, 'House', '', '', 'Gotan', '25-08-2006 15:00', '25-08-2006 15:30', '408000', '40800', '', 'sarfaesi', '155', '123', 'SBBJ', 'SBBJ', '2', '1', 'ramnarayan suthar s/o ramdeen suthar', 'Nil', 'SBBJ', '0', 'SBBJSS', 'SBBJ', '-', '5/9/2006 14:00', '25-08-2006 15:00', '25-08-2006 15:30', '25-08-2006 15:30', '25-08-2006 15:00', '40800', '1000', 'Nil', 'Nil', 'Same Day', 'KASWON KI THANDI Gotan Nagaur<br />', 1),
(156, 'Bank Deal', 2, 'House', '', '', 'Merta City', '26-03-2008 15:00', '26-03-2008 15:30', '903238.44', '90323.8439', '', 'sarfaesi', '156', '123', 'SBBJ', 'SBBJ', '2', '1', 'basti ram vishnoi and heera devi', 'Nil', 'SBBJ', '0', 'SBBJSS', 'SBBJ', '-', '10/4/2008 13:00', '26-03-2008 15:00', '26-03-2008 15:30', '26-03-2008 15:30', '26-03-2008 15:00', '90323', '1000', 'Nil', 'Nil', 'Same Day', 'PLOT NO. 15 HIMMAT NAGAR PURANE MELA MEDAN K PAS AREA 1000SQFT<br />', 1),
(157, 'Bank Deal', 2, 'House', '', '', 'Mundwa', '26-08-2015 15:00', '26-08-2015 15:30', '360000', '36000', '', 'sarfaesi', '157', '123', 'SBBJ', 'SBBJ', '2', '1', 'satyanarayan pareek s/o jhumarmal pareek', 'Nil', 'SBBJ', '0', 'SBBJSS', 'SBBJ', '-', '5/9/2015 12:00', '26-08-2015 15:00', '26-08-2015 15:30', '26-08-2015 15:30', '26-08-2015 15:00', '36000', '1000', 'Nil', 'Nil', 'Same Day', 'KHASRA NO. 2012/493 AREA 4038<br />', 1),
(158, 'Bank Deal', 2, 'House', 'Rajasthan', '1', 'Jaipur', '30-01-2008 15:00', '30-01-2008 15:30', '433000', '43300', '', 'sarfaesi', '158', '123', 'BOB', 'BOB', '2', '1', 'rampat s/o shyoram meghwal', 'Nil', 'BOB', '0', 'BOBSS', 'BOB', '-', '10/2/2008 12:00', '30-01-2008 15:00', '30-01-2008 15:30', '30-01-2008 15:30', '30-01-2008 15:00', '43300', '1000', 'Nil', 'Nil', 'Same Day', 'POLICE LINE Jaipur SAHAR<br />', 1),
(159, 'Bank Deal', 2, 'House', '', '43', 'Jalore', '16-11-2009 15:00', '16-11-2009 15:30', '161000', '16100', '', 'sarfaesi', '159', '123', 'SBI', 'SBI', '2', '1', 'mohan lal', 'Nil', 'SBI', '0', 'SBISS', 'SBI', '-', '25-11-2009 12:00', '16-11-2009 15:00', '16-11-2009 15:30', '16-11-2009 15:30', '16-11-2009 15:00', '16100', '1000', 'Nil', 'Nil', 'Same Day', 'GODI MANDIR K PAS Jalore<br />', 1),
(160, 'Bank Deal', 2, 'House', '', '43', 'Jalore', '16-11-2009 15:00', '16-11-2009 15:30', '26000', '2600', '', 'sarfaesi', '160', '123', 'SBI', 'SBI', '2', '1', 'veer singh', 'Nil', 'SBI', '0', 'SBISS', 'SBI', '-', '30-11-2009 12:00', '16-11-2009 15:00', '16-11-2009 15:30', '16-11-2009 15:30', '16-11-2009 15:00', '2600', '1000', 'Nil', 'Nil', 'Same Day', 'DUKAN NO. 77 KASTURWA COLONY K PAS MSABJI MANDI <br />', 1),
(161, 'Bank Deal', 2, 'House', '', '43', 'Jalore', '16-11-2099 15:00', '16-11-2009 15:30', '48000', '4800', '', 'sarfaesi', '161', '123', 'SBI', 'SBI', '2', '1', 'jethi devi', 'Nil', 'SBI', '0', 'SBISS', 'SBI', '-', '30-11-2009 13:00', '16-11-2009 15:00', '16-11-2009 15:30', '16-11-2009 15:30', '16-11-2009 15:00', '4800', '1000', 'Nil', 'Nil', 'Same Day', 'KHASRA NO. 547 TO 550 <br />', 1),
(162, 'Bank Deal', 2, 'House', '', '43', 'Jalore', '16-11-2009 15:00', '16-11-2009 15:30', '20000', '2000', '', 'sarfaesi', '162', '123', 'SBI', 'SBI', '2', '1', 'shankar singh', 'Nil', 'SBI', '0', 'SBISS', 'SBI', '-', '30-11-2009 15:00', '16-11-2009 15:00', '16-11-2009 15:30', '16-11-2009 15:30', '16-11-2009 15:00', '2000', '1000', 'Nil', 'Nil', 'Same Day', 'DUKAN NO. 12 VILAGE -LETA <br />', 1),
(163, 'Bank Deal', 2, 'House', '', '', 'Mundwa', '22-06-2009 15:00', '21-06-2009 15:30', '578279.64', '57827.964', '', 'surfacii', '163', '123', 'SBI', 'SBI', '2', '1', 'ramkumar mali s/o banshi lal mali', 'Nil', 'SBI', '0', 'SBISS', 'SBI', '-', '-- :', '22-06-2009 15:00', '22-06-2009 15:30', '22-06-2009 15:30', '22-06-2009 15:00', '57827', '1000', 'Nil', 'Nil', 'Same Day', 'KHASRA NO. 1689/1 VILAGE-KHURKHURA KHURD Mundwa DISS-Nagaur&nbsp;', 1),
(164, 'Bank Deal', 2, 'House', '', '', 'Mundwa', '22-06-2009 15:00', '22-06-2009 15:30', '596129.43', '59612.943', '', 'surfacii', '164', '123', 'SBI', 'SBI', '2', '1', 'mangi lal devashi s/o kana ram devashi', 'Nil', 'SBI', '0', 'SBISS', 'SBI', '-', '5/7/2009 12:00', '22-06-2009 15:00', '22-06-2009 15:30', '22-06-2009 15:30', '22-06-2009 15:00', '59612', '1000', 'Nil', 'Nil', 'Same Day', '&nbsp;VILAGE-Sankhwas MARWAD Mundwa AREA 1800SQFT', 1),
(165, 'Bank Deal', 2, 'House', '', '', 'Mundwa', '22-06-2009 15:00', '22-06-2009 15:30', '503762', '50376.2', '', 'surfacii', '165', '123', 'SBBJ', 'SBBJ', '2', '1', 'nimba ram jat s/o arjun ram jat', 'Nil', 'SBBJ', '0', 'SBBJSS', 'SBBJ', '-', '5/6/2009 12:00', '22-06-2009 15:00', '22-06-2009 15:30', '22-06-2009 15:30', '22-06-2009 15:00', '50376', '1000', 'Nil', 'Nil', 'Same Day', 'VILAGE-BALAYA MARWAD Mundwa AREA 1800 SQFT&nbsp;', 1),
(166, 'Bank Deal', 2, 'House', '', '', 'Mundwa', '22-06-2009 15:00', '22-06-2009 15:30', '408000', '40800', '', 'surfacii', '166', '123', 'SBBJ', 'SBBJ', '2', '1', 'kelash ram jat s/o ramaram jat', 'Nil', 'SBBJ', '0', 'SBBJSS', 'SBBJ', '-', '22-06-2009 12:00', '22-06-2009 15:00', '22-06-2009 15:30', '22-06-2009 15:30', '22-06-2009 15:00', '40800', '1000', 'Nil', 'Nil', 'Same Day', 'KHASRA NO. 1379 VILAGE-Sankhwas MARWAD AREA 1617.82SQFT&nbsp;', 1),
(167, 'Bank Deal', 2, 'House', '', '', 'Gotan', '25-08-2006 15:00', '25-08-2006 15:30', '408000', '40800', '', 'surfacii', '167', '123', 'SBBJ', 'SBBJ', '2', '1', 'ramnarayan suthar', 'Nil', 'SBBJ', '0', 'SBBJSS', 'SBBJ', '-', '10/9/2006 12:00', '25-01-2006 15:00', '25-06-2006 15:30', '25-08-2006 15:30', '25-06-2006 15:00', '40800', '1000', 'Nil', 'Nil', 'Same Day', 'KASWO KI THANDI VILAGE-Gotan DISTT-Nagaur&nbsp;', 1),
(168, 'Bank Deal', 2, 'House', '', '29', 'Abu Road', '1/2/2010 15:00', '1/2/2010 15:30', '974343.43', '97434.343', '', 'surfacii', '168', '123', 'SBI', 'SBI', '2', '1', 'saroj gaud c/o sohan lal tanwar', 'Nil', 'SBBJ', '0', 'SBBJSS', 'SBBJ', '-', '-- :', '1/2/2010 15:00', '1/2/2010 15:30', '1/2/2010 15:30', '1/2/2010 15:00', '97434', '1000', 'Nil', 'Nil', 'Same Day', 'INDUSTRIYAL PLOT NO. G-137 ARBUDA INDUSTRIYAL AREA&nbsp;', 1),
(169, 'Bank Deal', 2, 'House', '', '', 'Mundwa', '1/2/2010 15:00', '1/2/2010 15:30', '1216414', '121641.4', '', 'surfacii', '169', '123', 'SBI', 'SBI', '2', '1', 'subhash sharma', 'Nil', 'SBBJ', '0', 'SBBJSS', 'SBBJ', '-', '15-02-2010 12:00', '1/2/2010 15:00', '1/2/2010 15:30', '1/2/2010 15:30', '1/2/2010 15:00', '121641', '1000', 'Nil', 'Nil', 'Same Day', 'INDUSTRIYAL PLOT NO. G-85 AMBAJI INDUSTRIYAL AREA Abu Road &nbsp;', 1),
(170, 'Bank Deal', 2, 'House', '', '29', 'Abu Road', '1/2/2010 14:00', '1/2/2010 15:00', '603771', '60377.1', '', 'surfacii', '170', '123', 'SBBJ', 'SBBJ', '2', '1', 'kishori gandhi', 'Nil', 'SBBJ', '0', 'SBBJSS', 'SBBJ', '-', '10/2/2010 13:00', '1/2/2010 15:00', '1/2/2010 15:30', '1/2/2010 15:30', '1/2/2010 15:00', '60377', '1000', 'Nil', '', 'Same Day', 'INDUSTRIYAL PLOT NO. 64 ARBUDA INDUSTRIYAL AREA &nbsp;', 1),
(171, 'Bank Deal', 2, 'House', '', '23', 'Suratgarh', '2/5/2006 15:00', '2/5/2006 15:30', '274768', '27476.8', '', 'surfacii', '171', '123', 'SBI', 'SBI', '2', '1', 'vinod kumar s/o chandra bhan', 'Nil', 'SBI', '0', 'SBISS', 'SBI', '-', '15-05-2005 12:00', '2/5/2010 15:00', '2/5/2005 15:30', '2/5/2005 15:30', '2/5/2005 15:00', '27476', '1000', 'Nil', 'Nil', 'Same Day', 'PLOT NO. 2 WARD NO.-3 &nbsp;', 1),
(172, 'Bank Deal', 2, 'House', '', '23', 'Suratgarh', '23-03-2007 15:00', '23-03-2007 15:30', '470603.29', '47060.329', '', 'surfacii', '172', '123', 'SBI', 'SBI', '2', '1', 'rajendra kumar kayasth', 'Nil', 'SBI', '0', 'SBISS', 'SBI', '-', '30-03-2007 15:00', '23-03-2007 15:00', '23-03-2007 15:30', '23-03-2007 15:30', '23-03-2007 15:00', '47060', '1000', 'Nil', 'Nil', 'Same Day', 'KAYASTH KA WARD NO. 11 NEW S.K MODEL &nbsp;SECONDRY SCHOOL&nbsp;', 1),
(173, 'Bank Deal', 2, 'House', '', '23', 'Suratgarh', '20-02-2007 15:00', '20-02-2007 15:30', '240208', '24020.8', '', 'surfacii', '173', '123', 'SBI', 'SBI', '2', '1', 'ram kumar s/o  vishambhar das', 'Nil', 'SBI', '0', 'SBISS', 'SBI', '-', '30-02-2007 12:00', '20-02-2007 15:00', '20-02-2007 15:30', '20-02-2007 15:30', '20-02-2007 15:00', '24020', '1000', 'Nil', 'Nil', 'Same Day', 'WARD NO. 11 PANCHAYAT SAMITI K PEECHE &nbsp;', 1),
(174, 'Bank Deal', 2, 'House', '', '23', 'Suratgarh', '30-03-2006 15:00', '30-03-2006 15:30', '238121.99', '23812.199', '', 'surfacii', '174', '123', 'SBI', 'SBI', '2', '1', 'girraj kishor s/o kanhaiya lal', 'Nil', 'SBI', '0', 'SBISS', 'SBI', '-', '10/4/2006 12:00', '30-03-2006 15:00', '30-03-2006 15:30', '30-03-2006 15:30', '30-03-2006 15:00', '23812', '1000', 'Nil', 'Nil', 'Same Day', 'WARD NO. 9 NEW WARD NO. 27 &nbsp;', 1),
(175, 'Bank Deal', 2, 'House', '', '23', 'Suratgarh', '24-02-2007 15:00', '24-02-2007 15:30', '104379.29', '10437.9289', '', 'surfacii', '175', '123', 'SBI', 'SBI', '2', '1', 'pawan kumar s/o chandra prakash', 'Nil', 'SBI', '0', 'SBISS', 'SBI', '-', '5/8/2007 12:00', '24-07-2005 15:00', '24-07-2007 15:30', '24-07-2007 15:30', '24-07-2007 15:00', '10437', '1000', 'Nil', 'Nil', 'Same Day', 'WARD NO. 20 Bikaner ROAD &nbsp;', 1),
(176, 'Bank Deal', 2, 'House', '', '23', 'Suratgarh', '2/5/2006 15:00', '2/5/2006 15:30', '182856.59', '18285.659', '', 'surfacii', '176', '123', 'SBI', 'SBI', '2', '1', 'santokh singh s/o jhanda singh', 'Nil', 'SBI', '0', 'SBISS', 'SBI', '-', '15-05-2006 13:00', '2/5/2006 15:00', '2/5/2006 15:30', '2/5/2099 15:30', '2/5/2006 15:00', '18285', '1000', 'Nil', 'Nil', 'Same Day', 'WARD NO. 28 Suratgarh &nbsp;', 1),
(177, 'Bank Deal', 2, 'House', '', '23', 'Suratgarh', '23-03-2007 15:00', '23-03-2007 15:30', '618448.21', '61844.8209', '', 'surfacii', '177', '123', 'SBI', 'SBI', '2', '1', 'satvinder singh s/o kulvinder singh', 'Nil', 'SBI', '0', 'SBISS', 'SBI', '-', '30-03-2007 15:00', '23-03-2007 15:00', '23-03-2007 15:30', '23-03-2007 15:30', '23-03-2007 15:00', '61844', '1000', 'Nil', 'Nil', 'Same Day', 'DUKAN NO. 100 NEW DHAN MANDI &nbsp;AREA 30*90 SQFT&nbsp;', 1),
(178, 'Bank Deal', 2, 'House', '', '26', 'shekhpura', '30-03-2005 15:00', '30-03-2005 15:30', '343425.93', '34342.593', '', 'surfacii', '178', '123', 'SBI', 'SBI', '2', '1', 'bhawani singh bhati s/o jugal singh bhati', 'Nil', 'SBI', '0', 'SBISS', 'SBI', '-', '10/4/2005 14:00', '30-04-2005 15:00', '30-04-2005 15:30', '30-04-2005 15:30', '30-04-2005 15:00', '34342', '1000', 'Nil', 'Nil', 'Same Day', '&nbsp;WARD NO. 4 OLD 28 NEW MOHALLA SHEKHPURA &nbsp;HALL NO. 37 AREA 40.90 SQGJ', 1),
(179, 'Bank Deal', 2, 'House', '', '26', 'Nawalgarh', '30-03-2005 15:00', '30-03-2005 15:30', '331417.17', '33141.717', '', 'surfacii', '179', '123', 'SBI', 'SBI', '2', '1', 'shankar lal swami s/o bajrang lal swami', 'Nil', 'SBI', '0', 'SBISS', 'SBI', '-', '10/4/2005 14:00', '30-03-2005 15:00', '30-03-2005 15:30', '30-03-2005 15:30', '30-03-2005 15:00', '33141', '1000', 'Nil', 'Nil', 'Same Day', 'SHANKAR LAL SWAMI KA WARD 42 SUBODH SCHOOL K PASS AREA 103.46SQGJ&nbsp;', 1),
(180, 'Bank Deal', 2, 'House', '', '', 'Mundwa', '13-02-2010 15:00', '13-02-2010 15:30', '395999', '39599.9', '', 'surfacii', '180', '123', 'SBBJ', 'SBBJ', '2', '1', 'indra devi w/o ramkumar kacchawa', 'Nil', 'SBBJ', '0', 'SBBJSS', 'SBBJ', '-', '-- :', '13-02-2010 15:00', '13-02-2010 15:30', '13-02-2010 15:30', '13-02-2010 15:00', '39599', '1000', 'Nil', 'Nil', 'Same Day', '&nbsp;KHASRA NO. 1371 VILAGE-SAKHWAS MARWAD Mundwa AREA 1260SQFT&nbsp;', 1),
(181, 'Bank Deal', 2, 'House', '', '', 'Mundwa', '30-12-2009 15:00', '30-12-2009 15:30', '534781', '53478.1', '', 'surfacii', '181', '123', 'SBBJ', 'SBBJ', '2', '1', 'mohini devi w/o rughha ram', '', 'SBBJ', '0', 'SBBJSS', 'SBBJ', '-', '10/1/2010 15:00', '30-12-2009 15:30', '30-12-2009 15:30', '30-12-2009 15:30', '30-12-2009 15:00', '53478', '1000', 'Nil', 'Nil', 'Same Day', 'DISTT-Nagaur KHASRA NO. 1371 &nbsp;', 1),
(182, 'Bank Deal', 2, 'House', '', '19', 'Deeg', '18-06-2012 15:00', '18-06-2012 15:30', '1132000', '113200', '', 'surfacii', '182', '123', 'SBI', 'SBI', '2', '1', 'bijendra singh s/o sohan lal', 'Nil', 'SBI', '0', 'SBISS', 'SBI', '-', '30-06-2012 15:00', '18-06-2012 15:00', '18-06-2012 15:30', '18-06-2012 15:30', '18-06-2012 15:00', '113200', '1000', 'Nil', 'Nil', 'Same Day', 'DANK BANGLE K SAMNE Deeg DISTT-BHARATPURAREA 3000SQFT&nbsp;', 1),
(183, 'Bank Deal', 2, 'House', '', '19', 'Deeg', '22-06-2010 15:00', '22-06-2010 15:30', '6371413.19', '637141.319', '', 'surfacii', '183', '123', 'SBI', 'SBI', '2', '1', 'bijendra singh s/o sohan lal', 'Nil', 'SBI', '0', 'SBISS', 'SBI', '-', '30-06-2010 14:00', '22-06-2010 15:00', '22-06-2010 15:30', '22-06-2010 15:30', '22-06- 15:00', '637141', '1000', 'Nil', 'Nil', 'Same Day', 'DANK BANGLE K SAMNE KHALI &nbsp;PLOT Deeg&nbsp;', 1),
(184, 'Bank Deal', 2, 'House', 'Rajasthan', '1', 'Jaipur', '1/5/2010 15:00', '1/5/2010 15:30', '131051', '13105.1', '', 'surfacii', '184', '123', 'BOB', 'BOB', '2', '1', 'vinod kumar jhalani s/o rambabu jhalani', 'Nil', 'BOB', '0', 'BOBSS', 'BOB', '-', '15-05-2010 15:00', '15-05-2010 15:00', '15-05-2010 15:30', '15-05-2010 15:30', '15-05-2010 15:00', '13105', '1000', 'Nil', 'Nil', 'Same Day', '&nbsp;RITIKA JUICE POINT S-34 GROUND FLOOR JDA SHOPING CENTER BAJAJ NAGAR', 1),
(185, 'Bank Deal', 2, 'House', '', '26', 'Nawalgarh', '25-06-2011 11:00', '25-06-2011 14:00', '500000', '50000', '', 'surfacii', '185', '123', 'BOB', 'BOB', '2', '1', 'gajjanand sharma s/o mohan lal sharma', 'Nil', 'BOB', '0', 'BOBSS', 'BOB', '-', '5/7/2011 14:00', '25-06-2011 11:00', '25-06-2011 14:30', '25-06-2011 14:30', '25-06-2011 11:00', '50000', '1000', 'Nil', 'Nil', 'Same Day', 'WARD NO. 18 MOHALLA GANESHPURA Nawalgarh DISTT-JHUNJHUNU&nbsp;', 1),
(186, 'Bank Deal', 2, 'House', 'Rajasthan', '19', 'Jodhpur', '27-06-2011 15:00', '27-06-2011 15:30', '3360000', '336000', '', 'surfacii', '186', '123', 'BOB', 'BOB', '2', '1', 'praveen sharma s/o late. fateh raj sharma& kanika sharma d/o late.fateh raj sharma', 'Nil', 'BOB', '0', 'BOBSS', 'BOB', '-', '5/7/2011 14:00', '27-06-2011 15:00', '27-06-2011 15:30', '27-06-2011 15:30', '27-06-2011 15:00', '336000', '1000', 'Nil', 'Nil', 'Same Day', '&nbsp;H NO 19-K-A &nbsp;NORTH BLOCK &nbsp;PAWTA C ROAD&nbsp;', 1),
(187, 'Bank Deal', 2, 'House', 'Rajasthan', '19', 'Jodhpur', '27-06-2011 11:00', '27-06-2011 14:00', '2700000', '270000', '', 'surfacii', '187', '123', 'BOB', 'BOB', '2', '1', 'shivlal s/o ratan lal', 'Nil', 'BOB', '0', 'BOBSS', 'BOB', '-', '10/7/2011 14:00', '27-06-2011 11:00', '27-06-2011 14:00', '27-06-2011 14:00', '27-06-2011 11:00', '270000', '1000', 'Nil', 'Nil', 'Same Day', 'PLOT NO. 588 L.IGH SCHEME NO. 1 DIFENCE COLONY &nbsp;', 1),
(188, 'Bank Deal', 2, 'House', 'Rajasthan', '17', 'Ajmer', '6/8/2014 15:00', '6/8/2014 15:30', '6400000', '640000', '', 'surfacii', '188', '123', 'CENTRAL BANK OF INDIA', 'CENTRAL BANK OF INDIA', '2', '1', 'dilip kumar jain', 'Nil', 'CENTRAL BANK OF INDIA', '0', 'CENTRALSS', 'CENTRAL BANK OF INDIA', '-', '-- :', '6/8/2014 15:00', '6/8/2014 15:30', '6/8/2014 15:30', '6/8/2014 15:00', '640000', '1000', 'Nil', 'Nil', 'Same Day', '&nbsp;H NO. 33 ARIHANT COLONY PUSHKAR ROAD PLOT NO. 199 YRDS', 1),
(189, 'Bank Deal', 2, 'House', '', '', 'Bhiwadi', '16-09-2014 10:00', '16-09-2014 10:30', '2600000', '260000', '', 'surfacii', '189', '123', 'SBI', 'SBI', '2', '1', 'amit chadha', 'Nil', 'SBI', '0', 'SBISS', 'SBI', '-', '-- :', '16-09-2014 10:00', '16-09-2014 10:30', '16-09-2014 10:30', '16-09-2014 10:00', '260000', '1000', 'Nil', 'Nil', 'Same Day', 'FLAT NO. M-429 ASHIYANA UTSAV Bhiwadi&nbsp;', 1),
(190, 'Bank Deal', 2, 'House', '', '26', 'Beelwa', '16-09-2014 11:00', '16-09-2014 11:30', '2343371.5', '234337.15', '', 'surfacii', '190', '123', 'SBI', 'SBI', '2', '1', 'suNil sharma', 'Nil', 'SBI', '0', 'SBISS', 'SBI', '-', '25-09-2014 12:00', '16-09-2014 11:00', '16-09-2014 11:30', '16-09-2014 11:30', '16-09-2014 11:00', '52800', '1000', 'Nil', 'Nil', 'Same Day', 'PLOT NO. 141 RAJNI VIHAR SHRI RAM KI NANGAL VILAGE-Beelwa Tonk ROAD SANGANER Jaipur&nbsp;', 1),
(191, 'Bank Deal', 2, 'House', 'Rajasthan', '1', 'Jaipur', '16-09-2014 11:00', '16-09-2014 11:30', '637000', '63700', '', 'surfacii', '191', '123', 'SBI', 'SBI', '2', '1', 'hajari lal verma', 'Nil', 'SBI', '0', 'SBISS', 'SBI', '-', '25-09-2014 15:00', '16-09-2014 11:00', '16-09-2014 11:30', '16-09-2014 11:30', '16-09-2014 11:00', '63700', '1000', 'Nil', 'Nil', 'Same Day', '&nbsp;PROPERTY SITUATED IN BHIM COLONY BARLA BAS RAJGHARH DISTT-ALWAR', 1),
(192, 'Bank Deal', 2, 'House', 'Rajasthan', '13', 'Nagaur', '16-09-2014 12:00', '16-09-2014 12:30', '812000', '81200', '', 'surfacii', '192', '123', 'SBI', 'SBI', '2', '1', 'bhanwari kumari', 'Nil', 'SBI', '0', 'SBISS', 'SBI', '-', '30-09-2014 15:00', '16-09-2014 12:00', '16-09-2014 12:30', '16-09-2014 12:30', '16-09-2014 12:00', '81200', '1000', 'Nil', 'Nil', 'Same Day', '&nbsp;5,KHASRA NO. 517 NEAR DEH ROAD INFRONT OF SUSHIL OIL MEEL Nagaur', 1),
(193, 'Bank Deal', 2, 'House', 'Rajasthan', '1', 'Jaipur', '8/9/2014 11:00', '8/9/2014 13:00', '1500000', '150000', '', 'surfacii', '193', '123', 'ICICI', 'ICICI', '2', '1', 'tejpal singh & neelam singh', 'Nil', 'ICICI', '0', 'ICICISS', 'ICICI', '-', '23-09-2014 13:00', '8/9/2014 11:00', '8/9/2014 13:00', '8/9/2014 13:00', '8/9/2014 11:00', '150000', '1000', 'Nil', 'Nil', 'Same Day', '&nbsp;FLAT NO. C-06 SECOND FLOOR AWHO COLONY SUGAN VIHAR POCKET E JJAY 1 SEC 1 VIDHYADHAR NAGAR AREA 700SQFT', 1),
(194, 'Bank Deal', 2, 'House', 'Rajasthan', '1', 'Jaipur', '21-01-2015 11:00', '21-01-2015 11:30', '385000', '38500', '', 'surfacii', '194', '123', 'ICICI', 'ICICI', '2', '1', 'maqbool khan & ruma khan', 'Nil', 'ICICI', '0', 'ICICISS', 'ICICI', '-', '20-01-2015 14:00', '9/1/2015 11:00', '9/1/2015 13:00', '21-01-2015 11:00', '21-01-2015 13:00', '38500', '1000', 'Nil', 'Nil', 'Same Day', 'PLOT NO. 17 RISHABH VATIKA -A NIMRI ROAD Jaipur &nbsp;LAND AREA 194.44SQYRDS&nbsp;', 1),
(195, 'Bank Deal', 2, 'House', 'Rajasthan', '1', 'Jaipur', '21-01-2015 12:00', '21-01-2015 12:30', '660000', '66000', '', 'surfacii', '195', '123', 'ICICI', 'ICICI', '2', '1', 'PURAN SONI', 'Nil', 'ICICI', '0', 'ICICISS', 'ICICI', '-', '30-01-2015 12:00', '21-01-2012 12:00', '21-01-2012 12:30', '21-01-2012 12:30', '21-01-2012 12:00', '66000', '1000', 'Nil', 'Nil', 'Same Day', '&nbsp;PLOT NO. 295 RADHA RESIDENCY NEAR KHANDAKA HOSPITAL KALWAR ROAD AREA 125 SQYRDS', 1),
(196, 'Bank Deal', 2, 'House', 'Rajasthan', '17', 'Ajmer', '15-01-2014 15:00', '15-01-2014 15:30', '265180', '26518', '', 'surfacii', '196', '123', 'KotaK MAHINDRA BANK', 'KotaK MAHINDRA BANK', '2', '1', 'padma devi w/o late babu lal madrasi dinesh khatri s/o late babu lal madrasi', 'Nil', 'KotaK MAHINDRA BANK', '0', 'KotaKSS', 'KotaK MAHINDRA BANK', '-', '25-01-2014 13:00', '15-01-2014 15:00', '15-01-2014 15:30', '15-01-2014 15:30', '15-01-2014 15:00', '26518', '1000', 'Nil', 'Nil', 'Same Day', '&nbsp;PLOT NO. 46 &amp; 47 NEAR MATAJI KA MANDIR GOTA COLONY BORAJ NAGAR AREA 100SQYRDS', 1),
(197, 'Bank Deal', 2, 'House', 'Rajasthan', '17', 'Ajmer', '30-07-2013 12:00', '30-07-2013 12:30', '1859832', '185983.2', '', 'surfacii', '197', '123', 'KotaK MAHINDRA BANK', 'KotaK MAHINDRA BANK', '2', '1', 'sushila devi w/o satish kumar', 'Nil', 'KotaK MAHINDRA BANK', '0', 'KotaKSS', 'KotaK MAHINDRA BANK', '-', '10/8/2013 15:00', '30-07-2013 12:00', '30-07-2013 12:30', '30-07-2013 12:30', '30-07-2013 12:00', '185983', '1000', 'Nil', 'Nil', 'Same Day', '372/33 SHANTI BHAWAN NEAR GUJARATYI BRIKS &nbsp;', 1),
(198, 'Bank Deal', 2, 'House', 'Rajasthan', '19', 'Jodhpur', '30-04-2013 15:00', '30-04-2013 15:30', '3004318', '300431.8', '', 'surfacii', '198', '123', 'KotaK MAHINDRA BANK', 'KotaK MAHINDRA BANK', '2', '1', 'sushila devi saini w/o satish kumar', 'Nil', 'KotaK MAHINDRA BANK', '0', 'KotaKSS', 'KotaK MAHINDRA BANK', '-', '10/5/2013 15:00', '30-05-2013 15:00', '30-05-2013 15:30', '30-05-2013 15:30', '30-05-2013 15:00', '300431', '1000', 'Nil', 'Nil', 'Same Day', 'KILLIKHANA AREA NAYA BAS AREA 1383SQFT&nbsp;', 1),
(199, 'Bank Deal', 2, 'House', 'Rajasthan', '19', 'Jodhpur', '3/6/2013 15:00', '3/6/2013 15:30', '361828', '36182.8', '', 'surfacii', '199', '123', 'KotaK MAHINDRA BANK', 'KotaK MAHINDRA BANK', '2', '1', 'pinkesh khichi', 'Nil', 'KotaK MAHINDRA BANK', '0', 'KotaKSS', 'KotaK MAHINDRA BANK', '-', '15-06-2013 13:00', '3/6/2013 15:00', '3/6/2013 15:30', '3/6/2013 15:30', '3/6/2013 15:00', '36182', '1000', 'Nil', 'Nil', 'Same Day', 'WARD NO. 33 GALI NO. 4 KILLA ROAD KALAL COLONY AREA 67.95&nbsp;', 1),
(200, 'Bank Deal', 2, 'House', 'Rajasthan', '19', 'Jodhpur', '8/7/2013 15:00', '8/7/2013 15:30', '3498409', '349840.9', '', 'surfacii', '200', '123', 'KotaK MAHINDRA BANK', 'KotaK MAHINDRA BANK', '2', '1', 'geeta karna w/o satendra narayan karna', 'Nil', 'KotaK MAHINDRA BANK', '0', 'KotaKSS', 'KotaK MAHINDRA BANK', '-', '20-07-2013 13:00', '20-07-2013 15:00', '20-07-2013 15:30', '20-07-2013 15:30', '20-07-2013 15:00', '349840', '1000', 'Nil', 'Nil', 'Same Day', 'PLOT NO. 691 KHASRA NO. 1880 SITUATED DILLEP NAGAR YOJANA Jodhpur&nbsp;', 1),
(201, 'Bank Deal', 2, 'House', 'Rajasthan', '18', 'Udaipur', '30-11-2013 15:00', '30-11-2013 15:30', '793420', '79342', '', 'surfacii', '201', '123', 'KotaK MAHINDRA BANK', 'KotaK MAHINDRA BANK', '2', '1', 'purushottam acharya s/o nathu lal acharya', 'Nil', 'KotaK MAHINDRA BANK', '0', 'KotaKSS', 'KotaK MAHINDRA BANK', '-', '10/12/2013 14:00', '11/11/2013 15:00', '30-11-2013 15:30', '30-11-2013 15:30', '30-11-2013 15:00', '79342', '1000', 'Nil', 'Nil', 'Same Day', 'GOVERDHAN VILAS SECTOR &nbsp;14 Udaipur&nbsp;', 1),
(202, 'Bank Deal', 2, 'House', 'Rajasthan', '18', 'Udaipur', '2/2/2014 15:00', '2/2/2014 15:30', '2619258', '261925.8', '', 'surfacii', '202', '123', 'KotaK MAHINDRA BANK', 'KotaK MAHINDRA BANK', '2', '1', 'suNil solanki s/o goverdhan lal solanki', 'Nil', 'KotaK MAHINDRA BANK', '0', 'KotaKSS', 'KotaK MAHINDRA BANK', '-', '15-02-2014 12:00', '2/2/2014 15:00', '2/2/2014 15:30', '2/2/2014 15:30', '2/2/2014 15:00', '261925', '1000', 'Nil', 'Nil', 'Same Day', '&nbsp;PLOT NO. 32 NERA VERMA COLONY OPP. SAVINA PETROL PUMP SECTOR-9', 1),
(203, 'Bank Deal', 2, 'House', 'Rajasthan', '18', 'Udaipur', '2/2/2014 15:00', '2/2/2014 15:30', '2619258', '261925.8', '', 'surfacii', '203', '123', 'KotaK MAHINDRA BANK', 'KotaK MAHINDRA BANK', '2', '1', 'suNil solanki s/o goverdhan lal solanki', 'Nil', 'KotaK MAHINDRA BANK', '0', 'KotaKSS', 'KotaK MAHINDRA BANK', '-', '15-02-2014 12:00', '2/2/2014 15:00', '2/2/2014 15:30', '2/2/2014 15:30', '2/2/2014 15:00', '261925', '1000', 'Nil', 'Nil', 'Same Day', '&nbsp;PLOT NO. 32 NERA VERMA COLONY OPP. SAVINA PETROL PUMP SECTOR-9', 1),
(204, 'Bank Deal', 2, 'House', 'Rajasthan', '1', 'Jaipur', '3/3/2015 11:00', '3/3/2015 12:00', '2375000', '237500', '', 'surfacii', '204', '123', 'ALLAHBAD BANK', 'ALLAHBAD BANK', '2', '1', 'shushila devi and vijay yadav', 'Nil', 'ALLAHBAD BANK', '0', 'ALLAHSS', 'ALLAHBAD BANK', '-', '15-03-2015 15:00', '3/3/2015 11:00', '3/3/2015 12:00', '3/3/2015 12:00', '3/3/2015 11:00', '237500', '1000', 'Nil', 'Nil', 'Same Day', 'PLOT NO. 142 PARWATI NAGAR BENAR ROAD JHOTWADA&nbsp;', 1),
(205, 'Bank Deal', 2, 'House', '', '27', 'Sumerpur', '28-08-2014 13:00', '28-08-2014 14:00', '1395563', '139556.3', '', 'surfacii', '205', '123', 'ICICI', 'ICICI', '2', '1', 'kantilal agarwal  s/o pravesh kumar', 'Nil', 'ICICI', '0', 'ICICISS', 'ICICI', '-', '10/9/2014 15:00', '28-08-2014 15:00', '28-08-2014 15:30', '28-08-2014 15:30', '28-08-2014 15:00', '139556', '1000', 'Nil', 'Nil', 'Same Day', 'ROW House BEEDAL ROAD MAIN BAZAR CHOURAYA FALNA STATION &nbsp;', 1),
(206, 'Bank Deal', 2, 'House', 'Rajasthan', '1', 'Jaipur', '1/11/2014 15:00', '1/11/2014 15:30', '17621563.2', '1762156.32', '', 'surfacii', '206', '123', 'SBI', 'SBI', '2', '1', 'sanjeev jain s/o harish chandra', 'Nil', 'SBI', '0', 'SBISS', 'SBI', '-', '15-11-2014 14:00', '1/11/2015 15:00', '1/11/2015 15:30', '1/11/2015 15:30', '1/11/2015 15:00', '1762156', '1000', 'Nil', 'Nil', 'Same Day', 'OOFICE NO.-203-A SUNNY PARADISE Tonk ROAD Jaipur&nbsp;', 1),
(207, 'Bank Deal', 2, 'House', 'Rajasthan', '1', 'Jaipur', '20-03-2015 17:00', '20-03-2015 17:30', '1215000', '121500', '', 'surfacii', '207', '123', 'ORIENTAL BANK OF COMMERCE', 'ORIENTAL BANK OF COMMERCE', '2', '1', 'jagdish narayan s/o shyoji ram', 'Nil', 'ORIENTAL BANK OF COMMERCE', '0', 'ORISS', 'ORIENTAL BANK OF COMMERCE', '-', '30-03-2015 15:00', '20-03-2015 15:00', '20-03-2015 15:30', '20-03-2015 15:30', '20-03-2015 15:00', '121500', '1000', 'Nil', 'Nil', 'Same Day', 'PLOT NO. C-714 PALDI MEENA J.D.A SCHEME AGRA ROAD Jaipur &nbsp;', 1),
(208, 'Bank Deal', 2, 'House', 'Rajasthan', '1', 'Jaipur', '24-03-2015 16:00', '24-03-2015 16:30', '1775000', '177500', '', 'surfacii', '208', '123', 'ICICI', 'ICICI', '2', '1', 'piyush lahuruwalla', 'Nil', 'ICICI', '0', 'ICICISS', 'ICICI', '-', '10/4/2015 13:00', '24-03-2015 14:00', '24-03-2015 16:00', '24-03-2015 16:00', '24-03-2015 14:00', '177500', '1000', 'Nil', 'Nil', 'Same Day', 'OFF. NO. 211 2ND FLOOR BRIJ ANUKAMPA TOWER K-13 ASHOK MARG C-SCHEME&nbsp;', 1),
(209, 'Bank Deal', 2, 'House', '', '21', 'Sardarshahar', '11/11/2014 15:00', '11/11/2014 15:30', '1001875', '100187.5', '', 'surfacii', '209', '123', 'BOB', 'BOB', '2', '1', 'kailash chand soni s/o nath mal', 'Nil', 'BOB', '0', 'BOBSS', 'BOB', '-', '20-11-2014 12:00', '11/11/2014 15:00', '11/11/2014 15:30', '11/11/2014 15:30', '11/11/2014 15:00', '100187', '1000', 'Nil', 'Nil', 'Same Day', 'ward no.5 near salampuriya well Sardarshahar&nbsp;', 1),
(210, 'Bank Deal', 2, 'House', 'Rajasthan', '7', 'Bikaner', '3/1/2013 15:00', '3/1/2013 15:30', '7400000', '740000', '', 'surfacii', '210', '123', 'ORIENTAL BANK OF COMMERCE', 'ORIENTAL BANK OF COMMERCE', '2', '1', 'manghi devi w/o bihari lal', 'Nil', 'ORIENTAL BANK OF COMMERCE', '0', 'ORISS', 'ORIENTAL BANK OF COMMERCE', '-', '15-01-2013 15:00', '3/1/2013 15:00', '3/1/2013 15:30', '3/1/2013 15:30', '3/1/2013 15:00', '740000', '1000', 'Nil', 'Nil', 'Same Day', 'SHOP NO. 17 GURUNANAK MARKET AREA 135SQFT&nbsp;', 1),
(211, 'Bank Deal', 2, 'sdafsd', 'Rajasthan', '1', 'Kalu Ka Bas@ Shyam Nagar', '01-01-2000 00:00', '30-08-2000 00:00', '200000', '20000', '', '', '211', '', '', '', '2', '4', '', '', '', '', '', '', '', '-- 00:00', '-- 00:00', '-- 00:00', '--2000 00:00', '-- 00:00', '', '', '', '', '', '<br />', 1),
(212, 'Bank Deal', 3, 'CAR', 'Rajasthan', '9', 'Hindoli', '01-07-2014 10:00', '31-11-2017 00:00', '80000', '10%', '', 'Auction', '212', '9', '', 'SBI', '3', '6', 'Lokesh Kumawat So Bheru Lal Kumawat', '', 'SBI', '', '', '', '', '-- 00:00', '-- 00:00', '-- 00:00', '--2014 00:00', '-- 00:00', '', '', '', '', '', '<br />', 1);

-- --------------------------------------------------------

--
